{"id":146,"date":"2014-03-31T12:43:11","date_gmt":"2014-03-31T10:43:11","guid":{"rendered":"https:\/\/www.tillvaxtbohuslan.se\/suscod\/?page_id=146"},"modified":"2014-09-09T15:49:51","modified_gmt":"2014-09-09T13:49:51","slug":"vad-gor-och-vad-kan-landsbygdsprogrammet-gora","status":"publish","type":"page","link":"https:\/\/www.tillvaxtbohuslan.se\/suscod\/helarsboende-och-bostadsbyggande-pa-landsbygden-och-skargarden\/vad-gor-och-vad-kan-landsbygdsprogrammet-gora\/","title":{"rendered":"Vad g\u00f6r och vad kan Landsbygdsprogrammet g\u00f6ra?"},"content":{"rendered":"<p><em>Lars Bj\u00f6rneld, ordf\u00f6rande i Leader Ranrike och Jan-Erik Larsson, n\u00e4rings- och landsbygdsutvecklare, Munkedals kommun<\/em><\/p>\n<p><strong>Lars Bj\u00f6rneld<\/strong> \u00e5terkopplade till ambitionerna med nya PBL och en mer strategisk samh\u00e4llsplanering. Fr\u00e5gan \u00e4r hur landsbygden och landsbygdsprogrammet kan komma in i \u00d6P med tanke p\u00e5 nya PBL, unders\u00f6kningar visar att en stor andel av Sveriges kommuner de facto inte tar landsbygdprogrammets fokus i sin \u00f6versiktsplanering. Bj\u00f6rneld redogjorde d\u00e4refter f\u00f6r en nationell utredning som studerat hur landsbygdsperspektivet behandlats i kommunal \u00f6versiktsplanering. De goda exempel som valts ut karakt\u00e4riseras av underifr\u00e5nperspektivet, samt av att man delat upp\/avgr\u00e4nsat arbetet. Exemplen finns publicerade p\u00e5 Jordbruksverkets webb, www.jordbruksverket.seExempel p\u00e5 goda exempel \u00e4r Tj\u00f6rns kommun d\u00e4r man genom metoden \u201dcultural planning\u201d bland annat haft fokus p\u00e5 n\u00e4rodlat, och d\u00e4r \u00f6versiktsplanen styr mot s\u00e4krade f\u00f6ruts\u00e4ttningar f\u00f6r lokal matproduktion. Ett annat exempel \u00e4r Olofstr\u00f6ms kommun d\u00e4r ett utvecklingsprogram bildar underlag f\u00f6r \u00d6P. \u00c4ven Tranemo har anv\u00e4nt denna t\u00e5gordning. \u201dFysisk planering anv\u00e4ndas h\u00e4r som ett verktyg f\u00f6r att genomf\u00f6ra utvecklingsambitionerna\u201d, konstaterade Lars Bj\u00f6rneld som ocks\u00e5 p\u00e5pekade att Leader kan vara ett s\u00e4tt att delfinansiera\/genomf\u00f6ra utvecklingsprojekt.<\/p>\n<p><strong>Jan-Erik Larsson \u2013 n\u00e4rings- och landsbygdsutvecklare i Munkedals kommun<br \/>\n<\/strong> gav ett konkret exempel p\u00e5 politik f\u00f6r landsbygdsutveckling genom att beskriva utvecklingen i hemkommunen. Lokala utvecklingsgrupper, fadderpolitiker, landsbygdsr\u00e5d 1-2 ggr per \u00e5r + en anst\u00e4lld landsbygdsutvecklare, lyftes fram som exempel p\u00e5 \u00e5tg\u00e4rder.\u201dKommunal service i alla kommundelar och ett politiskt antaget m\u00e5l om landsbygdsutveckling \u00e4r andra bevis f\u00f6r viljan att utveckla landsbygden och ett sk\u00e4l till att Munkedal nyligen utsett till nationell pilotkommun f\u00f6r att forts\u00e4tta utveckla service p\u00e5 landsbygden\u201d, fortsatte Larsson.Kommunen har ocks\u00e5 antagit en it-infrastrukturplan f\u00f6r fiberkabel p\u00e5 landsbygden. Man driver \u00e4ven en rad projekt f\u00f6r \u00f6kad attraktivitet. Exempel \u00e4r Dingle Horse, IKON-projektet liksom ungdomsprojektet Stugan. \u201dVi bedriver ett aktivt planarbete och har gjort en kartl\u00e4ggning av servicetillg\u00e4nglighet i alla kommundelar. Vi g\u00f6r mycket r\u00e4tt och jobbar h\u00e5rt, men fr\u00e5gan om byggande och boende p\u00e5 landsbygden kr\u00e4ver en s\u00e4rskild analys\u201d, sade Larsson som utryckte f\u00f6rhoppningar om dagen.<\/p>\n","protected":false},"excerpt":{"rendered":"<p>Lars Bj\u00f6rneld, ordf\u00f6rande i Leader Ranrike och Jan-Erik Larsson, n\u00e4rings- och landsbygdsutvecklare, Munkedals kommun Lars Bj\u00f6rneld \u00e5terkopplade till ambitionerna med nya PBL och en mer strategisk samh\u00e4llsplanering. Fr\u00e5gan \u00e4r hur landsbygden och landsbygdsprogrammet kan komma in i \u00d6P med tanke &hellip; <a href=\"https:\/\/www.tillvaxtbohuslan.se\/suscod\/helarsboende-och-bostadsbyggande-pa-landsbygden-och-skargarden\/vad-gor-och-vad-kan-landsbygdsprogrammet-gora\/\" title=\"Vad g\u00f6r och vad kan Landsbygdsprogrammet g\u00f6ra?\">Forts\u00e4tt l\u00e4sa <span class=\"meta-nav\"><i class=\"icon-long-arrow-right\"><\/i><\/span><\/a><\/p>\n","protected":false},"author":1,"featured_media":0,"parent":110,"menu_order":0,"comment_status":"closed","ping_status":"open","template":"","meta":{"_acf_changed":false,"footnotes":""},"class_list":["post-146","page","type-page","status-publish","hentry"],"acf":[],"yoast_head":"<!-- This site is optimized with the Yoast SEO plugin v27.4 - https:\/\/yoast.com\/product\/yoast-seo-wordpress\/ -->\n<title>Vad g\u00f6r och vad kan Landsbygdsprogrammet g\u00f6ra? - SUSCOD<\/title>\n<meta name=\"robots\" content=\"index, follow, max-snippet:-1, max-image-preview:large, max-video-preview:-1\" \/>\n<link rel=\"canonical\" href=\"https:\/\/www.tillvaxtbohuslan.se\/suscod\/helarsboende-och-bostadsbyggande-pa-landsbygden-och-skargarden\/vad-gor-och-vad-kan-landsbygdsprogrammet-gora\/\" \/>\n<meta name=\"twitter:label1\" content=\"Ber\u00e4knad l\u00e4stid\" \/>\n\t<meta name=\"twitter:data1\" content=\"2 minuter\" \/>\n<script type=\"application\/ld+json\" class=\"yoast-schema-graph\">{\"@context\":\"https:\\\/\\\/schema.org\",\"@graph\":[{\"@type\":\"WebPage\",\"@id\":\"https:\\\/\\\/www.tillvaxtbohuslan.se\\\/suscod\\\/helarsboende-och-bostadsbyggande-pa-landsbygden-och-skargarden\\\/vad-gor-och-vad-kan-landsbygdsprogrammet-gora\\\/\",\"url\":\"https:\\\/\\\/www.tillvaxtbohuslan.se\\\/suscod\\\/helarsboende-och-bostadsbyggande-pa-landsbygden-och-skargarden\\\/vad-gor-och-vad-kan-landsbygdsprogrammet-gora\\\/\",\"name\":\"Vad g\u00f6r och vad kan Landsbygdsprogrammet g\u00f6ra? - SUSCOD\",\"isPartOf\":{\"@id\":\"https:\\\/\\\/www.tillvaxtbohuslan.se\\\/suscod\\\/#website\"},\"datePublished\":\"2014-03-31T10:43:11+00:00\",\"dateModified\":\"2014-09-09T13:49:51+00:00\",\"breadcrumb\":{\"@id\":\"https:\\\/\\\/www.tillvaxtbohuslan.se\\\/suscod\\\/helarsboende-och-bostadsbyggande-pa-landsbygden-och-skargarden\\\/vad-gor-och-vad-kan-landsbygdsprogrammet-gora\\\/#breadcrumb\"},\"inLanguage\":\"sv-SE\",\"potentialAction\":[{\"@type\":\"ReadAction\",\"target\":[\"https:\\\/\\\/www.tillvaxtbohuslan.se\\\/suscod\\\/helarsboende-och-bostadsbyggande-pa-landsbygden-och-skargarden\\\/vad-gor-och-vad-kan-landsbygdsprogrammet-gora\\\/\"]}]},{\"@type\":\"BreadcrumbList\",\"@id\":\"https:\\\/\\\/www.tillvaxtbohuslan.se\\\/suscod\\\/helarsboende-och-bostadsbyggande-pa-landsbygden-och-skargarden\\\/vad-gor-och-vad-kan-landsbygdsprogrammet-gora\\\/#breadcrumb\",\"itemListElement\":[{\"@type\":\"ListItem\",\"position\":1,\"name\":\"Hem\",\"item\":\"https:\\\/\\\/www.tillvaxtbohuslan.se\\\/suscod\\\/\"},{\"@type\":\"ListItem\",\"position\":2,\"name\":\"Hel\u00e5rsboende och bostadsbyggande p\u00e5 landsbygden och i sk\u00e4rg\u00e5rden\",\"item\":\"https:\\\/\\\/www.tillvaxtbohuslan.se\\\/suscod\\\/helarsboende-och-bostadsbyggande-pa-landsbygden-och-skargarden\\\/\"},{\"@type\":\"ListItem\",\"position\":3,\"name\":\"Vad g\u00f6r och vad kan Landsbygdsprogrammet g\u00f6ra?\"}]},{\"@type\":\"WebSite\",\"@id\":\"https:\\\/\\\/www.tillvaxtbohuslan.se\\\/suscod\\\/#website\",\"url\":\"https:\\\/\\\/www.tillvaxtbohuslan.se\\\/suscod\\\/\",\"name\":\"SUSCOD\",\"description\":\"\",\"potentialAction\":[{\"@type\":\"SearchAction\",\"target\":{\"@type\":\"EntryPoint\",\"urlTemplate\":\"https:\\\/\\\/www.tillvaxtbohuslan.se\\\/suscod\\\/?s={search_term_string}\"},\"query-input\":{\"@type\":\"PropertyValueSpecification\",\"valueRequired\":true,\"valueName\":\"search_term_string\"}}],\"inLanguage\":\"sv-SE\"}]}<\/script>\n<!-- \/ Yoast SEO plugin. -->","yoast_head_json":{"title":"Vad g\u00f6r och vad kan Landsbygdsprogrammet g\u00f6ra? - SUSCOD","robots":{"index":"index","follow":"follow","max-snippet":"max-snippet:-1","max-image-preview":"max-image-preview:large","max-video-preview":"max-video-preview:-1"},"canonical":"https:\/\/www.tillvaxtbohuslan.se\/suscod\/helarsboende-och-bostadsbyggande-pa-landsbygden-och-skargarden\/vad-gor-och-vad-kan-landsbygdsprogrammet-gora\/","twitter_misc":{"Ber\u00e4knad l\u00e4stid":"2 minuter"},"schema":{"@context":"https:\/\/schema.org","@graph":[{"@type":"WebPage","@id":"https:\/\/www.tillvaxtbohuslan.se\/suscod\/helarsboende-och-bostadsbyggande-pa-landsbygden-och-skargarden\/vad-gor-och-vad-kan-landsbygdsprogrammet-gora\/","url":"https:\/\/www.tillvaxtbohuslan.se\/suscod\/helarsboende-och-bostadsbyggande-pa-landsbygden-och-skargarden\/vad-gor-och-vad-kan-landsbygdsprogrammet-gora\/","name":"Vad g\u00f6r och vad kan Landsbygdsprogrammet g\u00f6ra? - SUSCOD","isPartOf":{"@id":"https:\/\/www.tillvaxtbohuslan.se\/suscod\/#website"},"datePublished":"2014-03-31T10:43:11+00:00","dateModified":"2014-09-09T13:49:51+00:00","breadcrumb":{"@id":"https:\/\/www.tillvaxtbohuslan.se\/suscod\/helarsboende-och-bostadsbyggande-pa-landsbygden-och-skargarden\/vad-gor-och-vad-kan-landsbygdsprogrammet-gora\/#breadcrumb"},"inLanguage":"sv-SE","potentialAction":[{"@type":"ReadAction","target":["https:\/\/www.tillvaxtbohuslan.se\/suscod\/helarsboende-och-bostadsbyggande-pa-landsbygden-och-skargarden\/vad-gor-och-vad-kan-landsbygdsprogrammet-gora\/"]}]},{"@type":"BreadcrumbList","@id":"https:\/\/www.tillvaxtbohuslan.se\/suscod\/helarsboende-och-bostadsbyggande-pa-landsbygden-och-skargarden\/vad-gor-och-vad-kan-landsbygdsprogrammet-gora\/#breadcrumb","itemListElement":[{"@type":"ListItem","position":1,"name":"Hem","item":"https:\/\/www.tillvaxtbohuslan.se\/suscod\/"},{"@type":"ListItem","position":2,"name":"Hel\u00e5rsboende och bostadsbyggande p\u00e5 landsbygden och i sk\u00e4rg\u00e5rden","item":"https:\/\/www.tillvaxtbohuslan.se\/suscod\/helarsboende-och-bostadsbyggande-pa-landsbygden-och-skargarden\/"},{"@type":"ListItem","position":3,"name":"Vad g\u00f6r och vad kan Landsbygdsprogrammet g\u00f6ra?"}]},{"@type":"WebSite","@id":"https:\/\/www.tillvaxtbohuslan.se\/suscod\/#website","url":"https:\/\/www.tillvaxtbohuslan.se\/suscod\/","name":"SUSCOD","description":"","potentialAction":[{"@type":"SearchAction","target":{"@type":"EntryPoint","urlTemplate":"https:\/\/www.tillvaxtbohuslan.se\/suscod\/?s={search_term_string}"},"query-input":{"@type":"PropertyValueSpecification","valueRequired":true,"valueName":"search_term_string"}}],"inLanguage":"sv-SE"}]}},"_links":{"self":[{"href":"https:\/\/www.tillvaxtbohuslan.se\/suscod\/wp-json\/wp\/v2\/pages\/146","targetHints":{"allow":["GET"]}}],"collection":[{"href":"https:\/\/www.tillvaxtbohuslan.se\/suscod\/wp-json\/wp\/v2\/pages"}],"about":[{"href":"https:\/\/www.tillvaxtbohuslan.se\/suscod\/wp-json\/wp\/v2\/types\/page"}],"author":[{"embeddable":true,"href":"https:\/\/www.tillvaxtbohuslan.se\/suscod\/wp-json\/wp\/v2\/users\/1"}],"replies":[{"embeddable":true,"href":"https:\/\/www.tillvaxtbohuslan.se\/suscod\/wp-json\/wp\/v2\/comments?post=146"}],"version-history":[{"count":2,"href":"https:\/\/www.tillvaxtbohuslan.se\/suscod\/wp-json\/wp\/v2\/pages\/146\/revisions"}],"predecessor-version":[{"id":148,"href":"https:\/\/www.tillvaxtbohuslan.se\/suscod\/wp-json\/wp\/v2\/pages\/146\/revisions\/148"}],"up":[{"embeddable":true,"href":"https:\/\/www.tillvaxtbohuslan.se\/suscod\/wp-json\/wp\/v2\/pages\/110"}],"wp:attachment":[{"href":"https:\/\/www.tillvaxtbohuslan.se\/suscod\/wp-json\/wp\/v2\/media?parent=146"}],"curies":[{"name":"wp","href":"https:\/\/api.w.org\/{rel}","templated":true}]}}