{"id":110,"date":"2014-03-31T11:16:03","date_gmt":"2014-03-31T09:16:03","guid":{"rendered":"https:\/\/www.tillvaxtbohuslan.se\/suscod\/?page_id=110"},"modified":"2014-09-09T15:49:50","modified_gmt":"2014-09-09T13:49:50","slug":"helarsboende-och-bostadsbyggande-pa-landsbygden-och-skargarden","status":"publish","type":"page","link":"https:\/\/www.tillvaxtbohuslan.se\/suscod\/helarsboende-och-bostadsbyggande-pa-landsbygden-och-skargarden\/","title":{"rendered":"Hel\u00e5rsboende och bostadsbyggande p\u00e5 landsbygden och i sk\u00e4rg\u00e5rden"},"content":{"rendered":"<p><strong>Bost\u00e4der \u00e4r en kn\u00e4ckfr\u00e5ga f\u00f6r utveckling och tillv\u00e4xt. Norra Bohusl\u00e4ns kommuner kan g\u00f6ra sin del via samh\u00e4llsservice och genom att b\u00e4ttre samsa utvecklingsplanering med bostadsf\u00f6rs\u00f6rjning och fysisk planering. Men f\u00f6r ett \u00f6kat byggande med riktning mot hel\u00e5rsboende kr\u00e4vs ocks\u00e5 insatser fr\u00e5n stat och regionen i form av b\u00e4ttre infrastruktur, snabbare pendlingsm\u00f6jligheter liksom b\u00e4ttre ekonomiska f\u00f6ruts\u00e4ttningar f\u00f6r byggande av hyresr\u00e4tter. Kommunerna har ocks\u00e5 en roll f\u00f6r att fr\u00e4mja dialogen mellan offentliga och privata akt\u00f6rer i syfte att f\u00e5 fart p\u00e5 byggandet.<\/strong><\/p>\n<p><a href=\"https:\/\/www.tillvaxtbohuslan.se\/suscod\/wp-content\/uploads\/sites\/3\/2014\/03\/Bild-helarsboende-forstasidan.jpg\"><img loading=\"lazy\" decoding=\"async\" class=\"img-responsive img-responsive alignnone size-full wp-image-118\" alt=\"Bild-helarsboende-forstasidan\" src=\"https:\/\/www.tillvaxtbohuslan.se\/suscod\/wp-content\/uploads\/sites\/3\/2014\/03\/Bild-helarsboende-forstasidan.jpg\" width=\"510\" height=\"180\" srcset=\"https:\/\/www.tillvaxtbohuslan.se\/suscod\/wp-content\/uploads\/sites\/3\/2014\/03\/Bild-helarsboende-forstasidan.jpg 510w, https:\/\/www.tillvaxtbohuslan.se\/suscod\/wp-content\/uploads\/sites\/3\/2014\/03\/Bild-helarsboende-forstasidan-300x105.jpg 300w\" sizes=\"auto, (max-width: 510px) 100vw, 510px\" \/><\/a><br \/>\nDet framkom n\u00e4r offentliga och privata akt\u00f6rer i veckan diskuterade hel\u00e5rsboende och bostadsbyggande i norra Bohusl\u00e4n. Konferensen h\u00f6lls i Hensbacka herrg\u00e5rd i Munkedal med representanter f\u00f6r b\u00e5de kommuner, byggf\u00f6retag, bankrepresentanter regionala myndigheter och n\u00e4ringsdepartementet p\u00e5 plats. Bland konkreta f\u00f6rslag f\u00f6r att f\u00e5 fart p\u00e5 byggandet n\u00e4mndes Rot-avdrag f\u00f6r hyreshus liksom statliga bol\u00e5negarantier modell Finland.<\/p>\n<p>Hel\u00e5rsboende och bostadsbyggande p\u00e5 landsbygden och i sk\u00e4rg\u00e5rden lyftes fram som kn\u00e4ckfr\u00e5gor f\u00f6r tillv\u00e4xt och bibeh\u00e5llen attraktivitet i norra Bohusl\u00e4n. Idag r\u00e5der bostadsbrist i m\u00e5nga kommuner och det \u00e4r sv\u00e5rt att motivera byggf\u00f6retag att satsa i r\u00e5dande kostnadsl\u00e4ge. Byggbara detaljplaner finns, men nyttjas inte fullt ut. Hyresr\u00e4tter anses s\u00e4rskilt viktigt d\u00e5 arbetsmarknaden \u00e4r r\u00f6rlig och in- och utflyttning varierar med arbetstillf\u00e4llen p\u00e5 en relativt liten marknad. Samtidigt r\u00e5der obalans mellan inlandet och kusten d\u00e4r trycket p\u00e5 nybyggnation f\u00f6r fr\u00e4mst fritids\u00e4ndam\u00e5l \u00e4r mycket h\u00f6gt.<\/p>\n<p>De dryga 70 m\u00f6tesdeltagarna p\u00e5 konferensen var \u00f6verens \u2013 mycket kan g\u00f6ras och akt\u00f6rer p\u00e5 alla niv\u00e5er har ett ansvar f\u00f6r att \u00f6ka och styra byggandet. Det konstaterades ocks\u00e5 att sambandet mellan bostadsbyggandet och ortens eller platsens attraktivitet v\u00e4xer sig allt starkare. Satsningar p\u00e5 infrastruktur, n\u00e4ringspolitik och arbetsmarknad, skola, servicegrad och fritid h\u00e4nger helt enkelt i intimt samman med m\u00f6jligheterna till \u00f6kat hel\u00e5rsboende och nya bost\u00e4der.<\/p>\n<p>&#8211; Ett bra dialogm\u00f6te och ett inspirerande avstamp till fortsatt arbete i den heta fr\u00e5gan om boende och hur vi bevarar och utvecklar norra Bohusl\u00e4n, konstaterar Tillv\u00e4xtsekretariatets processledare Elsie Hellstr\u00f6m.<\/p>\n<p>&nbsp;<\/p>\n","protected":false},"excerpt":{"rendered":"<p>Bost\u00e4der \u00e4r en kn\u00e4ckfr\u00e5ga f\u00f6r utveckling och tillv\u00e4xt. Norra Bohusl\u00e4ns kommuner kan g\u00f6ra sin del via samh\u00e4llsservice och genom att b\u00e4ttre samsa utvecklingsplanering med bostadsf\u00f6rs\u00f6rjning och fysisk planering. Men f\u00f6r ett \u00f6kat byggande med riktning mot hel\u00e5rsboende kr\u00e4vs ocks\u00e5 insatser &hellip; <a href=\"https:\/\/www.tillvaxtbohuslan.se\/suscod\/helarsboende-och-bostadsbyggande-pa-landsbygden-och-skargarden\/\" title=\"Hel\u00e5rsboende och bostadsbyggande p\u00e5 landsbygden och i sk\u00e4rg\u00e5rden\">Forts\u00e4tt l\u00e4sa <span class=\"meta-nav\"><i class=\"icon-long-arrow-right\"><\/i><\/span><\/a><\/p>\n","protected":false},"author":1,"featured_media":0,"parent":0,"menu_order":0,"comment_status":"closed","ping_status":"closed","template":"","meta":{"_acf_changed":false,"footnotes":""},"class_list":["post-110","page","type-page","status-publish","hentry"],"acf":[],"yoast_head":"<!-- This site is optimized with the Yoast SEO plugin v27.4 - https:\/\/yoast.com\/product\/yoast-seo-wordpress\/ -->\n<title>Hel\u00e5rsboende och bostadsbyggande p\u00e5 landsbygden och i sk\u00e4rg\u00e5rden - SUSCOD<\/title>\n<meta name=\"robots\" content=\"index, follow, max-snippet:-1, max-image-preview:large, max-video-preview:-1\" \/>\n<link rel=\"canonical\" href=\"https:\/\/www.tillvaxtbohuslan.se\/suscod\/helarsboende-och-bostadsbyggande-pa-landsbygden-och-skargarden\/\" \/>\n<meta name=\"twitter:label1\" content=\"Ber\u00e4knad l\u00e4stid\" \/>\n\t<meta name=\"twitter:data1\" content=\"2 minuter\" \/>\n<script type=\"application\/ld+json\" class=\"yoast-schema-graph\">{\"@context\":\"https:\\\/\\\/schema.org\",\"@graph\":[{\"@type\":\"WebPage\",\"@id\":\"https:\\\/\\\/www.tillvaxtbohuslan.se\\\/suscod\\\/helarsboende-och-bostadsbyggande-pa-landsbygden-och-skargarden\\\/\",\"url\":\"https:\\\/\\\/www.tillvaxtbohuslan.se\\\/suscod\\\/helarsboende-och-bostadsbyggande-pa-landsbygden-och-skargarden\\\/\",\"name\":\"Hel\u00e5rsboende och bostadsbyggande p\u00e5 landsbygden och i sk\u00e4rg\u00e5rden - SUSCOD\",\"isPartOf\":{\"@id\":\"https:\\\/\\\/www.tillvaxtbohuslan.se\\\/suscod\\\/#website\"},\"primaryImageOfPage\":{\"@id\":\"https:\\\/\\\/www.tillvaxtbohuslan.se\\\/suscod\\\/helarsboende-och-bostadsbyggande-pa-landsbygden-och-skargarden\\\/#primaryimage\"},\"image\":{\"@id\":\"https:\\\/\\\/www.tillvaxtbohuslan.se\\\/suscod\\\/helarsboende-och-bostadsbyggande-pa-landsbygden-och-skargarden\\\/#primaryimage\"},\"thumbnailUrl\":\"https:\\\/\\\/www.tillvaxtbohuslan.se\\\/suscod\\\/wp-content\\\/uploads\\\/sites\\\/3\\\/2014\\\/03\\\/Bild-helarsboende-forstasidan.jpg\",\"datePublished\":\"2014-03-31T09:16:03+00:00\",\"dateModified\":\"2014-09-09T13:49:50+00:00\",\"breadcrumb\":{\"@id\":\"https:\\\/\\\/www.tillvaxtbohuslan.se\\\/suscod\\\/helarsboende-och-bostadsbyggande-pa-landsbygden-och-skargarden\\\/#breadcrumb\"},\"inLanguage\":\"sv-SE\",\"potentialAction\":[{\"@type\":\"ReadAction\",\"target\":[\"https:\\\/\\\/www.tillvaxtbohuslan.se\\\/suscod\\\/helarsboende-och-bostadsbyggande-pa-landsbygden-och-skargarden\\\/\"]}]},{\"@type\":\"ImageObject\",\"inLanguage\":\"sv-SE\",\"@id\":\"https:\\\/\\\/www.tillvaxtbohuslan.se\\\/suscod\\\/helarsboende-och-bostadsbyggande-pa-landsbygden-och-skargarden\\\/#primaryimage\",\"url\":\"https:\\\/\\\/www.tillvaxtbohuslan.se\\\/suscod\\\/wp-content\\\/uploads\\\/sites\\\/3\\\/2014\\\/03\\\/Bild-helarsboende-forstasidan.jpg\",\"contentUrl\":\"https:\\\/\\\/www.tillvaxtbohuslan.se\\\/suscod\\\/wp-content\\\/uploads\\\/sites\\\/3\\\/2014\\\/03\\\/Bild-helarsboende-forstasidan.jpg\",\"width\":510,\"height\":180},{\"@type\":\"BreadcrumbList\",\"@id\":\"https:\\\/\\\/www.tillvaxtbohuslan.se\\\/suscod\\\/helarsboende-och-bostadsbyggande-pa-landsbygden-och-skargarden\\\/#breadcrumb\",\"itemListElement\":[{\"@type\":\"ListItem\",\"position\":1,\"name\":\"Hem\",\"item\":\"https:\\\/\\\/www.tillvaxtbohuslan.se\\\/suscod\\\/\"},{\"@type\":\"ListItem\",\"position\":2,\"name\":\"Hel\u00e5rsboende och bostadsbyggande p\u00e5 landsbygden och i sk\u00e4rg\u00e5rden\"}]},{\"@type\":\"WebSite\",\"@id\":\"https:\\\/\\\/www.tillvaxtbohuslan.se\\\/suscod\\\/#website\",\"url\":\"https:\\\/\\\/www.tillvaxtbohuslan.se\\\/suscod\\\/\",\"name\":\"SUSCOD\",\"description\":\"\",\"potentialAction\":[{\"@type\":\"SearchAction\",\"target\":{\"@type\":\"EntryPoint\",\"urlTemplate\":\"https:\\\/\\\/www.tillvaxtbohuslan.se\\\/suscod\\\/?s={search_term_string}\"},\"query-input\":{\"@type\":\"PropertyValueSpecification\",\"valueRequired\":true,\"valueName\":\"search_term_string\"}}],\"inLanguage\":\"sv-SE\"}]}<\/script>\n<!-- \/ Yoast SEO plugin. -->","yoast_head_json":{"title":"Hel\u00e5rsboende och bostadsbyggande p\u00e5 landsbygden och i sk\u00e4rg\u00e5rden - SUSCOD","robots":{"index":"index","follow":"follow","max-snippet":"max-snippet:-1","max-image-preview":"max-image-preview:large","max-video-preview":"max-video-preview:-1"},"canonical":"https:\/\/www.tillvaxtbohuslan.se\/suscod\/helarsboende-och-bostadsbyggande-pa-landsbygden-och-skargarden\/","twitter_misc":{"Ber\u00e4knad l\u00e4stid":"2 minuter"},"schema":{"@context":"https:\/\/schema.org","@graph":[{"@type":"WebPage","@id":"https:\/\/www.tillvaxtbohuslan.se\/suscod\/helarsboende-och-bostadsbyggande-pa-landsbygden-och-skargarden\/","url":"https:\/\/www.tillvaxtbohuslan.se\/suscod\/helarsboende-och-bostadsbyggande-pa-landsbygden-och-skargarden\/","name":"Hel\u00e5rsboende och bostadsbyggande p\u00e5 landsbygden och i sk\u00e4rg\u00e5rden - SUSCOD","isPartOf":{"@id":"https:\/\/www.tillvaxtbohuslan.se\/suscod\/#website"},"primaryImageOfPage":{"@id":"https:\/\/www.tillvaxtbohuslan.se\/suscod\/helarsboende-och-bostadsbyggande-pa-landsbygden-och-skargarden\/#primaryimage"},"image":{"@id":"https:\/\/www.tillvaxtbohuslan.se\/suscod\/helarsboende-och-bostadsbyggande-pa-landsbygden-och-skargarden\/#primaryimage"},"thumbnailUrl":"https:\/\/www.tillvaxtbohuslan.se\/suscod\/wp-content\/uploads\/sites\/3\/2014\/03\/Bild-helarsboende-forstasidan.jpg","datePublished":"2014-03-31T09:16:03+00:00","dateModified":"2014-09-09T13:49:50+00:00","breadcrumb":{"@id":"https:\/\/www.tillvaxtbohuslan.se\/suscod\/helarsboende-och-bostadsbyggande-pa-landsbygden-och-skargarden\/#breadcrumb"},"inLanguage":"sv-SE","potentialAction":[{"@type":"ReadAction","target":["https:\/\/www.tillvaxtbohuslan.se\/suscod\/helarsboende-och-bostadsbyggande-pa-landsbygden-och-skargarden\/"]}]},{"@type":"ImageObject","inLanguage":"sv-SE","@id":"https:\/\/www.tillvaxtbohuslan.se\/suscod\/helarsboende-och-bostadsbyggande-pa-landsbygden-och-skargarden\/#primaryimage","url":"https:\/\/www.tillvaxtbohuslan.se\/suscod\/wp-content\/uploads\/sites\/3\/2014\/03\/Bild-helarsboende-forstasidan.jpg","contentUrl":"https:\/\/www.tillvaxtbohuslan.se\/suscod\/wp-content\/uploads\/sites\/3\/2014\/03\/Bild-helarsboende-forstasidan.jpg","width":510,"height":180},{"@type":"BreadcrumbList","@id":"https:\/\/www.tillvaxtbohuslan.se\/suscod\/helarsboende-och-bostadsbyggande-pa-landsbygden-och-skargarden\/#breadcrumb","itemListElement":[{"@type":"ListItem","position":1,"name":"Hem","item":"https:\/\/www.tillvaxtbohuslan.se\/suscod\/"},{"@type":"ListItem","position":2,"name":"Hel\u00e5rsboende och bostadsbyggande p\u00e5 landsbygden och i sk\u00e4rg\u00e5rden"}]},{"@type":"WebSite","@id":"https:\/\/www.tillvaxtbohuslan.se\/suscod\/#website","url":"https:\/\/www.tillvaxtbohuslan.se\/suscod\/","name":"SUSCOD","description":"","potentialAction":[{"@type":"SearchAction","target":{"@type":"EntryPoint","urlTemplate":"https:\/\/www.tillvaxtbohuslan.se\/suscod\/?s={search_term_string}"},"query-input":{"@type":"PropertyValueSpecification","valueRequired":true,"valueName":"search_term_string"}}],"inLanguage":"sv-SE"}]}},"_links":{"self":[{"href":"https:\/\/www.tillvaxtbohuslan.se\/suscod\/wp-json\/wp\/v2\/pages\/110","targetHints":{"allow":["GET"]}}],"collection":[{"href":"https:\/\/www.tillvaxtbohuslan.se\/suscod\/wp-json\/wp\/v2\/pages"}],"about":[{"href":"https:\/\/www.tillvaxtbohuslan.se\/suscod\/wp-json\/wp\/v2\/types\/page"}],"author":[{"embeddable":true,"href":"https:\/\/www.tillvaxtbohuslan.se\/suscod\/wp-json\/wp\/v2\/users\/1"}],"replies":[{"embeddable":true,"href":"https:\/\/www.tillvaxtbohuslan.se\/suscod\/wp-json\/wp\/v2\/comments?post=110"}],"version-history":[{"count":5,"href":"https:\/\/www.tillvaxtbohuslan.se\/suscod\/wp-json\/wp\/v2\/pages\/110\/revisions"}],"predecessor-version":[{"id":188,"href":"https:\/\/www.tillvaxtbohuslan.se\/suscod\/wp-json\/wp\/v2\/pages\/110\/revisions\/188"}],"wp:attachment":[{"href":"https:\/\/www.tillvaxtbohuslan.se\/suscod\/wp-json\/wp\/v2\/media?parent=110"}],"curies":[{"name":"wp","href":"https:\/\/api.w.org\/{rel}","templated":true}]}}