{"id":2,"date":"2014-02-19T14:39:28","date_gmt":"2014-02-19T13:39:28","guid":{"rendered":"https:\/\/www.tillvaxtbohuslan.se\/testar\/?page_id=2"},"modified":"2017-12-11T15:51:40","modified_gmt":"2017-12-11T14:51:40","slug":"startsida-dop-om-mig-till-ratt-namn-och-byt-ut-permalank","status":"publish","type":"page","link":"https:\/\/www.tillvaxtbohuslan.se\/ren-kust\/","title":{"rendered":"Ren och Attraktiv Kust"},"content":{"rendered":"<h2>Se filmen om v\u00e5rt stora milj\u00f6problem -ilandflutet marint skr\u00e4p och<br \/>\nskr\u00e4p i havet<\/h2>\n<p><a href=\"https:\/\/www.youtube.com\/watch?v=kZmErdj35QA\" target=\"_blank\" rel=\"noopener\">Se filmen h\u00e4r<\/a><\/p>\n<h4><strong>Detta projekt drivs numera av V\u00e4stkuststiftelsen, bes\u00f6k projektsajten <a href=\"http:\/\/renkust.se\/\" target=\"_blank\" rel=\"noopener\">h\u00e4r<\/a><\/strong><\/h4>\n<h2>Attraktiv Kust<\/h2>\n<p>Norra Bohusl\u00e4ns sk\u00e4rg\u00e5rd \u00e4r ett av Sveriges mest attraktiva kustomr\u00e5den \u2013 och v\u00e4rldens sjunde vackraste<br \/>\nvildmarksomr\u00e5de enligt en omr\u00f6stning i amerikanska CNN 2014!\u00a0 Vad \u00e4r det som g\u00f6r att Bohusl\u00e4n anses vara s\u00e5 attraktivt? Sjunde plats i hela v\u00e4rlden!? En av fem turistmagneter! Vilka \u00e4r grunderna? Turismens utredningsinstitut, med hj\u00e4lp av SIFO\/TNS, presenterade 2010<br \/>\nen rapport om vad bes\u00f6karen ser f\u00f6r v\u00e4rden i Bohusl\u00e4n. De tillfr\u00e5gade fick svara p\u00e5 fr\u00e5gan om vad som<br \/>\nbidrar positivt och negativt till intresset att bes\u00f6ka Bohusl\u00e4n (och n\u00e5gra andra platser). 84 % av alla svenskar<br \/>\nmellan 16 och 29 \u00e5r och 93 % av \u00e4ldre 30+, \u00f6verl\u00e4gset mest i unders\u00f6kningen, ans\u00e5g att naturen var<br \/>\nden viktigaste orsaken till att bes\u00f6ka Bohusl\u00e4n!<\/p>\n<p>Naturen \u00e4r allts\u00e5 en mycket viktig grund, kanske den viktigaste, f\u00f6r bes\u00f6kare och boende i Bohusl\u00e4n. Syftet med dokumentet nedan \u00e4r att kort beskriva kustomr\u00e5dets sociala och vetenskapliga v\u00e4rden, nuvarande status samt att diskutera \u00e5tg\u00e4rder f\u00f6r bevarande och utveckling, samt att beskriva hur kvaliteterna kan nyttjas utan att f\u00f6rbrukas. Men dokumentet kan ocks\u00e5 anv\u00e4ndas som en inspirationskatalog f\u00f6r trevliga utflykter i Norra Bohusl\u00e4n.<br \/>\n<strong>L\u00e4s rapporten h\u00e4r:<\/strong> <a href=\"https:\/\/www.tillvaxtbohuslan.se\/ren-kust\/wp-content\/uploads\/sites\/11\/2015\/02\/granitkusten.pdf\">Granitkusten<\/a><\/p>\n<h2>Strandst\u00e4darkarta<\/h2>\n<p>Strandst\u00e4darkartan \u00e4r en digital interaktiv karta d\u00e4r allm\u00e4nheten kan markera var det finns st\u00e4dbehov, eller markera att det \u00e4r st\u00e4dat och att det finns ihopsamlat skr\u00e4p att h\u00e4mta. I f\u00f6rsta steget \u00e4r kartan ett pilotprojekt f\u00f6r kommunerna i norra Bohusl\u00e4n fr\u00e5n 1 juli till 30 september. L\u00e4s mer i <a href=\"https:\/\/www.tillvaxtbohuslan.se\/ren-kust\/wp-content\/uploads\/sites\/11\/2014\/06\/karta-for-rena-strander-pressmeddelande.pdf\" target=\"_blank\" rel=\"noopener\">pressmeddelandet h\u00e4r<\/a><br \/>\nSe v\u00e5r <a href=\"http:\/\/vastkust.maps.arcgis.com\/apps\/GeoForm\/index.html?appid=6dd818d605a54dce8e6311253aaaf349\" target=\"_blank\" rel=\"noopener\">strandst\u00e4darkarta h\u00e4r<\/a><\/p>\n<p><img loading=\"lazy\" decoding=\"async\" class=\"img-responsive img-responsive pull-right wp-image-203 alignleft\" src=\"https:\/\/www.tillvaxtbohuslan.se\/ren-kust\/wp-content\/uploads\/sites\/11\/2014\/02\/strandst\u00e4darkartan.jpg\" alt=\"strandst\u00e4darkartan\" width=\"818\" height=\"461\" srcset=\"https:\/\/www.tillvaxtbohuslan.se\/ren-kust\/wp-content\/uploads\/sites\/11\/2014\/02\/strandst\u00e4darkartan.jpg 1878w, https:\/\/www.tillvaxtbohuslan.se\/ren-kust\/wp-content\/uploads\/sites\/11\/2014\/02\/strandst\u00e4darkartan-300x169.jpg 300w, https:\/\/www.tillvaxtbohuslan.se\/ren-kust\/wp-content\/uploads\/sites\/11\/2014\/02\/strandst\u00e4darkartan-768x433.jpg 768w, https:\/\/www.tillvaxtbohuslan.se\/ren-kust\/wp-content\/uploads\/sites\/11\/2014\/02\/strandst\u00e4darkartan-1024x577.jpg 1024w, https:\/\/www.tillvaxtbohuslan.se\/ren-kust\/wp-content\/uploads\/sites\/11\/2014\/02\/strandst\u00e4darkartan-555x313.jpg 555w\" sizes=\"auto, (max-width: 818px) 100vw, 818px\" \/><\/p>\n<p>&nbsp;<\/p>\n<h2><\/h2>\n<h2><\/h2>\n<h2><\/h2>\n<h2><\/h2>\n<h2><\/h2>\n<h2><\/h2>\n<h2><\/h2>\n<h2><\/h2>\n<h2><\/h2>\n<h2><\/h2>\n<h2><\/h2>\n<h2>Om Ren Kust<\/h2>\n<p>Elva kommuner i Bohusl\u00e4n och G\u00f6teborg har startat ett samarbete f\u00f6r att f\u00e5 ett renare hav och en renare kust. Planen \u00e4r att bygga upp en organisation och l\u00e5ngsiktigt finansierade l\u00f6sningar f\u00f6r att f\u00f6rvalta milj\u00f6- och naturv\u00e5rd.<\/p>\n<p><b><br \/>\nM\u00e5l<br \/>\n<\/b>En attraktiv och ren kust och milj\u00f6 som bidrar till en h\u00e5llbar ekologisk, ekonomisk och social utveckling.<\/p>\n<p><b>Kostsam nedskr\u00e4pning<br \/>\n<\/b>Bohuskusten drabbas ovanligt h\u00e5rt av skr\u00e4p fr\u00e5n havet. Skr\u00e4pet bl\u00e5ser upp p\u00e5 de sv\u00e5rst\u00e4dade str\u00e4nderna och de stora m\u00e4ngderna avfall g\u00f6r att strandst\u00e4dningen i omr\u00e5det blir mycket mer kostsam \u00e4n p\u00e5 andra h\u00e5ll i Sverige.<\/p>\n<p>Enligt lagen \u00e4r det kommunens ansvar att \u00e5terst\u00e4lla platser som har skr\u00e4pats ner. Men avfallet vid Bohuskusten kommer till st\u00f6rsta delen fr\u00e5n annat h\u00e5ll och kommunernas kostnader \u00e4r stora. Nedskr\u00e4pningen \u00e4r ett problem som kr\u00e4ver nationella och internationella l\u00f6sningar.<\/p>\n<p><b>Gemensam kamp mot skr\u00e4p<br \/>\n<\/b>Vi kan f\u00e5 en h\u00e5llbar utveckling av milj\u00f6n genom att ta tillvara kunskap, samverkan och metodutveckling.<\/p>\n<p>Enligt havsmilj\u00f6direktivet \u00e4r det medlemsnationerna som p\u00e5 egen hand och i samarbete ska l\u00f6sa problemet med skr\u00e4pet i havsmilj\u00f6n. En s\u00e5dan internationell \u00e5tg\u00e4rdsplan b\u00f6r tas fram inom OSPAR.<\/p>\n<p>M\u00e4ngderna med maritimt skr\u00e4p m\u00e5ste minska och d\u00e5 kr\u00e4vs att olika akt\u00f6rer jobbar gemensamt. Ren kust ska medverka till att det blir en del av \u00e5tg\u00e4rdsplanen inom havsmilj\u00f6direktivet att ta hand om av marint skr\u00e4p som flutit i land.<\/p>\n<p>L\u00e4s mer om projektet h\u00e4r:<br \/>\n<a href=\"http:\/\/%20www.renkust.se\">\u00a0<\/a><a href=\"http:\/\/www.renkust.se\" target=\"_blank\" rel=\"noopener\">www.renkust.se<\/a><\/p>\n","protected":false},"excerpt":{"rendered":"<p>Se filmen om v\u00e5rt stora milj\u00f6problem -ilandflutet marint skr\u00e4p och skr\u00e4p i havet Se filmen h\u00e4r Detta projekt drivs numera av V\u00e4stkuststiftelsen, bes\u00f6k projektsajten h\u00e4r Attraktiv Kust Norra Bohusl\u00e4ns sk\u00e4rg\u00e5rd \u00e4r ett av Sveriges mest attraktiva kustomr\u00e5den \u2013 och v\u00e4rldens &hellip; <a href=\"https:\/\/www.tillvaxtbohuslan.se\/ren-kust\/\" title=\"Ren och Attraktiv Kust\">Forts\u00e4tt l\u00e4sa <span class=\"meta-nav\"><i class=\"icon-long-arrow-right\"><\/i><\/span><\/a><\/p>\n","protected":false},"author":1,"featured_media":0,"parent":0,"menu_order":0,"comment_status":"closed","ping_status":"closed","template":"","meta":{"_acf_changed":false,"footnotes":""},"class_list":["post-2","page","type-page","status-publish","hentry"],"acf":[],"yoast_head":"<!-- This site is optimized with the Yoast SEO plugin v27.4 - https:\/\/yoast.com\/product\/yoast-seo-wordpress\/ -->\n<title>Ren och Attraktiv Kust - Ren och Attraktiv Kust<\/title>\n<meta name=\"robots\" content=\"index, follow, max-snippet:-1, max-image-preview:large, max-video-preview:-1\" \/>\n<link rel=\"canonical\" href=\"https:\/\/www.tillvaxtbohuslan.se\/ren-kust\/\" \/>\n<meta name=\"twitter:label1\" content=\"Ber\u00e4knad l\u00e4stid\" \/>\n\t<meta name=\"twitter:data1\" content=\"3 minuter\" \/>\n<script type=\"application\/ld+json\" class=\"yoast-schema-graph\">{\"@context\":\"https:\\\/\\\/schema.org\",\"@graph\":[{\"@type\":\"WebPage\",\"@id\":\"https:\\\/\\\/www.tillvaxtbohuslan.se\\\/ren-kust\\\/\",\"url\":\"https:\\\/\\\/www.tillvaxtbohuslan.se\\\/ren-kust\\\/\",\"name\":\"Ren och Attraktiv Kust - Ren och Attraktiv Kust\",\"isPartOf\":{\"@id\":\"https:\\\/\\\/www.tillvaxtbohuslan.se\\\/ren-kust\\\/#website\"},\"datePublished\":\"2014-02-19T13:39:28+00:00\",\"dateModified\":\"2017-12-11T14:51:40+00:00\",\"breadcrumb\":{\"@id\":\"https:\\\/\\\/www.tillvaxtbohuslan.se\\\/ren-kust\\\/#breadcrumb\"},\"inLanguage\":\"sv-SE\",\"potentialAction\":[{\"@type\":\"ReadAction\",\"target\":[\"https:\\\/\\\/www.tillvaxtbohuslan.se\\\/ren-kust\\\/\"]}]},{\"@type\":\"BreadcrumbList\",\"@id\":\"https:\\\/\\\/www.tillvaxtbohuslan.se\\\/ren-kust\\\/#breadcrumb\",\"itemListElement\":[{\"@type\":\"ListItem\",\"position\":1,\"name\":\"Hem\",\"item\":\"https:\\\/\\\/www.tillvaxtbohuslan.se\\\/ren-kust\\\/\"},{\"@type\":\"ListItem\",\"position\":2,\"name\":\"Ren och Attraktiv Kust\"}]},{\"@type\":\"WebSite\",\"@id\":\"https:\\\/\\\/www.tillvaxtbohuslan.se\\\/ren-kust\\\/#website\",\"url\":\"https:\\\/\\\/www.tillvaxtbohuslan.se\\\/ren-kust\\\/\",\"name\":\"Ren och Attraktiv Kust\",\"description\":\"\",\"potentialAction\":[{\"@type\":\"SearchAction\",\"target\":{\"@type\":\"EntryPoint\",\"urlTemplate\":\"https:\\\/\\\/www.tillvaxtbohuslan.se\\\/ren-kust\\\/?s={search_term_string}\"},\"query-input\":{\"@type\":\"PropertyValueSpecification\",\"valueRequired\":true,\"valueName\":\"search_term_string\"}}],\"inLanguage\":\"sv-SE\"}]}<\/script>\n<!-- \/ Yoast SEO plugin. -->","yoast_head_json":{"title":"Ren och Attraktiv Kust - Ren och Attraktiv Kust","robots":{"index":"index","follow":"follow","max-snippet":"max-snippet:-1","max-image-preview":"max-image-preview:large","max-video-preview":"max-video-preview:-1"},"canonical":"https:\/\/www.tillvaxtbohuslan.se\/ren-kust\/","twitter_misc":{"Ber\u00e4knad l\u00e4stid":"3 minuter"},"schema":{"@context":"https:\/\/schema.org","@graph":[{"@type":"WebPage","@id":"https:\/\/www.tillvaxtbohuslan.se\/ren-kust\/","url":"https:\/\/www.tillvaxtbohuslan.se\/ren-kust\/","name":"Ren och Attraktiv Kust - Ren och Attraktiv Kust","isPartOf":{"@id":"https:\/\/www.tillvaxtbohuslan.se\/ren-kust\/#website"},"datePublished":"2014-02-19T13:39:28+00:00","dateModified":"2017-12-11T14:51:40+00:00","breadcrumb":{"@id":"https:\/\/www.tillvaxtbohuslan.se\/ren-kust\/#breadcrumb"},"inLanguage":"sv-SE","potentialAction":[{"@type":"ReadAction","target":["https:\/\/www.tillvaxtbohuslan.se\/ren-kust\/"]}]},{"@type":"BreadcrumbList","@id":"https:\/\/www.tillvaxtbohuslan.se\/ren-kust\/#breadcrumb","itemListElement":[{"@type":"ListItem","position":1,"name":"Hem","item":"https:\/\/www.tillvaxtbohuslan.se\/ren-kust\/"},{"@type":"ListItem","position":2,"name":"Ren och Attraktiv Kust"}]},{"@type":"WebSite","@id":"https:\/\/www.tillvaxtbohuslan.se\/ren-kust\/#website","url":"https:\/\/www.tillvaxtbohuslan.se\/ren-kust\/","name":"Ren och Attraktiv Kust","description":"","potentialAction":[{"@type":"SearchAction","target":{"@type":"EntryPoint","urlTemplate":"https:\/\/www.tillvaxtbohuslan.se\/ren-kust\/?s={search_term_string}"},"query-input":{"@type":"PropertyValueSpecification","valueRequired":true,"valueName":"search_term_string"}}],"inLanguage":"sv-SE"}]}},"_links":{"self":[{"href":"https:\/\/www.tillvaxtbohuslan.se\/ren-kust\/wp-json\/wp\/v2\/pages\/2","targetHints":{"allow":["GET"]}}],"collection":[{"href":"https:\/\/www.tillvaxtbohuslan.se\/ren-kust\/wp-json\/wp\/v2\/pages"}],"about":[{"href":"https:\/\/www.tillvaxtbohuslan.se\/ren-kust\/wp-json\/wp\/v2\/types\/page"}],"author":[{"embeddable":true,"href":"https:\/\/www.tillvaxtbohuslan.se\/ren-kust\/wp-json\/wp\/v2\/users\/1"}],"replies":[{"embeddable":true,"href":"https:\/\/www.tillvaxtbohuslan.se\/ren-kust\/wp-json\/wp\/v2\/comments?post=2"}],"version-history":[{"count":41,"href":"https:\/\/www.tillvaxtbohuslan.se\/ren-kust\/wp-json\/wp\/v2\/pages\/2\/revisions"}],"predecessor-version":[{"id":212,"href":"https:\/\/www.tillvaxtbohuslan.se\/ren-kust\/wp-json\/wp\/v2\/pages\/2\/revisions\/212"}],"wp:attachment":[{"href":"https:\/\/www.tillvaxtbohuslan.se\/ren-kust\/wp-json\/wp\/v2\/media?parent=2"}],"curies":[{"name":"wp","href":"https:\/\/api.w.org\/{rel}","templated":true}]}}