{"id":182,"date":"2016-12-23T10:13:07","date_gmt":"2016-12-23T09:13:07","guid":{"rendered":"https:\/\/www.tillvaxtbohuslan.se\/maritim-utveckling-i-bohuslan\/?page_id=182"},"modified":"2020-04-23T13:32:06","modified_gmt":"2020-04-23T11:32:06","slug":"delprojekt","status":"publish","type":"page","link":"https:\/\/www.tillvaxtbohuslan.se\/mub\/delprojekt\/","title":{"rendered":"Delprojekt"},"content":{"rendered":"<p>Inom projektet Maritim Utveckling i Bohusl\u00e4n arbetar vi med ett flertal delprojekt som du kan l\u00e4sa mer om under respektive projekt.<\/p>\n<h4><\/h4>\n<p><a href=\"https:\/\/www.tillvaxtbohuslan.se\/mub\/affarscoachning\/\"><img decoding=\"async\" class=\"alignnone wp-image-491\" src=\"https:\/\/www.tillvaxtbohuslan.se\/mub\/wp-content\/uploads\/sites\/15\/2020\/03\/Header_coachning-300x122.jpg\" alt=\"\" width=\"330\" height=\"134\" srcset=\"https:\/\/www.tillvaxtbohuslan.se\/mub\/wp-content\/uploads\/sites\/15\/2020\/03\/Header_coachning-300x122.jpg 300w, https:\/\/www.tillvaxtbohuslan.se\/mub\/wp-content\/uploads\/sites\/15\/2020\/03\/Header_coachning-768x313.jpg 768w, https:\/\/www.tillvaxtbohuslan.se\/mub\/wp-content\/uploads\/sites\/15\/2020\/03\/Header_coachning-555x226.jpg 555w, https:\/\/www.tillvaxtbohuslan.se\/mub\/wp-content\/uploads\/sites\/15\/2020\/03\/Header_coachning.jpg 846w\" sizes=\"(max-width: 330px) 100vw, 330px\" \/><\/a><\/p>\n<h4><a href=\"https:\/\/www.tillvaxtbohuslan.se\/mub\/affarscoachning\/\">Aff\u00e4rscoachning<\/a><\/h4>\n<figure><a href=\"https:\/\/www.tillvaxtbohuslan.se\/mub\/wp-content\/uploads\/sites\/15\/2020\/04\/Innovations_LOGO.jpg\"><img fetchpriority=\"high\" decoding=\"async\" class=\"alignnone wp-image-507\" src=\"https:\/\/www.tillvaxtbohuslan.se\/mub\/wp-content\/uploads\/sites\/15\/2020\/04\/Innovations_LOGO-300x234.jpg\" alt=\"\" width=\"341\" height=\"266\" srcset=\"https:\/\/www.tillvaxtbohuslan.se\/mub\/wp-content\/uploads\/sites\/15\/2020\/04\/Innovations_LOGO-300x234.jpg 300w, https:\/\/www.tillvaxtbohuslan.se\/mub\/wp-content\/uploads\/sites\/15\/2020\/04\/Innovations_LOGO-1024x798.jpg 1024w, https:\/\/www.tillvaxtbohuslan.se\/mub\/wp-content\/uploads\/sites\/15\/2020\/04\/Innovations_LOGO-768x599.jpg 768w, https:\/\/www.tillvaxtbohuslan.se\/mub\/wp-content\/uploads\/sites\/15\/2020\/04\/Innovations_LOGO-1536x1198.jpg 1536w, https:\/\/www.tillvaxtbohuslan.se\/mub\/wp-content\/uploads\/sites\/15\/2020\/04\/Innovations_LOGO-2048x1597.jpg 2048w, https:\/\/www.tillvaxtbohuslan.se\/mub\/wp-content\/uploads\/sites\/15\/2020\/04\/Innovations_LOGO-555x433.jpg 555w\" sizes=\"(max-width: 341px) 100vw, 341px\" \/><\/a><a href=\"https:\/\/www.tillvaxtbohuslan.se\/mub\/innovationsarena\/\" data-elementor-open-lightbox=\"\"><br \/>\n<\/a><\/figure>\n<h4>Lokala f\u00f6retagsarenor<\/h4>\n<h4><a href=\"https:\/\/www.tillvaxtbohuslan.se\/mub\/innovationsarena\/\" data-elementor-open-lightbox=\"\"><img decoding=\"async\" class=\"\" src=\"https:\/\/www.tillvaxtbohuslan.se\/mub\/wp-content\/uploads\/sites\/15\/2018\/05\/dykare-webb-2.jpg\" sizes=\"(max-width: 550px) 100vw, 550px\" srcset=\"https:\/\/www.tillvaxtbohuslan.se\/mub\/wp-content\/uploads\/sites\/15\/2018\/05\/dykare-webb-2.jpg 550w, https:\/\/www.tillvaxtbohuslan.se\/mub\/wp-content\/uploads\/sites\/15\/2018\/05\/dykare-webb-2-150x150.jpg 150w, https:\/\/www.tillvaxtbohuslan.se\/mub\/wp-content\/uploads\/sites\/15\/2018\/05\/dykare-webb-2-300x300.jpg 300w\" alt=\"\" width=\"343\" height=\"343\" \/><\/a>Innovationsarena<\/h4>\n<h4><a href=\"https:\/\/www.tillvaxtbohuslan.se\/mub\/evenemangsstrategi\/\" data-elementor-open-lightbox=\"\"><br \/>\n<img loading=\"lazy\" decoding=\"async\" class=\"\" src=\"https:\/\/www.tillvaxtbohuslan.se\/mub\/wp-content\/uploads\/sites\/15\/2018\/05\/haaks-webb.jpg\" sizes=\"(max-width: 550px) 100vw, 550px\" srcset=\"https:\/\/www.tillvaxtbohuslan.se\/mub\/wp-content\/uploads\/sites\/15\/2018\/05\/haaks-webb.jpg 550w, https:\/\/www.tillvaxtbohuslan.se\/mub\/wp-content\/uploads\/sites\/15\/2018\/05\/haaks-webb-150x150.jpg 150w, https:\/\/www.tillvaxtbohuslan.se\/mub\/wp-content\/uploads\/sites\/15\/2018\/05\/haaks-webb-300x300.jpg 300w\" alt=\"\" width=\"350\" height=\"350\" \/> <\/a>Evenemangsstrategi<\/h4>\n<h4><a href=\"https:\/\/www.tillvaxtbohuslan.se\/mub\/kunskapsturism\/\" data-elementor-open-lightbox=\"\"><br \/>\n<img loading=\"lazy\" decoding=\"async\" class=\"\" src=\"https:\/\/www.tillvaxtbohuslan.se\/mub\/wp-content\/uploads\/sites\/15\/2018\/05\/salsafari-webb.jpg\" sizes=\"(max-width: 550px) 100vw, 550px\" srcset=\"https:\/\/www.tillvaxtbohuslan.se\/mub\/wp-content\/uploads\/sites\/15\/2018\/05\/salsafari-webb.jpg 550w, https:\/\/www.tillvaxtbohuslan.se\/mub\/wp-content\/uploads\/sites\/15\/2018\/05\/salsafari-webb-150x150.jpg 150w, https:\/\/www.tillvaxtbohuslan.se\/mub\/wp-content\/uploads\/sites\/15\/2018\/05\/salsafari-webb-300x300.jpg 300w\" alt=\"\" width=\"352\" height=\"352\" \/> <\/a>Kunskapsturism<\/h4>\n<h4><a href=\"https:\/\/www.tillvaxtbohuslan.se\/mub\/marina-livsmedel\/\" data-elementor-open-lightbox=\"\"><br \/>\n<img loading=\"lazy\" decoding=\"async\" class=\"\" src=\"https:\/\/www.tillvaxtbohuslan.se\/mub\/wp-content\/uploads\/sites\/15\/2018\/05\/rakor-webb-1.jpg\" sizes=\"(max-width: 550px) 100vw, 550px\" srcset=\"https:\/\/www.tillvaxtbohuslan.se\/mub\/wp-content\/uploads\/sites\/15\/2018\/05\/rakor-webb-1.jpg 550w, https:\/\/www.tillvaxtbohuslan.se\/mub\/wp-content\/uploads\/sites\/15\/2018\/05\/rakor-webb-1-150x150.jpg 150w, https:\/\/www.tillvaxtbohuslan.se\/mub\/wp-content\/uploads\/sites\/15\/2018\/05\/rakor-webb-1-300x300.jpg 300w\" alt=\"\" width=\"352\" height=\"352\" \/> <\/a><a href=\"https:\/\/www.tillvaxtbohuslan.se\/mub\/marina-livsmedel\/\">Marina Livsmedel<\/a><\/h4>\n<h4><a href=\"https:\/\/www.tillvaxtbohuslan.se\/mub\/marina-livsmedel\/\" data-elementor-open-lightbox=\"\"><br \/>\n<img loading=\"lazy\" decoding=\"async\" class=\"\" src=\"https:\/\/www.tillvaxtbohuslan.se\/mub\/wp-content\/uploads\/sites\/15\/2018\/05\/gasthamnar.jpg\" sizes=\"(max-width: 570px) 100vw, 570px\" srcset=\"https:\/\/www.tillvaxtbohuslan.se\/mub\/wp-content\/uploads\/sites\/15\/2018\/05\/gasthamnar.jpg 570w, https:\/\/www.tillvaxtbohuslan.se\/mub\/wp-content\/uploads\/sites\/15\/2018\/05\/gasthamnar-150x150.jpg 150w, https:\/\/www.tillvaxtbohuslan.se\/mub\/wp-content\/uploads\/sites\/15\/2018\/05\/gasthamnar-300x300.jpg 300w, https:\/\/www.tillvaxtbohuslan.se\/mub\/wp-content\/uploads\/sites\/15\/2018\/05\/gasthamnar-555x555.jpg 555w\" alt=\"\" width=\"353\" height=\"353\" \/> <\/a><a href=\"https:\/\/www.tillvaxtbohuslan.se\/mub\/gasthamnar-och-skargardstransporter\/\">G\u00e4sthamnar och Sk\u00e4rg\u00e5rdstransporter<\/a><\/h4>\n","protected":false},"excerpt":{"rendered":"<p>Inom projektet Maritim Utveckling i Bohusl\u00e4n arbetar vi med ett flertal delprojekt som du kan l\u00e4sa mer om under respektive projekt. Aff\u00e4rscoachning Lokala f\u00f6retagsarenor Innovationsarena Evenemangsstrategi Kunskapsturism Marina Livsmedel G\u00e4sthamnar och Sk\u00e4rg\u00e5rdstransporter<\/p>\n","protected":false},"author":1,"featured_media":0,"parent":0,"menu_order":0,"comment_status":"closed","ping_status":"closed","template":"","meta":{"_acf_changed":false,"footnotes":""},"class_list":["post-182","page","type-page","status-publish","hentry"],"acf":[],"yoast_head":"<!-- This site is optimized with the Yoast SEO plugin v27.4 - https:\/\/yoast.com\/product\/yoast-seo-wordpress\/ -->\n<title>Delprojekt - Maritim utveckling i Bohusl\u00e4n<\/title>\n<meta name=\"robots\" content=\"index, follow, max-snippet:-1, max-image-preview:large, max-video-preview:-1\" \/>\n<link rel=\"canonical\" href=\"https:\/\/www.tillvaxtbohuslan.se\/mub\/delprojekt\/\" \/>\n<script type=\"application\/ld+json\" class=\"yoast-schema-graph\">{\"@context\":\"https:\\\/\\\/schema.org\",\"@graph\":[{\"@type\":\"WebPage\",\"@id\":\"https:\\\/\\\/www.tillvaxtbohuslan.se\\\/mub\\\/delprojekt\\\/\",\"url\":\"https:\\\/\\\/www.tillvaxtbohuslan.se\\\/mub\\\/delprojekt\\\/\",\"name\":\"Delprojekt - Maritim utveckling i Bohusl\u00e4n\",\"isPartOf\":{\"@id\":\"https:\\\/\\\/www.tillvaxtbohuslan.se\\\/mub\\\/#website\"},\"primaryImageOfPage\":{\"@id\":\"https:\\\/\\\/www.tillvaxtbohuslan.se\\\/mub\\\/delprojekt\\\/#primaryimage\"},\"image\":{\"@id\":\"https:\\\/\\\/www.tillvaxtbohuslan.se\\\/mub\\\/delprojekt\\\/#primaryimage\"},\"thumbnailUrl\":\"https:\\\/\\\/www.tillvaxtbohuslan.se\\\/mub\\\/wp-content\\\/uploads\\\/sites\\\/15\\\/2020\\\/03\\\/Header_coachning-300x122.jpg\",\"datePublished\":\"2016-12-23T09:13:07+00:00\",\"dateModified\":\"2020-04-23T11:32:06+00:00\",\"breadcrumb\":{\"@id\":\"https:\\\/\\\/www.tillvaxtbohuslan.se\\\/mub\\\/delprojekt\\\/#breadcrumb\"},\"inLanguage\":\"sv-SE\",\"potentialAction\":[{\"@type\":\"ReadAction\",\"target\":[\"https:\\\/\\\/www.tillvaxtbohuslan.se\\\/mub\\\/delprojekt\\\/\"]}]},{\"@type\":\"ImageObject\",\"inLanguage\":\"sv-SE\",\"@id\":\"https:\\\/\\\/www.tillvaxtbohuslan.se\\\/mub\\\/delprojekt\\\/#primaryimage\",\"url\":\"https:\\\/\\\/www.tillvaxtbohuslan.se\\\/mub\\\/wp-content\\\/uploads\\\/sites\\\/15\\\/2020\\\/03\\\/Header_coachning.jpg\",\"contentUrl\":\"https:\\\/\\\/www.tillvaxtbohuslan.se\\\/mub\\\/wp-content\\\/uploads\\\/sites\\\/15\\\/2020\\\/03\\\/Header_coachning.jpg\",\"width\":846,\"height\":345},{\"@type\":\"BreadcrumbList\",\"@id\":\"https:\\\/\\\/www.tillvaxtbohuslan.se\\\/mub\\\/delprojekt\\\/#breadcrumb\",\"itemListElement\":[{\"@type\":\"ListItem\",\"position\":1,\"name\":\"Hem\",\"item\":\"https:\\\/\\\/www.tillvaxtbohuslan.se\\\/mub\\\/\"},{\"@type\":\"ListItem\",\"position\":2,\"name\":\"Delprojekt\"}]},{\"@type\":\"WebSite\",\"@id\":\"https:\\\/\\\/www.tillvaxtbohuslan.se\\\/mub\\\/#website\",\"url\":\"https:\\\/\\\/www.tillvaxtbohuslan.se\\\/mub\\\/\",\"name\":\"Maritim utveckling i Bohusl\u00e4n\",\"description\":\"\",\"potentialAction\":[{\"@type\":\"SearchAction\",\"target\":{\"@type\":\"EntryPoint\",\"urlTemplate\":\"https:\\\/\\\/www.tillvaxtbohuslan.se\\\/mub\\\/?s={search_term_string}\"},\"query-input\":{\"@type\":\"PropertyValueSpecification\",\"valueRequired\":true,\"valueName\":\"search_term_string\"}}],\"inLanguage\":\"sv-SE\"}]}<\/script>\n<!-- \/ Yoast SEO plugin. -->","yoast_head_json":{"title":"Delprojekt - Maritim utveckling i Bohusl\u00e4n","robots":{"index":"index","follow":"follow","max-snippet":"max-snippet:-1","max-image-preview":"max-image-preview:large","max-video-preview":"max-video-preview:-1"},"canonical":"https:\/\/www.tillvaxtbohuslan.se\/mub\/delprojekt\/","schema":{"@context":"https:\/\/schema.org","@graph":[{"@type":"WebPage","@id":"https:\/\/www.tillvaxtbohuslan.se\/mub\/delprojekt\/","url":"https:\/\/www.tillvaxtbohuslan.se\/mub\/delprojekt\/","name":"Delprojekt - Maritim utveckling i Bohusl\u00e4n","isPartOf":{"@id":"https:\/\/www.tillvaxtbohuslan.se\/mub\/#website"},"primaryImageOfPage":{"@id":"https:\/\/www.tillvaxtbohuslan.se\/mub\/delprojekt\/#primaryimage"},"image":{"@id":"https:\/\/www.tillvaxtbohuslan.se\/mub\/delprojekt\/#primaryimage"},"thumbnailUrl":"https:\/\/www.tillvaxtbohuslan.se\/mub\/wp-content\/uploads\/sites\/15\/2020\/03\/Header_coachning-300x122.jpg","datePublished":"2016-12-23T09:13:07+00:00","dateModified":"2020-04-23T11:32:06+00:00","breadcrumb":{"@id":"https:\/\/www.tillvaxtbohuslan.se\/mub\/delprojekt\/#breadcrumb"},"inLanguage":"sv-SE","potentialAction":[{"@type":"ReadAction","target":["https:\/\/www.tillvaxtbohuslan.se\/mub\/delprojekt\/"]}]},{"@type":"ImageObject","inLanguage":"sv-SE","@id":"https:\/\/www.tillvaxtbohuslan.se\/mub\/delprojekt\/#primaryimage","url":"https:\/\/www.tillvaxtbohuslan.se\/mub\/wp-content\/uploads\/sites\/15\/2020\/03\/Header_coachning.jpg","contentUrl":"https:\/\/www.tillvaxtbohuslan.se\/mub\/wp-content\/uploads\/sites\/15\/2020\/03\/Header_coachning.jpg","width":846,"height":345},{"@type":"BreadcrumbList","@id":"https:\/\/www.tillvaxtbohuslan.se\/mub\/delprojekt\/#breadcrumb","itemListElement":[{"@type":"ListItem","position":1,"name":"Hem","item":"https:\/\/www.tillvaxtbohuslan.se\/mub\/"},{"@type":"ListItem","position":2,"name":"Delprojekt"}]},{"@type":"WebSite","@id":"https:\/\/www.tillvaxtbohuslan.se\/mub\/#website","url":"https:\/\/www.tillvaxtbohuslan.se\/mub\/","name":"Maritim utveckling i Bohusl\u00e4n","description":"","potentialAction":[{"@type":"SearchAction","target":{"@type":"EntryPoint","urlTemplate":"https:\/\/www.tillvaxtbohuslan.se\/mub\/?s={search_term_string}"},"query-input":{"@type":"PropertyValueSpecification","valueRequired":true,"valueName":"search_term_string"}}],"inLanguage":"sv-SE"}]}},"_links":{"self":[{"href":"https:\/\/www.tillvaxtbohuslan.se\/mub\/wp-json\/wp\/v2\/pages\/182","targetHints":{"allow":["GET"]}}],"collection":[{"href":"https:\/\/www.tillvaxtbohuslan.se\/mub\/wp-json\/wp\/v2\/pages"}],"about":[{"href":"https:\/\/www.tillvaxtbohuslan.se\/mub\/wp-json\/wp\/v2\/types\/page"}],"author":[{"embeddable":true,"href":"https:\/\/www.tillvaxtbohuslan.se\/mub\/wp-json\/wp\/v2\/users\/1"}],"replies":[{"embeddable":true,"href":"https:\/\/www.tillvaxtbohuslan.se\/mub\/wp-json\/wp\/v2\/comments?post=182"}],"version-history":[{"count":20,"href":"https:\/\/www.tillvaxtbohuslan.se\/mub\/wp-json\/wp\/v2\/pages\/182\/revisions"}],"predecessor-version":[{"id":525,"href":"https:\/\/www.tillvaxtbohuslan.se\/mub\/wp-json\/wp\/v2\/pages\/182\/revisions\/525"}],"wp:attachment":[{"href":"https:\/\/www.tillvaxtbohuslan.se\/mub\/wp-json\/wp\/v2\/media?parent=182"}],"curies":[{"name":"wp","href":"https:\/\/api.w.org\/{rel}","templated":true}]}}