{"id":271,"date":"2018-06-04T16:30:16","date_gmt":"2018-06-04T14:30:16","guid":{"rendered":"https:\/\/www.tillvaxtbohuslan.se\/maritim-naringslivsstrategi\/?page_id=271"},"modified":"2018-06-04T16:30:16","modified_gmt":"2018-06-04T14:30:16","slug":"kopplade-satsningar","status":"publish","type":"page","link":"https:\/\/www.tillvaxtbohuslan.se\/maritim-naringslivsstrategi\/kopplade-satsningar\/","title":{"rendered":"Kopplade satsningar"},"content":{"rendered":"<p>Inom Tillv\u00e4xt Norra Bohusl\u00e4n s\u00e5 drivs det ett flertal satsningar som baseras p\u00e5 den maritima n\u00e4ringslivsstrategin. Dessa satsningar kan du l\u00e4sa mer om h\u00e4r:<\/p>\n<ul>\n<li><a href=\"https:\/\/www.tillvaxtbohuslan.se\/bla-op\/\">Bl\u00e5 \u00d6versiktsplan<\/a><\/li>\n<li><a href=\"https:\/\/www.tillvaxtbohuslan.se\/mub\/\">Maritim Utveckling i Bohusl\u00e4n<\/a><\/li>\n<li><a href=\"https:\/\/www.tillvaxtbohuslan.se\/kustnara-fiske\/\">Kustn\u00e4ra fiske<\/a><\/li>\n<li><a href=\"https:\/\/www.tillvaxtbohuslan.se\/vattenbruksutbildning\/\">Vattenbruk<\/a><\/li>\n<\/ul>\n","protected":false},"excerpt":{"rendered":"<p>Inom Tillv\u00e4xt Norra Bohusl\u00e4n s\u00e5 drivs det ett flertal satsningar som baseras p\u00e5 den maritima n\u00e4ringslivsstrategin. Dessa satsningar kan du l\u00e4sa mer om h\u00e4r: Bl\u00e5 \u00d6versiktsplan Maritim Utveckling i Bohusl\u00e4n Kustn\u00e4ra fiske Vattenbruk<\/p>\n","protected":false},"author":1,"featured_media":0,"parent":0,"menu_order":0,"comment_status":"closed","ping_status":"closed","template":"","meta":{"_acf_changed":false,"footnotes":""},"class_list":["post-271","page","type-page","status-publish","hentry"],"acf":[],"yoast_head":"<!-- This site is optimized with the Yoast SEO plugin v27.4 - https:\/\/yoast.com\/product\/yoast-seo-wordpress\/ -->\n<title>Kopplade satsningar - Maritim N\u00e4ringslivsstrategi<\/title>\n<meta name=\"robots\" content=\"index, follow, max-snippet:-1, max-image-preview:large, max-video-preview:-1\" \/>\n<link rel=\"canonical\" href=\"https:\/\/www.tillvaxtbohuslan.se\/maritim-naringslivsstrategi\/kopplade-satsningar\/\" \/>\n<script type=\"application\/ld+json\" class=\"yoast-schema-graph\">{\"@context\":\"https:\\\/\\\/schema.org\",\"@graph\":[{\"@type\":\"WebPage\",\"@id\":\"https:\\\/\\\/www.tillvaxtbohuslan.se\\\/maritim-naringslivsstrategi\\\/kopplade-satsningar\\\/\",\"url\":\"https:\\\/\\\/www.tillvaxtbohuslan.se\\\/maritim-naringslivsstrategi\\\/kopplade-satsningar\\\/\",\"name\":\"Kopplade satsningar - Maritim N\u00e4ringslivsstrategi\",\"isPartOf\":{\"@id\":\"https:\\\/\\\/www.tillvaxtbohuslan.se\\\/maritim-naringslivsstrategi\\\/#website\"},\"datePublished\":\"2018-06-04T14:30:16+00:00\",\"breadcrumb\":{\"@id\":\"https:\\\/\\\/www.tillvaxtbohuslan.se\\\/maritim-naringslivsstrategi\\\/kopplade-satsningar\\\/#breadcrumb\"},\"inLanguage\":\"sv-SE\",\"potentialAction\":[{\"@type\":\"ReadAction\",\"target\":[\"https:\\\/\\\/www.tillvaxtbohuslan.se\\\/maritim-naringslivsstrategi\\\/kopplade-satsningar\\\/\"]}]},{\"@type\":\"BreadcrumbList\",\"@id\":\"https:\\\/\\\/www.tillvaxtbohuslan.se\\\/maritim-naringslivsstrategi\\\/kopplade-satsningar\\\/#breadcrumb\",\"itemListElement\":[{\"@type\":\"ListItem\",\"position\":1,\"name\":\"Hem\",\"item\":\"https:\\\/\\\/www.tillvaxtbohuslan.se\\\/maritim-naringslivsstrategi\\\/\"},{\"@type\":\"ListItem\",\"position\":2,\"name\":\"Kopplade satsningar\"}]},{\"@type\":\"WebSite\",\"@id\":\"https:\\\/\\\/www.tillvaxtbohuslan.se\\\/maritim-naringslivsstrategi\\\/#website\",\"url\":\"https:\\\/\\\/www.tillvaxtbohuslan.se\\\/maritim-naringslivsstrategi\\\/\",\"name\":\"Maritim N\u00e4ringslivsstrategi\",\"description\":\"\",\"potentialAction\":[{\"@type\":\"SearchAction\",\"target\":{\"@type\":\"EntryPoint\",\"urlTemplate\":\"https:\\\/\\\/www.tillvaxtbohuslan.se\\\/maritim-naringslivsstrategi\\\/?s={search_term_string}\"},\"query-input\":{\"@type\":\"PropertyValueSpecification\",\"valueRequired\":true,\"valueName\":\"search_term_string\"}}],\"inLanguage\":\"sv-SE\"}]}<\/script>\n<!-- \/ Yoast SEO plugin. -->","yoast_head_json":{"title":"Kopplade satsningar - Maritim N\u00e4ringslivsstrategi","robots":{"index":"index","follow":"follow","max-snippet":"max-snippet:-1","max-image-preview":"max-image-preview:large","max-video-preview":"max-video-preview:-1"},"canonical":"https:\/\/www.tillvaxtbohuslan.se\/maritim-naringslivsstrategi\/kopplade-satsningar\/","schema":{"@context":"https:\/\/schema.org","@graph":[{"@type":"WebPage","@id":"https:\/\/www.tillvaxtbohuslan.se\/maritim-naringslivsstrategi\/kopplade-satsningar\/","url":"https:\/\/www.tillvaxtbohuslan.se\/maritim-naringslivsstrategi\/kopplade-satsningar\/","name":"Kopplade satsningar - Maritim N\u00e4ringslivsstrategi","isPartOf":{"@id":"https:\/\/www.tillvaxtbohuslan.se\/maritim-naringslivsstrategi\/#website"},"datePublished":"2018-06-04T14:30:16+00:00","breadcrumb":{"@id":"https:\/\/www.tillvaxtbohuslan.se\/maritim-naringslivsstrategi\/kopplade-satsningar\/#breadcrumb"},"inLanguage":"sv-SE","potentialAction":[{"@type":"ReadAction","target":["https:\/\/www.tillvaxtbohuslan.se\/maritim-naringslivsstrategi\/kopplade-satsningar\/"]}]},{"@type":"BreadcrumbList","@id":"https:\/\/www.tillvaxtbohuslan.se\/maritim-naringslivsstrategi\/kopplade-satsningar\/#breadcrumb","itemListElement":[{"@type":"ListItem","position":1,"name":"Hem","item":"https:\/\/www.tillvaxtbohuslan.se\/maritim-naringslivsstrategi\/"},{"@type":"ListItem","position":2,"name":"Kopplade satsningar"}]},{"@type":"WebSite","@id":"https:\/\/www.tillvaxtbohuslan.se\/maritim-naringslivsstrategi\/#website","url":"https:\/\/www.tillvaxtbohuslan.se\/maritim-naringslivsstrategi\/","name":"Maritim N\u00e4ringslivsstrategi","description":"","potentialAction":[{"@type":"SearchAction","target":{"@type":"EntryPoint","urlTemplate":"https:\/\/www.tillvaxtbohuslan.se\/maritim-naringslivsstrategi\/?s={search_term_string}"},"query-input":{"@type":"PropertyValueSpecification","valueRequired":true,"valueName":"search_term_string"}}],"inLanguage":"sv-SE"}]}},"_links":{"self":[{"href":"https:\/\/www.tillvaxtbohuslan.se\/maritim-naringslivsstrategi\/wp-json\/wp\/v2\/pages\/271","targetHints":{"allow":["GET"]}}],"collection":[{"href":"https:\/\/www.tillvaxtbohuslan.se\/maritim-naringslivsstrategi\/wp-json\/wp\/v2\/pages"}],"about":[{"href":"https:\/\/www.tillvaxtbohuslan.se\/maritim-naringslivsstrategi\/wp-json\/wp\/v2\/types\/page"}],"author":[{"embeddable":true,"href":"https:\/\/www.tillvaxtbohuslan.se\/maritim-naringslivsstrategi\/wp-json\/wp\/v2\/users\/1"}],"replies":[{"embeddable":true,"href":"https:\/\/www.tillvaxtbohuslan.se\/maritim-naringslivsstrategi\/wp-json\/wp\/v2\/comments?post=271"}],"version-history":[{"count":1,"href":"https:\/\/www.tillvaxtbohuslan.se\/maritim-naringslivsstrategi\/wp-json\/wp\/v2\/pages\/271\/revisions"}],"predecessor-version":[{"id":272,"href":"https:\/\/www.tillvaxtbohuslan.se\/maritim-naringslivsstrategi\/wp-json\/wp\/v2\/pages\/271\/revisions\/272"}],"wp:attachment":[{"href":"https:\/\/www.tillvaxtbohuslan.se\/maritim-naringslivsstrategi\/wp-json\/wp\/v2\/media?parent=271"}],"curies":[{"name":"wp","href":"https:\/\/api.w.org\/{rel}","templated":true}]}}