{"id":217,"date":"2017-01-16T11:17:25","date_gmt":"2017-01-16T10:17:25","guid":{"rendered":"https:\/\/www.tillvaxtbohuslan.se\/maritim-naringslivsstrategi\/?page_id=217"},"modified":"2017-01-16T15:59:42","modified_gmt":"2017-01-16T14:59:42","slug":"kluster-sjofart-och-batnaring","status":"publish","type":"page","link":"https:\/\/www.tillvaxtbohuslan.se\/maritim-naringslivsstrategi\/kluster-sjofart-och-batnaring\/","title":{"rendered":"Kluster Sj\u00f6fart och B\u00e5tn\u00e4ring"},"content":{"rendered":"<p>Ladda ner faktabladet <a href=\"https:\/\/www.tillvaxtbohuslan.se\/maritim-naringslivsstrategi\/wp-content\/uploads\/sites\/20\/2017\/01\/Sj\u00f6fart-och-b\u00e5tn\u00e4ring.pdf\">Sj\u00f6fart och b\u00e5tn\u00e4ring<\/a><\/p>\n","protected":false},"excerpt":{"rendered":"<p>Ladda ner faktabladet Sj\u00f6fart och b\u00e5tn\u00e4ring<\/p>\n","protected":false},"author":1,"featured_media":0,"parent":0,"menu_order":0,"comment_status":"closed","ping_status":"closed","template":"","meta":{"_acf_changed":false,"footnotes":""},"class_list":["post-217","page","type-page","status-publish","hentry"],"acf":[],"yoast_head":"<!-- This site is optimized with the Yoast SEO plugin v27.4 - https:\/\/yoast.com\/product\/yoast-seo-wordpress\/ -->\n<title>Kluster Sj\u00f6fart och B\u00e5tn\u00e4ring - Maritim N\u00e4ringslivsstrategi<\/title>\n<meta name=\"robots\" content=\"index, follow, max-snippet:-1, max-image-preview:large, max-video-preview:-1\" \/>\n<link rel=\"canonical\" href=\"https:\/\/www.tillvaxtbohuslan.se\/maritim-naringslivsstrategi\/kluster-sjofart-och-batnaring\/\" \/>\n<script type=\"application\/ld+json\" class=\"yoast-schema-graph\">{\"@context\":\"https:\\\/\\\/schema.org\",\"@graph\":[{\"@type\":\"WebPage\",\"@id\":\"https:\\\/\\\/www.tillvaxtbohuslan.se\\\/maritim-naringslivsstrategi\\\/kluster-sjofart-och-batnaring\\\/\",\"url\":\"https:\\\/\\\/www.tillvaxtbohuslan.se\\\/maritim-naringslivsstrategi\\\/kluster-sjofart-och-batnaring\\\/\",\"name\":\"Kluster Sj\u00f6fart och B\u00e5tn\u00e4ring - Maritim N\u00e4ringslivsstrategi\",\"isPartOf\":{\"@id\":\"https:\\\/\\\/www.tillvaxtbohuslan.se\\\/maritim-naringslivsstrategi\\\/#website\"},\"datePublished\":\"2017-01-16T10:17:25+00:00\",\"dateModified\":\"2017-01-16T14:59:42+00:00\",\"breadcrumb\":{\"@id\":\"https:\\\/\\\/www.tillvaxtbohuslan.se\\\/maritim-naringslivsstrategi\\\/kluster-sjofart-och-batnaring\\\/#breadcrumb\"},\"inLanguage\":\"sv-SE\",\"potentialAction\":[{\"@type\":\"ReadAction\",\"target\":[\"https:\\\/\\\/www.tillvaxtbohuslan.se\\\/maritim-naringslivsstrategi\\\/kluster-sjofart-och-batnaring\\\/\"]}]},{\"@type\":\"BreadcrumbList\",\"@id\":\"https:\\\/\\\/www.tillvaxtbohuslan.se\\\/maritim-naringslivsstrategi\\\/kluster-sjofart-och-batnaring\\\/#breadcrumb\",\"itemListElement\":[{\"@type\":\"ListItem\",\"position\":1,\"name\":\"Hem\",\"item\":\"https:\\\/\\\/www.tillvaxtbohuslan.se\\\/maritim-naringslivsstrategi\\\/\"},{\"@type\":\"ListItem\",\"position\":2,\"name\":\"Kluster Sj\u00f6fart och B\u00e5tn\u00e4ring\"}]},{\"@type\":\"WebSite\",\"@id\":\"https:\\\/\\\/www.tillvaxtbohuslan.se\\\/maritim-naringslivsstrategi\\\/#website\",\"url\":\"https:\\\/\\\/www.tillvaxtbohuslan.se\\\/maritim-naringslivsstrategi\\\/\",\"name\":\"Maritim N\u00e4ringslivsstrategi\",\"description\":\"\",\"potentialAction\":[{\"@type\":\"SearchAction\",\"target\":{\"@type\":\"EntryPoint\",\"urlTemplate\":\"https:\\\/\\\/www.tillvaxtbohuslan.se\\\/maritim-naringslivsstrategi\\\/?s={search_term_string}\"},\"query-input\":{\"@type\":\"PropertyValueSpecification\",\"valueRequired\":true,\"valueName\":\"search_term_string\"}}],\"inLanguage\":\"sv-SE\"}]}<\/script>\n<!-- \/ Yoast SEO plugin. -->","yoast_head_json":{"title":"Kluster Sj\u00f6fart och B\u00e5tn\u00e4ring - Maritim N\u00e4ringslivsstrategi","robots":{"index":"index","follow":"follow","max-snippet":"max-snippet:-1","max-image-preview":"max-image-preview:large","max-video-preview":"max-video-preview:-1"},"canonical":"https:\/\/www.tillvaxtbohuslan.se\/maritim-naringslivsstrategi\/kluster-sjofart-och-batnaring\/","schema":{"@context":"https:\/\/schema.org","@graph":[{"@type":"WebPage","@id":"https:\/\/www.tillvaxtbohuslan.se\/maritim-naringslivsstrategi\/kluster-sjofart-och-batnaring\/","url":"https:\/\/www.tillvaxtbohuslan.se\/maritim-naringslivsstrategi\/kluster-sjofart-och-batnaring\/","name":"Kluster Sj\u00f6fart och B\u00e5tn\u00e4ring - Maritim N\u00e4ringslivsstrategi","isPartOf":{"@id":"https:\/\/www.tillvaxtbohuslan.se\/maritim-naringslivsstrategi\/#website"},"datePublished":"2017-01-16T10:17:25+00:00","dateModified":"2017-01-16T14:59:42+00:00","breadcrumb":{"@id":"https:\/\/www.tillvaxtbohuslan.se\/maritim-naringslivsstrategi\/kluster-sjofart-och-batnaring\/#breadcrumb"},"inLanguage":"sv-SE","potentialAction":[{"@type":"ReadAction","target":["https:\/\/www.tillvaxtbohuslan.se\/maritim-naringslivsstrategi\/kluster-sjofart-och-batnaring\/"]}]},{"@type":"BreadcrumbList","@id":"https:\/\/www.tillvaxtbohuslan.se\/maritim-naringslivsstrategi\/kluster-sjofart-och-batnaring\/#breadcrumb","itemListElement":[{"@type":"ListItem","position":1,"name":"Hem","item":"https:\/\/www.tillvaxtbohuslan.se\/maritim-naringslivsstrategi\/"},{"@type":"ListItem","position":2,"name":"Kluster Sj\u00f6fart och B\u00e5tn\u00e4ring"}]},{"@type":"WebSite","@id":"https:\/\/www.tillvaxtbohuslan.se\/maritim-naringslivsstrategi\/#website","url":"https:\/\/www.tillvaxtbohuslan.se\/maritim-naringslivsstrategi\/","name":"Maritim N\u00e4ringslivsstrategi","description":"","potentialAction":[{"@type":"SearchAction","target":{"@type":"EntryPoint","urlTemplate":"https:\/\/www.tillvaxtbohuslan.se\/maritim-naringslivsstrategi\/?s={search_term_string}"},"query-input":{"@type":"PropertyValueSpecification","valueRequired":true,"valueName":"search_term_string"}}],"inLanguage":"sv-SE"}]}},"_links":{"self":[{"href":"https:\/\/www.tillvaxtbohuslan.se\/maritim-naringslivsstrategi\/wp-json\/wp\/v2\/pages\/217","targetHints":{"allow":["GET"]}}],"collection":[{"href":"https:\/\/www.tillvaxtbohuslan.se\/maritim-naringslivsstrategi\/wp-json\/wp\/v2\/pages"}],"about":[{"href":"https:\/\/www.tillvaxtbohuslan.se\/maritim-naringslivsstrategi\/wp-json\/wp\/v2\/types\/page"}],"author":[{"embeddable":true,"href":"https:\/\/www.tillvaxtbohuslan.se\/maritim-naringslivsstrategi\/wp-json\/wp\/v2\/users\/1"}],"replies":[{"embeddable":true,"href":"https:\/\/www.tillvaxtbohuslan.se\/maritim-naringslivsstrategi\/wp-json\/wp\/v2\/comments?post=217"}],"version-history":[{"count":3,"href":"https:\/\/www.tillvaxtbohuslan.se\/maritim-naringslivsstrategi\/wp-json\/wp\/v2\/pages\/217\/revisions"}],"predecessor-version":[{"id":247,"href":"https:\/\/www.tillvaxtbohuslan.se\/maritim-naringslivsstrategi\/wp-json\/wp\/v2\/pages\/217\/revisions\/247"}],"wp:attachment":[{"href":"https:\/\/www.tillvaxtbohuslan.se\/maritim-naringslivsstrategi\/wp-json\/wp\/v2\/media?parent=217"}],"curies":[{"name":"wp","href":"https:\/\/api.w.org\/{rel}","templated":true}]}}