{"id":13,"date":"2014-02-19T16:37:39","date_gmt":"2014-02-19T15:37:39","guid":{"rendered":"https:\/\/www.tillvaxtbohuslan.se\/maritim-naringslivsstrategi\/?page_id=13"},"modified":"2017-01-19T14:03:53","modified_gmt":"2017-01-19T13:03:53","slug":"projektbeskrivning","status":"publish","type":"page","link":"https:\/\/www.tillvaxtbohuslan.se\/maritim-naringslivsstrategi\/projektbeskrivning\/","title":{"rendered":"Om satsningen"},"content":{"rendered":"<p>Den Maritima n\u00e4ringslivsstrategin och den Bl\u00e5 \u00f6versiktsplanen \u00e4r tv\u00e5 parallellt framtagna politiska dokument som visar intentionen med v\u00e5ra havsresurser i Norra Bohusl\u00e4n. Den Bl\u00e5 \u00f6versiktsplanen bygger p\u00e5 behov identifierade i den Maritima n\u00e4ringslivsstrategin. Strategin baseras p\u00e5 konkretiseringar av de bl\u00e5 samh\u00e4llsbyggnadsm\u00e5len framtagna som grund f\u00f6r strategin och \u00f6versiktsplanen.<br \/>\nDen Maritima n\u00e4ringslivsstrategin \u00e4r framtagen p\u00e5 politiskt uppdrag av styrgruppen f\u00f6r Tillv\u00e4xt Norra Bohusl\u00e4n vilken inbegriper Str\u00f6mstad, Tanum, Soten\u00e4s och Lysekils kommuner. Arbetet \u00e4r brett f\u00f6rankrat i n\u00e4ringslivet och baserat p\u00e5 intervjuer, rundabordssamtal, kompetensdagar samt externa och interna utredningar och strategidokument. Strategin harmonierar med strategier och handlingsplaner inom de olika sektorerna och p\u00e5 EU, nationell, regional och lokal niv\u00e5.<\/p>\n<p>Strategin ska anv\u00e4ndas f\u00f6r att ge riktlinjer i arbetet med den Bl\u00e5 \u00f6versiktsplanen och leder till en separat handlingsplan med \u00e5tg\u00e4rder. Dessa \u00e5tg\u00e4rder \u00e4r centrala f\u00f6r att g\u00f6ra verklighet av de m\u00f6jligheter som finns inom det maritima omr\u00e5det i v\u00e5r region. Livsl\u00e4ngden av strategin s\u00e4tts till 2021 f\u00f6r att matcha EU\u00b4s strukturperiod (2014-2020). F\u00f6r att s\u00e4kerst\u00e4lla samverkan mellan kommunerna ska ansvaret f\u00f6r de maritima fr\u00e5gorna uttalas och delegeras i respektive kommun. Strategin och handlingsplanen ska f\u00f6ljas upp vartannat \u00e5r.<br \/>\nStrategin kan anv\u00e4ndas av tj\u00e4nstem\u00e4n och politiker som beh\u00f6ver mer information inom en maritim sektor. Samtidigt kommer den g\u00f6ras tillg\u00e4nglig f\u00f6r intressenter, entrepren\u00f6rer och lokala f\u00f6retag f\u00f6r att f\u00e5 upp intresset f\u00f6r m\u00f6jligheterna med de maritima n\u00e4ringarna i denna region.<\/p>\n<p>Vi beh\u00f6ver nyttja v\u00e5ra resurser och m\u00f6ta utmaningar med en fortsatt utveckling av v\u00e5rt n\u00e4ringsliv. Samtidigt beh\u00f6ver vi g\u00f6ra det utan att f\u00f6r den skull s\u00e4tta v\u00e5r attraktivitet eller v\u00e5ra naturv\u00e4rden p\u00e5 spel. Norra Bohusl\u00e4ns attraktivitet \u00e4r beroende av rena, artrika och livskraftiga hav. Havets livskraft \u00e4r ocks\u00e5 en grundl\u00e4ggande f\u00f6ruts\u00e4ttning f\u00f6r de flesta maritima n\u00e4ringar som \u00e4r etablerade eller \u00e4r p\u00e5 v\u00e4g att etableras i v\u00e5r region. Minst lika viktigt \u00e4r det att v\u00e4rna v\u00e5ra unika kultur- och naturv\u00e4rden p\u00e5 land och i hav s\u00e5 att de finns kvar f\u00f6r kommande generationer.<br \/>\nDe maritima n\u00e4ringarna f\u00f6rv\u00e4ntas vara en av Europas kraftigast v\u00e4xande sektorer fram\u00f6ver. D\u00e4rf\u00f6r \u00e4r det av central betydelse att v\u00e4l f\u00f6rvalta v\u00e5ra havsresurser och skapa f\u00f6r v\u00e5r region st\u00f6rsta m\u00f6jliga v\u00e4rde ur en h\u00e5llbar anv\u00e4ndning av dessa.<\/p>\n","protected":false},"excerpt":{"rendered":"<p>Den Maritima n\u00e4ringslivsstrategin och den Bl\u00e5 \u00f6versiktsplanen \u00e4r tv\u00e5 parallellt framtagna politiska dokument som visar intentionen med v\u00e5ra havsresurser i Norra Bohusl\u00e4n. Den Bl\u00e5 \u00f6versiktsplanen bygger p\u00e5 behov identifierade i den Maritima n\u00e4ringslivsstrategin. Strategin baseras p\u00e5 konkretiseringar av de bl\u00e5 &hellip; <a href=\"https:\/\/www.tillvaxtbohuslan.se\/maritim-naringslivsstrategi\/projektbeskrivning\/\" title=\"Om satsningen\">Forts\u00e4tt l\u00e4sa <span class=\"meta-nav\"><i class=\"icon-long-arrow-right\"><\/i><\/span><\/a><\/p>\n","protected":false},"author":1,"featured_media":0,"parent":0,"menu_order":0,"comment_status":"closed","ping_status":"open","template":"","meta":{"_acf_changed":false,"footnotes":""},"class_list":["post-13","page","type-page","status-publish","hentry"],"acf":[],"yoast_head":"<!-- This site is optimized with the Yoast SEO plugin v27.4 - https:\/\/yoast.com\/product\/yoast-seo-wordpress\/ -->\n<title>Om satsningen - Maritim N\u00e4ringslivsstrategi<\/title>\n<meta name=\"robots\" content=\"index, follow, max-snippet:-1, max-image-preview:large, max-video-preview:-1\" \/>\n<link rel=\"canonical\" href=\"https:\/\/www.tillvaxtbohuslan.se\/maritim-naringslivsstrategi\/projektbeskrivning\/\" \/>\n<meta name=\"twitter:label1\" content=\"Ber\u00e4knad l\u00e4stid\" \/>\n\t<meta name=\"twitter:data1\" content=\"2 minuter\" \/>\n<script type=\"application\/ld+json\" class=\"yoast-schema-graph\">{\"@context\":\"https:\\\/\\\/schema.org\",\"@graph\":[{\"@type\":\"WebPage\",\"@id\":\"https:\\\/\\\/www.tillvaxtbohuslan.se\\\/maritim-naringslivsstrategi\\\/projektbeskrivning\\\/\",\"url\":\"https:\\\/\\\/www.tillvaxtbohuslan.se\\\/maritim-naringslivsstrategi\\\/projektbeskrivning\\\/\",\"name\":\"Om satsningen - Maritim N\u00e4ringslivsstrategi\",\"isPartOf\":{\"@id\":\"https:\\\/\\\/www.tillvaxtbohuslan.se\\\/maritim-naringslivsstrategi\\\/#website\"},\"datePublished\":\"2014-02-19T15:37:39+00:00\",\"dateModified\":\"2017-01-19T13:03:53+00:00\",\"breadcrumb\":{\"@id\":\"https:\\\/\\\/www.tillvaxtbohuslan.se\\\/maritim-naringslivsstrategi\\\/projektbeskrivning\\\/#breadcrumb\"},\"inLanguage\":\"sv-SE\",\"potentialAction\":[{\"@type\":\"ReadAction\",\"target\":[\"https:\\\/\\\/www.tillvaxtbohuslan.se\\\/maritim-naringslivsstrategi\\\/projektbeskrivning\\\/\"]}]},{\"@type\":\"BreadcrumbList\",\"@id\":\"https:\\\/\\\/www.tillvaxtbohuslan.se\\\/maritim-naringslivsstrategi\\\/projektbeskrivning\\\/#breadcrumb\",\"itemListElement\":[{\"@type\":\"ListItem\",\"position\":1,\"name\":\"Hem\",\"item\":\"https:\\\/\\\/www.tillvaxtbohuslan.se\\\/maritim-naringslivsstrategi\\\/\"},{\"@type\":\"ListItem\",\"position\":2,\"name\":\"Om satsningen\"}]},{\"@type\":\"WebSite\",\"@id\":\"https:\\\/\\\/www.tillvaxtbohuslan.se\\\/maritim-naringslivsstrategi\\\/#website\",\"url\":\"https:\\\/\\\/www.tillvaxtbohuslan.se\\\/maritim-naringslivsstrategi\\\/\",\"name\":\"Maritim N\u00e4ringslivsstrategi\",\"description\":\"\",\"potentialAction\":[{\"@type\":\"SearchAction\",\"target\":{\"@type\":\"EntryPoint\",\"urlTemplate\":\"https:\\\/\\\/www.tillvaxtbohuslan.se\\\/maritim-naringslivsstrategi\\\/?s={search_term_string}\"},\"query-input\":{\"@type\":\"PropertyValueSpecification\",\"valueRequired\":true,\"valueName\":\"search_term_string\"}}],\"inLanguage\":\"sv-SE\"}]}<\/script>\n<!-- \/ Yoast SEO plugin. -->","yoast_head_json":{"title":"Om satsningen - Maritim N\u00e4ringslivsstrategi","robots":{"index":"index","follow":"follow","max-snippet":"max-snippet:-1","max-image-preview":"max-image-preview:large","max-video-preview":"max-video-preview:-1"},"canonical":"https:\/\/www.tillvaxtbohuslan.se\/maritim-naringslivsstrategi\/projektbeskrivning\/","twitter_misc":{"Ber\u00e4knad l\u00e4stid":"2 minuter"},"schema":{"@context":"https:\/\/schema.org","@graph":[{"@type":"WebPage","@id":"https:\/\/www.tillvaxtbohuslan.se\/maritim-naringslivsstrategi\/projektbeskrivning\/","url":"https:\/\/www.tillvaxtbohuslan.se\/maritim-naringslivsstrategi\/projektbeskrivning\/","name":"Om satsningen - Maritim N\u00e4ringslivsstrategi","isPartOf":{"@id":"https:\/\/www.tillvaxtbohuslan.se\/maritim-naringslivsstrategi\/#website"},"datePublished":"2014-02-19T15:37:39+00:00","dateModified":"2017-01-19T13:03:53+00:00","breadcrumb":{"@id":"https:\/\/www.tillvaxtbohuslan.se\/maritim-naringslivsstrategi\/projektbeskrivning\/#breadcrumb"},"inLanguage":"sv-SE","potentialAction":[{"@type":"ReadAction","target":["https:\/\/www.tillvaxtbohuslan.se\/maritim-naringslivsstrategi\/projektbeskrivning\/"]}]},{"@type":"BreadcrumbList","@id":"https:\/\/www.tillvaxtbohuslan.se\/maritim-naringslivsstrategi\/projektbeskrivning\/#breadcrumb","itemListElement":[{"@type":"ListItem","position":1,"name":"Hem","item":"https:\/\/www.tillvaxtbohuslan.se\/maritim-naringslivsstrategi\/"},{"@type":"ListItem","position":2,"name":"Om satsningen"}]},{"@type":"WebSite","@id":"https:\/\/www.tillvaxtbohuslan.se\/maritim-naringslivsstrategi\/#website","url":"https:\/\/www.tillvaxtbohuslan.se\/maritim-naringslivsstrategi\/","name":"Maritim N\u00e4ringslivsstrategi","description":"","potentialAction":[{"@type":"SearchAction","target":{"@type":"EntryPoint","urlTemplate":"https:\/\/www.tillvaxtbohuslan.se\/maritim-naringslivsstrategi\/?s={search_term_string}"},"query-input":{"@type":"PropertyValueSpecification","valueRequired":true,"valueName":"search_term_string"}}],"inLanguage":"sv-SE"}]}},"_links":{"self":[{"href":"https:\/\/www.tillvaxtbohuslan.se\/maritim-naringslivsstrategi\/wp-json\/wp\/v2\/pages\/13","targetHints":{"allow":["GET"]}}],"collection":[{"href":"https:\/\/www.tillvaxtbohuslan.se\/maritim-naringslivsstrategi\/wp-json\/wp\/v2\/pages"}],"about":[{"href":"https:\/\/www.tillvaxtbohuslan.se\/maritim-naringslivsstrategi\/wp-json\/wp\/v2\/types\/page"}],"author":[{"embeddable":true,"href":"https:\/\/www.tillvaxtbohuslan.se\/maritim-naringslivsstrategi\/wp-json\/wp\/v2\/users\/1"}],"replies":[{"embeddable":true,"href":"https:\/\/www.tillvaxtbohuslan.se\/maritim-naringslivsstrategi\/wp-json\/wp\/v2\/comments?post=13"}],"version-history":[{"count":12,"href":"https:\/\/www.tillvaxtbohuslan.se\/maritim-naringslivsstrategi\/wp-json\/wp\/v2\/pages\/13\/revisions"}],"predecessor-version":[{"id":211,"href":"https:\/\/www.tillvaxtbohuslan.se\/maritim-naringslivsstrategi\/wp-json\/wp\/v2\/pages\/13\/revisions\/211"}],"wp:attachment":[{"href":"https:\/\/www.tillvaxtbohuslan.se\/maritim-naringslivsstrategi\/wp-json\/wp\/v2\/media?parent=13"}],"curies":[{"name":"wp","href":"https:\/\/api.w.org\/{rel}","templated":true}]}}