{"id":286,"date":"2014-04-24T11:21:08","date_gmt":"2014-04-24T09:21:08","guid":{"rendered":"https:\/\/www.tillvaxtbohuslan.se\/leader-ranrike\/?page_id=286"},"modified":"2014-12-17T09:14:59","modified_gmt":"2014-12-17T08:14:59","slug":"tyck-till","status":"publish","type":"page","link":"https:\/\/www.tillvaxtbohuslan.se\/leader-ranrike\/tyck-till\/","title":{"rendered":"Tyck till"},"content":{"rendered":"<p><b>Dina synpunkter \u00e4r fortsatt viktiga!<\/b><b><br \/>\n<\/b>Beskrivningen av styrkor och svagheter (SWOT-analys) f\u00f6r norra Bohusl\u00e4ns landsbygd \u00e4r grunden f\u00f6r den utvecklingsplan som \u00e4r framtagen f\u00f6r nya ans\u00f6kan.<\/p>\n<p>De utvecklingsbehov som tr\u00e4der fram i analysen hj\u00e4lper oss att v\u00e4lja ut de insatsomr\u00e5den som \u00e4r viktigast att jobba med f\u00f6r att utveckla landsbygden i norra Bohusl\u00e4n p\u00e5 ett h\u00e5llbart s\u00e4tt.<\/p>\n<p><a href=\"https:\/\/www.tillvaxtbohuslan.se\/leader-ranrike\/wp-content\/uploads\/sites\/7\/2014\/09\/ny-swot-utkast-0921.pdf\" target=\"_blank\">Klicka h\u00e4r f\u00f6r fullst\u00e4ndig SWOT f\u00f6r Norra Bohusl\u00e4n<strong>.<\/strong><\/a><\/p>\n<p>Du ser v\u00e5rt f\u00f6rslag till ans\u00f6kan som l\u00e4mnades in den 8 dec 2014. <a href=\"https:\/\/www.tillvaxtbohuslan.se\/leader-ranrike\/wp-content\/uploads\/sites\/7\/2014\/12\/2014-12-05-inskickad-strategi-leader-bohuskust-och-gransbygd.pdf\">Strategi f\u00f6r Bohuskust och Gr\u00e4nsland <\/a><\/p>\n<p>L\u00e4mna dina synpunkter i kommentarsf\u00e4ltet nedan. Viv\u00e4lkomnar alla kommentarer, men f\u00f6r att dialogen skall h\u00e5lla en god ton granskas alla inl\u00e4gg f\u00f6re publicering.<\/p>\n<p><b><b>Tack f\u00f6r ditt engagemang!<\/b><\/b><\/p>\n","protected":false},"excerpt":{"rendered":"<p>Dina synpunkter \u00e4r fortsatt viktiga! Beskrivningen av styrkor och svagheter (SWOT-analys) f\u00f6r norra Bohusl\u00e4ns landsbygd \u00e4r grunden f\u00f6r den utvecklingsplan som \u00e4r framtagen f\u00f6r nya ans\u00f6kan. De utvecklingsbehov som tr\u00e4der fram i analysen hj\u00e4lper oss att v\u00e4lja ut de insatsomr\u00e5den &hellip; <a href=\"https:\/\/www.tillvaxtbohuslan.se\/leader-ranrike\/tyck-till\/\" title=\"Tyck till\">Forts\u00e4tt l\u00e4sa <span class=\"meta-nav\"><i class=\"icon-long-arrow-right\"><\/i><\/span><\/a><\/p>\n","protected":false},"author":5,"featured_media":0,"parent":0,"menu_order":0,"comment_status":"closed","ping_status":"closed","template":"","meta":{"_acf_changed":false,"footnotes":""},"class_list":["post-286","page","type-page","status-publish","hentry"],"acf":[],"yoast_head":"<!-- This site is optimized with the Yoast SEO plugin v27.4 - https:\/\/yoast.com\/product\/yoast-seo-wordpress\/ -->\n<title>Tyck till - Leader Ranrike Norra Bohusl\u00e4n<\/title>\n<meta name=\"robots\" content=\"index, follow, max-snippet:-1, max-image-preview:large, max-video-preview:-1\" \/>\n<link rel=\"canonical\" href=\"https:\/\/www.tillvaxtbohuslan.se\/leader-ranrike\/tyck-till\/\" \/>\n<meta name=\"twitter:label1\" content=\"Ber\u00e4knad l\u00e4stid\" \/>\n\t<meta name=\"twitter:data1\" content=\"1 minut\" \/>\n<script type=\"application\/ld+json\" class=\"yoast-schema-graph\">{\"@context\":\"https:\\\/\\\/schema.org\",\"@graph\":[{\"@type\":\"WebPage\",\"@id\":\"https:\\\/\\\/www.tillvaxtbohuslan.se\\\/leader-ranrike\\\/tyck-till\\\/\",\"url\":\"https:\\\/\\\/www.tillvaxtbohuslan.se\\\/leader-ranrike\\\/tyck-till\\\/\",\"name\":\"Tyck till - Leader Ranrike Norra Bohusl\u00e4n\",\"isPartOf\":{\"@id\":\"https:\\\/\\\/www.tillvaxtbohuslan.se\\\/leader-ranrike\\\/#website\"},\"datePublished\":\"2014-04-24T09:21:08+00:00\",\"dateModified\":\"2014-12-17T08:14:59+00:00\",\"breadcrumb\":{\"@id\":\"https:\\\/\\\/www.tillvaxtbohuslan.se\\\/leader-ranrike\\\/tyck-till\\\/#breadcrumb\"},\"inLanguage\":\"sv-SE\",\"potentialAction\":[{\"@type\":\"ReadAction\",\"target\":[\"https:\\\/\\\/www.tillvaxtbohuslan.se\\\/leader-ranrike\\\/tyck-till\\\/\"]}]},{\"@type\":\"BreadcrumbList\",\"@id\":\"https:\\\/\\\/www.tillvaxtbohuslan.se\\\/leader-ranrike\\\/tyck-till\\\/#breadcrumb\",\"itemListElement\":[{\"@type\":\"ListItem\",\"position\":1,\"name\":\"Hem\",\"item\":\"https:\\\/\\\/www.tillvaxtbohuslan.se\\\/leader-ranrike\\\/\"},{\"@type\":\"ListItem\",\"position\":2,\"name\":\"Tyck till\"}]},{\"@type\":\"WebSite\",\"@id\":\"https:\\\/\\\/www.tillvaxtbohuslan.se\\\/leader-ranrike\\\/#website\",\"url\":\"https:\\\/\\\/www.tillvaxtbohuslan.se\\\/leader-ranrike\\\/\",\"name\":\"Leader Ranrike Norra Bohusl\u00e4n\",\"description\":\"\",\"potentialAction\":[{\"@type\":\"SearchAction\",\"target\":{\"@type\":\"EntryPoint\",\"urlTemplate\":\"https:\\\/\\\/www.tillvaxtbohuslan.se\\\/leader-ranrike\\\/?s={search_term_string}\"},\"query-input\":{\"@type\":\"PropertyValueSpecification\",\"valueRequired\":true,\"valueName\":\"search_term_string\"}}],\"inLanguage\":\"sv-SE\"}]}<\/script>\n<!-- \/ Yoast SEO plugin. -->","yoast_head_json":{"title":"Tyck till - Leader Ranrike Norra Bohusl\u00e4n","robots":{"index":"index","follow":"follow","max-snippet":"max-snippet:-1","max-image-preview":"max-image-preview:large","max-video-preview":"max-video-preview:-1"},"canonical":"https:\/\/www.tillvaxtbohuslan.se\/leader-ranrike\/tyck-till\/","twitter_misc":{"Ber\u00e4knad l\u00e4stid":"1 minut"},"schema":{"@context":"https:\/\/schema.org","@graph":[{"@type":"WebPage","@id":"https:\/\/www.tillvaxtbohuslan.se\/leader-ranrike\/tyck-till\/","url":"https:\/\/www.tillvaxtbohuslan.se\/leader-ranrike\/tyck-till\/","name":"Tyck till - Leader Ranrike Norra Bohusl\u00e4n","isPartOf":{"@id":"https:\/\/www.tillvaxtbohuslan.se\/leader-ranrike\/#website"},"datePublished":"2014-04-24T09:21:08+00:00","dateModified":"2014-12-17T08:14:59+00:00","breadcrumb":{"@id":"https:\/\/www.tillvaxtbohuslan.se\/leader-ranrike\/tyck-till\/#breadcrumb"},"inLanguage":"sv-SE","potentialAction":[{"@type":"ReadAction","target":["https:\/\/www.tillvaxtbohuslan.se\/leader-ranrike\/tyck-till\/"]}]},{"@type":"BreadcrumbList","@id":"https:\/\/www.tillvaxtbohuslan.se\/leader-ranrike\/tyck-till\/#breadcrumb","itemListElement":[{"@type":"ListItem","position":1,"name":"Hem","item":"https:\/\/www.tillvaxtbohuslan.se\/leader-ranrike\/"},{"@type":"ListItem","position":2,"name":"Tyck till"}]},{"@type":"WebSite","@id":"https:\/\/www.tillvaxtbohuslan.se\/leader-ranrike\/#website","url":"https:\/\/www.tillvaxtbohuslan.se\/leader-ranrike\/","name":"Leader Ranrike Norra Bohusl\u00e4n","description":"","potentialAction":[{"@type":"SearchAction","target":{"@type":"EntryPoint","urlTemplate":"https:\/\/www.tillvaxtbohuslan.se\/leader-ranrike\/?s={search_term_string}"},"query-input":{"@type":"PropertyValueSpecification","valueRequired":true,"valueName":"search_term_string"}}],"inLanguage":"sv-SE"}]}},"_links":{"self":[{"href":"https:\/\/www.tillvaxtbohuslan.se\/leader-ranrike\/wp-json\/wp\/v2\/pages\/286","targetHints":{"allow":["GET"]}}],"collection":[{"href":"https:\/\/www.tillvaxtbohuslan.se\/leader-ranrike\/wp-json\/wp\/v2\/pages"}],"about":[{"href":"https:\/\/www.tillvaxtbohuslan.se\/leader-ranrike\/wp-json\/wp\/v2\/types\/page"}],"author":[{"embeddable":true,"href":"https:\/\/www.tillvaxtbohuslan.se\/leader-ranrike\/wp-json\/wp\/v2\/users\/5"}],"replies":[{"embeddable":true,"href":"https:\/\/www.tillvaxtbohuslan.se\/leader-ranrike\/wp-json\/wp\/v2\/comments?post=286"}],"version-history":[{"count":17,"href":"https:\/\/www.tillvaxtbohuslan.se\/leader-ranrike\/wp-json\/wp\/v2\/pages\/286\/revisions"}],"predecessor-version":[{"id":354,"href":"https:\/\/www.tillvaxtbohuslan.se\/leader-ranrike\/wp-json\/wp\/v2\/pages\/286\/revisions\/354"}],"wp:attachment":[{"href":"https:\/\/www.tillvaxtbohuslan.se\/leader-ranrike\/wp-json\/wp\/v2\/media?parent=286"}],"curies":[{"name":"wp","href":"https:\/\/api.w.org\/{rel}","templated":true}]}}