{"id":168,"date":"2014-03-28T13:02:04","date_gmt":"2014-03-28T12:02:04","guid":{"rendered":"https:\/\/www.tillvaxtbohuslan.se\/kustzonsplanering\/?page_id=168"},"modified":"2014-09-09T15:52:42","modified_gmt":"2014-09-09T13:52:42","slug":"gis-kustzonskarta","status":"publish","type":"page","link":"https:\/\/www.tillvaxtbohuslan.se\/kustzonsplanering\/gis-kustzonskarta\/","title":{"rendered":"GIS kustzonskarta"},"content":{"rendered":"<p><a href=\"https:\/\/www.tillvaxtbohuslan.se\/kustzonsplanering\/wp-content\/uploads\/sites\/10\/2014\/03\/gis-kustzonskarta.jpg\"><img loading=\"lazy\" decoding=\"async\" class=\"img-responsive img-responsive alignnone size-full wp-image-258\" alt=\"gis-kustzonskarta\" src=\"https:\/\/www.tillvaxtbohuslan.se\/kustzonsplanering\/wp-content\/uploads\/sites\/10\/2014\/03\/gis-kustzonskarta.jpg\" width=\"510\" height=\"180\" srcset=\"https:\/\/www.tillvaxtbohuslan.se\/kustzonsplanering\/wp-content\/uploads\/sites\/10\/2014\/03\/gis-kustzonskarta.jpg 510w, https:\/\/www.tillvaxtbohuslan.se\/kustzonsplanering\/wp-content\/uploads\/sites\/10\/2014\/03\/gis-kustzonskarta-300x105.jpg 300w\" sizes=\"auto, (max-width: 510px) 100vw, 510px\" \/><\/a><\/p>\n<p>Kartan \u00e4r en webbaserad karttj\u00e4nst som ska st\u00f6dja samverkan inom projektet. Den har utvecklats av L\u00e4nsstyrelsen i V\u00e4stra G\u00f6taland och \u00e4r \u00e4n s\u00e5 l\u00e4nge en &#8221;testb\u00e4nk&#8221;. G\u00e5 in p\u00e5 kustzonskartan och se var det finns till exempel badplatser, vindkraftl\u00e4gen och v\u00e5rdcentraler i kommunerna. GIS=Geografiskt informationssystem.<\/p>\n<p>&nbsp;<\/p>\n","protected":false},"excerpt":{"rendered":"<p>Kartan \u00e4r en webbaserad karttj\u00e4nst som ska st\u00f6dja samverkan inom projektet. Den har utvecklats av L\u00e4nsstyrelsen i V\u00e4stra G\u00f6taland och \u00e4r \u00e4n s\u00e5 l\u00e4nge en &#8221;testb\u00e4nk&#8221;. G\u00e5 in p\u00e5 kustzonskartan och se var det finns till exempel badplatser, vindkraftl\u00e4gen och &hellip; <a href=\"https:\/\/www.tillvaxtbohuslan.se\/kustzonsplanering\/gis-kustzonskarta\/\" title=\"GIS kustzonskarta\">Forts\u00e4tt l\u00e4sa <span class=\"meta-nav\"><i class=\"icon-long-arrow-right\"><\/i><\/span><\/a><\/p>\n","protected":false},"author":1,"featured_media":0,"parent":0,"menu_order":0,"comment_status":"closed","ping_status":"closed","template":"","meta":{"_acf_changed":false,"footnotes":""},"class_list":["post-168","page","type-page","status-publish","hentry"],"acf":[],"yoast_head":"<!-- This site is optimized with the Yoast SEO plugin v27.4 - https:\/\/yoast.com\/product\/yoast-seo-wordpress\/ -->\n<title>GIS kustzonskarta - Kustzonsplanering och landsbygdsutveckling<\/title>\n<meta name=\"robots\" content=\"index, follow, max-snippet:-1, max-image-preview:large, max-video-preview:-1\" \/>\n<link rel=\"canonical\" href=\"https:\/\/www.tillvaxtbohuslan.se\/kustzonsplanering\/gis-kustzonskarta\/\" \/>\n<script type=\"application\/ld+json\" class=\"yoast-schema-graph\">{\"@context\":\"https:\\\/\\\/schema.org\",\"@graph\":[{\"@type\":\"WebPage\",\"@id\":\"https:\\\/\\\/www.tillvaxtbohuslan.se\\\/kustzonsplanering\\\/gis-kustzonskarta\\\/\",\"url\":\"https:\\\/\\\/www.tillvaxtbohuslan.se\\\/kustzonsplanering\\\/gis-kustzonskarta\\\/\",\"name\":\"GIS kustzonskarta - Kustzonsplanering och landsbygdsutveckling\",\"isPartOf\":{\"@id\":\"https:\\\/\\\/www.tillvaxtbohuslan.se\\\/kustzonsplanering\\\/#website\"},\"primaryImageOfPage\":{\"@id\":\"https:\\\/\\\/www.tillvaxtbohuslan.se\\\/kustzonsplanering\\\/gis-kustzonskarta\\\/#primaryimage\"},\"image\":{\"@id\":\"https:\\\/\\\/www.tillvaxtbohuslan.se\\\/kustzonsplanering\\\/gis-kustzonskarta\\\/#primaryimage\"},\"thumbnailUrl\":\"https:\\\/\\\/www.tillvaxtbohuslan.se\\\/kustzonsplanering\\\/wp-content\\\/uploads\\\/sites\\\/10\\\/2014\\\/03\\\/gis-kustzonskarta.jpg\",\"datePublished\":\"2014-03-28T12:02:04+00:00\",\"dateModified\":\"2014-09-09T13:52:42+00:00\",\"breadcrumb\":{\"@id\":\"https:\\\/\\\/www.tillvaxtbohuslan.se\\\/kustzonsplanering\\\/gis-kustzonskarta\\\/#breadcrumb\"},\"inLanguage\":\"sv-SE\",\"potentialAction\":[{\"@type\":\"ReadAction\",\"target\":[\"https:\\\/\\\/www.tillvaxtbohuslan.se\\\/kustzonsplanering\\\/gis-kustzonskarta\\\/\"]}]},{\"@type\":\"ImageObject\",\"inLanguage\":\"sv-SE\",\"@id\":\"https:\\\/\\\/www.tillvaxtbohuslan.se\\\/kustzonsplanering\\\/gis-kustzonskarta\\\/#primaryimage\",\"url\":\"https:\\\/\\\/www.tillvaxtbohuslan.se\\\/kustzonsplanering\\\/wp-content\\\/uploads\\\/sites\\\/10\\\/2014\\\/03\\\/gis-kustzonskarta.jpg\",\"contentUrl\":\"https:\\\/\\\/www.tillvaxtbohuslan.se\\\/kustzonsplanering\\\/wp-content\\\/uploads\\\/sites\\\/10\\\/2014\\\/03\\\/gis-kustzonskarta.jpg\",\"width\":510,\"height\":180},{\"@type\":\"BreadcrumbList\",\"@id\":\"https:\\\/\\\/www.tillvaxtbohuslan.se\\\/kustzonsplanering\\\/gis-kustzonskarta\\\/#breadcrumb\",\"itemListElement\":[{\"@type\":\"ListItem\",\"position\":1,\"name\":\"Hem\",\"item\":\"https:\\\/\\\/www.tillvaxtbohuslan.se\\\/kustzonsplanering\\\/\"},{\"@type\":\"ListItem\",\"position\":2,\"name\":\"GIS kustzonskarta\"}]},{\"@type\":\"WebSite\",\"@id\":\"https:\\\/\\\/www.tillvaxtbohuslan.se\\\/kustzonsplanering\\\/#website\",\"url\":\"https:\\\/\\\/www.tillvaxtbohuslan.se\\\/kustzonsplanering\\\/\",\"name\":\"Kustzonsplanering och landsbygdsutveckling\",\"description\":\"\",\"potentialAction\":[{\"@type\":\"SearchAction\",\"target\":{\"@type\":\"EntryPoint\",\"urlTemplate\":\"https:\\\/\\\/www.tillvaxtbohuslan.se\\\/kustzonsplanering\\\/?s={search_term_string}\"},\"query-input\":{\"@type\":\"PropertyValueSpecification\",\"valueRequired\":true,\"valueName\":\"search_term_string\"}}],\"inLanguage\":\"sv-SE\"}]}<\/script>\n<!-- \/ Yoast SEO plugin. -->","yoast_head_json":{"title":"GIS kustzonskarta - Kustzonsplanering och landsbygdsutveckling","robots":{"index":"index","follow":"follow","max-snippet":"max-snippet:-1","max-image-preview":"max-image-preview:large","max-video-preview":"max-video-preview:-1"},"canonical":"https:\/\/www.tillvaxtbohuslan.se\/kustzonsplanering\/gis-kustzonskarta\/","schema":{"@context":"https:\/\/schema.org","@graph":[{"@type":"WebPage","@id":"https:\/\/www.tillvaxtbohuslan.se\/kustzonsplanering\/gis-kustzonskarta\/","url":"https:\/\/www.tillvaxtbohuslan.se\/kustzonsplanering\/gis-kustzonskarta\/","name":"GIS kustzonskarta - Kustzonsplanering och landsbygdsutveckling","isPartOf":{"@id":"https:\/\/www.tillvaxtbohuslan.se\/kustzonsplanering\/#website"},"primaryImageOfPage":{"@id":"https:\/\/www.tillvaxtbohuslan.se\/kustzonsplanering\/gis-kustzonskarta\/#primaryimage"},"image":{"@id":"https:\/\/www.tillvaxtbohuslan.se\/kustzonsplanering\/gis-kustzonskarta\/#primaryimage"},"thumbnailUrl":"https:\/\/www.tillvaxtbohuslan.se\/kustzonsplanering\/wp-content\/uploads\/sites\/10\/2014\/03\/gis-kustzonskarta.jpg","datePublished":"2014-03-28T12:02:04+00:00","dateModified":"2014-09-09T13:52:42+00:00","breadcrumb":{"@id":"https:\/\/www.tillvaxtbohuslan.se\/kustzonsplanering\/gis-kustzonskarta\/#breadcrumb"},"inLanguage":"sv-SE","potentialAction":[{"@type":"ReadAction","target":["https:\/\/www.tillvaxtbohuslan.se\/kustzonsplanering\/gis-kustzonskarta\/"]}]},{"@type":"ImageObject","inLanguage":"sv-SE","@id":"https:\/\/www.tillvaxtbohuslan.se\/kustzonsplanering\/gis-kustzonskarta\/#primaryimage","url":"https:\/\/www.tillvaxtbohuslan.se\/kustzonsplanering\/wp-content\/uploads\/sites\/10\/2014\/03\/gis-kustzonskarta.jpg","contentUrl":"https:\/\/www.tillvaxtbohuslan.se\/kustzonsplanering\/wp-content\/uploads\/sites\/10\/2014\/03\/gis-kustzonskarta.jpg","width":510,"height":180},{"@type":"BreadcrumbList","@id":"https:\/\/www.tillvaxtbohuslan.se\/kustzonsplanering\/gis-kustzonskarta\/#breadcrumb","itemListElement":[{"@type":"ListItem","position":1,"name":"Hem","item":"https:\/\/www.tillvaxtbohuslan.se\/kustzonsplanering\/"},{"@type":"ListItem","position":2,"name":"GIS kustzonskarta"}]},{"@type":"WebSite","@id":"https:\/\/www.tillvaxtbohuslan.se\/kustzonsplanering\/#website","url":"https:\/\/www.tillvaxtbohuslan.se\/kustzonsplanering\/","name":"Kustzonsplanering och landsbygdsutveckling","description":"","potentialAction":[{"@type":"SearchAction","target":{"@type":"EntryPoint","urlTemplate":"https:\/\/www.tillvaxtbohuslan.se\/kustzonsplanering\/?s={search_term_string}"},"query-input":{"@type":"PropertyValueSpecification","valueRequired":true,"valueName":"search_term_string"}}],"inLanguage":"sv-SE"}]}},"_links":{"self":[{"href":"https:\/\/www.tillvaxtbohuslan.se\/kustzonsplanering\/wp-json\/wp\/v2\/pages\/168","targetHints":{"allow":["GET"]}}],"collection":[{"href":"https:\/\/www.tillvaxtbohuslan.se\/kustzonsplanering\/wp-json\/wp\/v2\/pages"}],"about":[{"href":"https:\/\/www.tillvaxtbohuslan.se\/kustzonsplanering\/wp-json\/wp\/v2\/types\/page"}],"author":[{"embeddable":true,"href":"https:\/\/www.tillvaxtbohuslan.se\/kustzonsplanering\/wp-json\/wp\/v2\/users\/1"}],"replies":[{"embeddable":true,"href":"https:\/\/www.tillvaxtbohuslan.se\/kustzonsplanering\/wp-json\/wp\/v2\/comments?post=168"}],"version-history":[{"count":4,"href":"https:\/\/www.tillvaxtbohuslan.se\/kustzonsplanering\/wp-json\/wp\/v2\/pages\/168\/revisions"}],"predecessor-version":[{"id":260,"href":"https:\/\/www.tillvaxtbohuslan.se\/kustzonsplanering\/wp-json\/wp\/v2\/pages\/168\/revisions\/260"}],"wp:attachment":[{"href":"https:\/\/www.tillvaxtbohuslan.se\/kustzonsplanering\/wp-json\/wp\/v2\/media?parent=168"}],"curies":[{"name":"wp","href":"https:\/\/api.w.org\/{rel}","templated":true}]}}