{"id":23,"date":"2014-02-19T16:38:28","date_gmt":"2014-02-19T15:38:28","guid":{"rendered":"https:\/\/www.tillvaxtbohuslan.se\/testar\/?page_id=23"},"modified":"2015-02-26T12:29:24","modified_gmt":"2015-02-26T11:29:24","slug":"kontakt","status":"publish","type":"page","link":"https:\/\/www.tillvaxtbohuslan.se\/kustnara-fiske\/kontakt\/","title":{"rendered":"Kontakt"},"content":{"rendered":"<p><strong>F\u00f6r mer information, v\u00e4nligen kontakta:\u00a0<\/strong><\/p>\n<p><strong>Mats Abrahamsson,<\/strong>\u00a0ordf\u00f6rande i samarbetsorganet \u201dTillv\u00e4xt Bohusl\u00e4n\u201d samt\u00a0Kommunstyrelsens ordf\u00f6rande i Soten\u00e4s Kommun; tfn:0702-13 95 74<\/p>\n<p><strong>Erland Lundqvist,<\/strong> n\u00e4ringslivsutvecklare f\u00f6r maritima sektorn, Str\u00f6mstads kommun; tfn: 0706-59 05 31. <a href=\"mailto:erland.lundqvist@stromstad.se\">erland.lundqvist@stromstad.se<\/a><\/p>\n","protected":false},"excerpt":{"rendered":"<p>F\u00f6r mer information, v\u00e4nligen kontakta:\u00a0 Mats Abrahamsson,\u00a0ordf\u00f6rande i samarbetsorganet \u201dTillv\u00e4xt Bohusl\u00e4n\u201d samt\u00a0Kommunstyrelsens ordf\u00f6rande i Soten\u00e4s Kommun; tfn:0702-13 95 74 Erland Lundqvist, n\u00e4ringslivsutvecklare f\u00f6r maritima sektorn, Str\u00f6mstads kommun; tfn: 0706-59 05 31. erland.lundqvist@stromstad.se<\/p>\n","protected":false},"author":1,"featured_media":0,"parent":0,"menu_order":0,"comment_status":"closed","ping_status":"open","template":"","meta":{"_acf_changed":false,"footnotes":""},"class_list":["post-23","page","type-page","status-publish","hentry"],"acf":[],"yoast_head":"<!-- This site is optimized with the Yoast SEO plugin v27.4 - https:\/\/yoast.com\/product\/yoast-seo-wordpress\/ -->\n<title>Kontakt - Kustn\u00e4ra fiske - h\u00e5llbart fiske<\/title>\n<meta name=\"robots\" content=\"index, follow, max-snippet:-1, max-image-preview:large, max-video-preview:-1\" \/>\n<link rel=\"canonical\" href=\"https:\/\/www.tillvaxtbohuslan.se\/kustnara-fiske\/kontakt\/\" \/>\n<script type=\"application\/ld+json\" class=\"yoast-schema-graph\">{\"@context\":\"https:\\\/\\\/schema.org\",\"@graph\":[{\"@type\":\"WebPage\",\"@id\":\"https:\\\/\\\/www.tillvaxtbohuslan.se\\\/kustnara-fiske\\\/kontakt\\\/\",\"url\":\"https:\\\/\\\/www.tillvaxtbohuslan.se\\\/kustnara-fiske\\\/kontakt\\\/\",\"name\":\"Kontakt - Kustn\u00e4ra fiske - h\u00e5llbart fiske\",\"isPartOf\":{\"@id\":\"https:\\\/\\\/www.tillvaxtbohuslan.se\\\/kustnara-fiske\\\/#website\"},\"datePublished\":\"2014-02-19T15:38:28+00:00\",\"dateModified\":\"2015-02-26T11:29:24+00:00\",\"breadcrumb\":{\"@id\":\"https:\\\/\\\/www.tillvaxtbohuslan.se\\\/kustnara-fiske\\\/kontakt\\\/#breadcrumb\"},\"inLanguage\":\"sv-SE\",\"potentialAction\":[{\"@type\":\"ReadAction\",\"target\":[\"https:\\\/\\\/www.tillvaxtbohuslan.se\\\/kustnara-fiske\\\/kontakt\\\/\"]}]},{\"@type\":\"BreadcrumbList\",\"@id\":\"https:\\\/\\\/www.tillvaxtbohuslan.se\\\/kustnara-fiske\\\/kontakt\\\/#breadcrumb\",\"itemListElement\":[{\"@type\":\"ListItem\",\"position\":1,\"name\":\"Hem\",\"item\":\"https:\\\/\\\/www.tillvaxtbohuslan.se\\\/kustnara-fiske\\\/\"},{\"@type\":\"ListItem\",\"position\":2,\"name\":\"Kontakt\"}]},{\"@type\":\"WebSite\",\"@id\":\"https:\\\/\\\/www.tillvaxtbohuslan.se\\\/kustnara-fiske\\\/#website\",\"url\":\"https:\\\/\\\/www.tillvaxtbohuslan.se\\\/kustnara-fiske\\\/\",\"name\":\"Kustn\u00e4ra fiske - h\u00e5llbart fiske\",\"description\":\"\",\"potentialAction\":[{\"@type\":\"SearchAction\",\"target\":{\"@type\":\"EntryPoint\",\"urlTemplate\":\"https:\\\/\\\/www.tillvaxtbohuslan.se\\\/kustnara-fiske\\\/?s={search_term_string}\"},\"query-input\":{\"@type\":\"PropertyValueSpecification\",\"valueRequired\":true,\"valueName\":\"search_term_string\"}}],\"inLanguage\":\"sv-SE\"}]}<\/script>\n<!-- \/ Yoast SEO plugin. -->","yoast_head_json":{"title":"Kontakt - Kustn\u00e4ra fiske - h\u00e5llbart fiske","robots":{"index":"index","follow":"follow","max-snippet":"max-snippet:-1","max-image-preview":"max-image-preview:large","max-video-preview":"max-video-preview:-1"},"canonical":"https:\/\/www.tillvaxtbohuslan.se\/kustnara-fiske\/kontakt\/","schema":{"@context":"https:\/\/schema.org","@graph":[{"@type":"WebPage","@id":"https:\/\/www.tillvaxtbohuslan.se\/kustnara-fiske\/kontakt\/","url":"https:\/\/www.tillvaxtbohuslan.se\/kustnara-fiske\/kontakt\/","name":"Kontakt - Kustn\u00e4ra fiske - h\u00e5llbart fiske","isPartOf":{"@id":"https:\/\/www.tillvaxtbohuslan.se\/kustnara-fiske\/#website"},"datePublished":"2014-02-19T15:38:28+00:00","dateModified":"2015-02-26T11:29:24+00:00","breadcrumb":{"@id":"https:\/\/www.tillvaxtbohuslan.se\/kustnara-fiske\/kontakt\/#breadcrumb"},"inLanguage":"sv-SE","potentialAction":[{"@type":"ReadAction","target":["https:\/\/www.tillvaxtbohuslan.se\/kustnara-fiske\/kontakt\/"]}]},{"@type":"BreadcrumbList","@id":"https:\/\/www.tillvaxtbohuslan.se\/kustnara-fiske\/kontakt\/#breadcrumb","itemListElement":[{"@type":"ListItem","position":1,"name":"Hem","item":"https:\/\/www.tillvaxtbohuslan.se\/kustnara-fiske\/"},{"@type":"ListItem","position":2,"name":"Kontakt"}]},{"@type":"WebSite","@id":"https:\/\/www.tillvaxtbohuslan.se\/kustnara-fiske\/#website","url":"https:\/\/www.tillvaxtbohuslan.se\/kustnara-fiske\/","name":"Kustn\u00e4ra fiske - h\u00e5llbart fiske","description":"","potentialAction":[{"@type":"SearchAction","target":{"@type":"EntryPoint","urlTemplate":"https:\/\/www.tillvaxtbohuslan.se\/kustnara-fiske\/?s={search_term_string}"},"query-input":{"@type":"PropertyValueSpecification","valueRequired":true,"valueName":"search_term_string"}}],"inLanguage":"sv-SE"}]}},"_links":{"self":[{"href":"https:\/\/www.tillvaxtbohuslan.se\/kustnara-fiske\/wp-json\/wp\/v2\/pages\/23","targetHints":{"allow":["GET"]}}],"collection":[{"href":"https:\/\/www.tillvaxtbohuslan.se\/kustnara-fiske\/wp-json\/wp\/v2\/pages"}],"about":[{"href":"https:\/\/www.tillvaxtbohuslan.se\/kustnara-fiske\/wp-json\/wp\/v2\/types\/page"}],"author":[{"embeddable":true,"href":"https:\/\/www.tillvaxtbohuslan.se\/kustnara-fiske\/wp-json\/wp\/v2\/users\/1"}],"replies":[{"embeddable":true,"href":"https:\/\/www.tillvaxtbohuslan.se\/kustnara-fiske\/wp-json\/wp\/v2\/comments?post=23"}],"version-history":[{"count":6,"href":"https:\/\/www.tillvaxtbohuslan.se\/kustnara-fiske\/wp-json\/wp\/v2\/pages\/23\/revisions"}],"predecessor-version":[{"id":171,"href":"https:\/\/www.tillvaxtbohuslan.se\/kustnara-fiske\/wp-json\/wp\/v2\/pages\/23\/revisions\/171"}],"wp:attachment":[{"href":"https:\/\/www.tillvaxtbohuslan.se\/kustnara-fiske\/wp-json\/wp\/v2\/media?parent=23"}],"curies":[{"name":"wp","href":"https:\/\/api.w.org\/{rel}","templated":true}]}}