{"id":693,"date":"2018-06-13T16:20:03","date_gmt":"2018-06-13T14:20:03","guid":{"rendered":"https:\/\/www.tillvaxtbohuslan.se\/bla-op\/?page_id=693"},"modified":"2019-01-15T16:02:54","modified_gmt":"2019-01-15T15:02:54","slug":"dokument","status":"publish","type":"page","link":"https:\/\/www.tillvaxtbohuslan.se\/bla-op\/dokument\/","title":{"rendered":"Bl\u00e5 \u00d6versiktsplan"},"content":{"rendered":"<p>De fyra kommunerna i Norra Bohusl\u00e4n \u2013 Str\u00f6mstad, Tanum, Soten\u00e4s och Lysekil har gemensamt arbetat fram en f\u00f6rdjupad \u00f6versiktsplan f\u00f6r kustvattendelen och territorialdelen av havet, dvs. det havsomr\u00e5de som innefattas av kommungr\u00e4nserna. Arbetet grundar sig p\u00e5 en l\u00e4ngre tids samarbete med plan- och utvecklingsfr\u00e5gor i havsbandet.<\/p>\n<p>Den bl\u00e5 \u00f6versiktsplanen \u00e4r ett viktigt verktyg f\u00f6r att styra hur vi skall nyttja v\u00e5ra gemensamma resurser s\u00e5 att Norra Bohusl\u00e4ns kust och hav \u00e4ven i framtiden kommer att vara attraktivt f\u00f6r boende, verksamheter och bes\u00f6kare.<\/p>\n<p>Nu \u00e4r planen \u00e4ntligen antagen och kan b\u00f6rja anv\u00e4ndas i praktiken. <a href=\"https:\/\/www.tillvaxtbohuslan.se\/bla-op\/wp-content\/uploads\/sites\/4\/2018\/09\/Final-folder-Bl\u00e5-\u00d6P-1.pdf\">Ladda ner foldern h\u00e4r.<\/a><\/p>\n<h4>Nedan finner du handlingarna:<\/h4>\n<p><a href=\"https:\/\/www.tillvaxtbohuslan.se\/bla-op\/wp-content\/uploads\/sites\/4\/2018\/11\/Planbeskrivning_Bla-OP_laga-kraft_181031.pdf\">Planbeskrivning Bl\u00e5 \u00d6P<\/a><\/p>\n<p><a href=\"https:\/\/www.tillvaxtbohuslan.se\/bla-op\/wp-content\/uploads\/sites\/4\/2018\/11\/Planeringsforutsattningar_Bla-OP_laga-kraft-181031.pdf\">Planeringsf\u00f6ruts\u00e4ttningar Bl\u00e5 \u00d6P<\/a><\/p>\n<p><a href=\"https:\/\/www.tillvaxtbohuslan.se\/bla-op\/wp-content\/uploads\/sites\/4\/2018\/11\/Rekommendationskarta_Bla-OP_laga-kraft_181031.pdf\">Rekommendationskarta Bl\u00e5 \u00d6P<\/a><\/p>\n<p><a href=\"https:\/\/www.tillvaxtbohuslan.se\/bla-op\/wp-content\/uploads\/sites\/4\/2018\/08\/sarskild-sammanst\u00e4llning-av-miljobedomning.pdf\">S\u00e4rskild sammanst\u00e4llning av milj\u00f6bed\u00f6mning<\/a><\/p>\n<p><a href=\"https:\/\/www.tillvaxtbohuslan.se\/bla-op\/wp-content\/uploads\/sites\/4\/2018\/06\/Bla_OP_utst\u00e4llningsutl\u00e5tande_20180614.pdf\">Bl\u00e5 \u00d6P utst\u00e4llningsutl\u00e5tande<\/a><\/p>\n<h5>L\u00e5guppl\u00f6sta filer (enklare att ladda ner)<\/h5>\n<p><a href=\"https:\/\/www.tillvaxtbohuslan.se\/bla-op\/wp-content\/uploads\/sites\/4\/2018\/11\/Rekommendationskarta_Bla-OP_laga-kraft_181031_lag.pdf\">Rekommendationskarta Bl\u00e5 \u00d6P<\/a><\/p>\n<p><a href=\"https:\/\/www.tillvaxtbohuslan.se\/bla-op\/wp-content\/uploads\/sites\/4\/2018\/11\/Planbeskrivning_Bla-OP_laga-kraft_181031_lag.pdf\">Planbeskrivning Bl\u00e5 \u00d6P<\/a><\/p>\n<p><a href=\"https:\/\/www.tillvaxtbohuslan.se\/bla-op\/wp-content\/uploads\/sites\/4\/2018\/11\/Planeringsforutsattningar_Bla-OP_laga-kraft-181031_lag.pdf\">Planeringsforutsattningar Bl\u00e5 \u00d6P<\/a><\/p>\n<h3><a href=\"https:\/\/arcg.is\/qyuej\" target=\"_blank\" rel=\"noopener\">Bl\u00e5 \u00f6versiktsplan webbkarta<\/a><\/h3>\n<p><a href=\"https:\/\/arcg.is\/qyuej\"><img loading=\"lazy\" decoding=\"async\" class=\"alignnone wp-image-674\" src=\"https:\/\/www.tillvaxtbohuslan.se\/bla-op\/wp-content\/uploads\/sites\/4\/2018\/03\/webbkartan-bild-555x484.jpg\" alt=\"\" width=\"373\" height=\"325\" srcset=\"https:\/\/www.tillvaxtbohuslan.se\/bla-op\/wp-content\/uploads\/sites\/4\/2018\/03\/webbkartan-bild-555x484.jpg 555w, https:\/\/www.tillvaxtbohuslan.se\/bla-op\/wp-content\/uploads\/sites\/4\/2018\/03\/webbkartan-bild-555x484-300x262.jpg 300w\" sizes=\"auto, (max-width: 373px) 100vw, 373px\" \/><\/a><\/p>\n<h3>Andra f\u00f6ruts\u00e4ttningar<\/h3>\n<p><a href=\"https:\/\/www.tillvaxtbohuslan.se\/bla-op\/wp-content\/uploads\/sites\/4\/2018\/11\/Bl\u00e5_\u00d6P_Forskning-1.pdf\">Bl\u00e5_\u00d6P_Forskning-1<\/a><\/p>\n<p><a href=\"https:\/\/www.tillvaxtbohuslan.se\/bla-op\/wp-content\/uploads\/sites\/4\/2018\/11\/Bl\u00e5_\u00d6P_friluftsliv_f\u00f6rs\u00f6k_1.pdf\">Bl\u00e5_\u00d6P_friluftsliv-1<\/a><\/p>\n<p><a href=\"https:\/\/www.tillvaxtbohuslan.se\/bla-op\/wp-content\/uploads\/sites\/4\/2018\/11\/Bl\u00e5_\u00d6P_Infrastruktur-2.pdf\">Bl\u00e5_\u00d6P_Infrastruktur-2<\/a><\/p>\n<p><a href=\"https:\/\/www.tillvaxtbohuslan.se\/bla-op\/wp-content\/uploads\/sites\/4\/2018\/11\/Bl\u00e5_\u00d6P_KULTUR1.pdf\">Bl\u00e5_\u00d6P_Kultur-1<\/a><\/p>\n<p><a href=\"https:\/\/www.tillvaxtbohuslan.se\/bla-op\/wp-content\/uploads\/sites\/4\/2018\/11\/Bl\u00e5_\u00d6P_MarinEnergi-1.pdf\">Bl\u00e5_\u00d6P_MarinEnergi-1<\/a><\/p>\n<p><a href=\"https:\/\/www.tillvaxtbohuslan.se\/bla-op\/wp-content\/uploads\/sites\/4\/2018\/11\/Bl\u00e5_\u00d6P_Maritim-Turism-1.pdf\">Bl\u00e5_\u00d6P_Maritim Turism-1<\/a><\/p>\n<p><a href=\"https:\/\/www.tillvaxtbohuslan.se\/bla-op\/wp-content\/uploads\/sites\/4\/2018\/11\/Bl\u00e5_\u00d6P_Sj\u00f6fart-o-B\u00e5tn\u00e4ring-1.pdf\">Bl\u00e5_\u00d6P_Sj\u00f6fart o B\u00e5tn\u00e4ring-1<\/a><\/p>\n","protected":false},"excerpt":{"rendered":"<p>De fyra kommunerna i Norra Bohusl\u00e4n \u2013 Str\u00f6mstad, Tanum, Soten\u00e4s och Lysekil har gemensamt arbetat fram en f\u00f6rdjupad \u00f6versiktsplan f\u00f6r kustvattendelen och territorialdelen av havet, dvs. det havsomr\u00e5de som innefattas av kommungr\u00e4nserna. Arbetet grundar sig p\u00e5 en l\u00e4ngre tids samarbete &hellip; <a href=\"https:\/\/www.tillvaxtbohuslan.se\/bla-op\/dokument\/\" title=\"Bl\u00e5 \u00d6versiktsplan\">Forts\u00e4tt l\u00e4sa <span class=\"meta-nav\"><i class=\"icon-long-arrow-right\"><\/i><\/span><\/a><\/p>\n","protected":false},"author":1,"featured_media":0,"parent":0,"menu_order":0,"comment_status":"closed","ping_status":"closed","template":"","meta":{"_acf_changed":false,"jetpack_post_was_ever_published":false,"footnotes":""},"class_list":["post-693","page","type-page","status-publish","hentry"],"acf":[],"yoast_head":"<!-- This site is optimized with the Yoast SEO plugin v27.4 - https:\/\/yoast.com\/product\/yoast-seo-wordpress\/ -->\n<title>Bl\u00e5 \u00d6versiktsplan - Bl\u00e5 \u00d6versiktsplan<\/title>\n<meta name=\"robots\" content=\"index, follow, max-snippet:-1, max-image-preview:large, max-video-preview:-1\" \/>\n<link rel=\"canonical\" href=\"https:\/\/www.tillvaxtbohuslan.se\/bla-op\/dokument\/\" \/>\n<meta name=\"twitter:label1\" content=\"Ber\u00e4knad l\u00e4stid\" \/>\n\t<meta name=\"twitter:data1\" content=\"1 minut\" \/>\n<script type=\"application\/ld+json\" class=\"yoast-schema-graph\">{\"@context\":\"https:\\\/\\\/schema.org\",\"@graph\":[{\"@type\":\"WebPage\",\"@id\":\"https:\\\/\\\/www.tillvaxtbohuslan.se\\\/bla-op\\\/dokument\\\/\",\"url\":\"https:\\\/\\\/www.tillvaxtbohuslan.se\\\/bla-op\\\/dokument\\\/\",\"name\":\"Bl\u00e5 \u00d6versiktsplan - Bl\u00e5 \u00d6versiktsplan\",\"isPartOf\":{\"@id\":\"https:\\\/\\\/www.tillvaxtbohuslan.se\\\/bla-op\\\/#website\"},\"primaryImageOfPage\":{\"@id\":\"https:\\\/\\\/www.tillvaxtbohuslan.se\\\/bla-op\\\/dokument\\\/#primaryimage\"},\"image\":{\"@id\":\"https:\\\/\\\/www.tillvaxtbohuslan.se\\\/bla-op\\\/dokument\\\/#primaryimage\"},\"thumbnailUrl\":\"https:\\\/\\\/www.tillvaxtbohuslan.se\\\/bla-op\\\/wp-content\\\/uploads\\\/sites\\\/4\\\/2018\\\/03\\\/webbkartan-bild-555x484.jpg\",\"datePublished\":\"2018-06-13T14:20:03+00:00\",\"dateModified\":\"2019-01-15T15:02:54+00:00\",\"breadcrumb\":{\"@id\":\"https:\\\/\\\/www.tillvaxtbohuslan.se\\\/bla-op\\\/dokument\\\/#breadcrumb\"},\"inLanguage\":\"sv-SE\",\"potentialAction\":[{\"@type\":\"ReadAction\",\"target\":[\"https:\\\/\\\/www.tillvaxtbohuslan.se\\\/bla-op\\\/dokument\\\/\"]}]},{\"@type\":\"ImageObject\",\"inLanguage\":\"sv-SE\",\"@id\":\"https:\\\/\\\/www.tillvaxtbohuslan.se\\\/bla-op\\\/dokument\\\/#primaryimage\",\"url\":\"https:\\\/\\\/www.tillvaxtbohuslan.se\\\/bla-op\\\/wp-content\\\/uploads\\\/sites\\\/4\\\/2018\\\/03\\\/webbkartan-bild-555x484.jpg\",\"contentUrl\":\"https:\\\/\\\/www.tillvaxtbohuslan.se\\\/bla-op\\\/wp-content\\\/uploads\\\/sites\\\/4\\\/2018\\\/03\\\/webbkartan-bild-555x484.jpg\"},{\"@type\":\"BreadcrumbList\",\"@id\":\"https:\\\/\\\/www.tillvaxtbohuslan.se\\\/bla-op\\\/dokument\\\/#breadcrumb\",\"itemListElement\":[{\"@type\":\"ListItem\",\"position\":1,\"name\":\"Hem\",\"item\":\"https:\\\/\\\/www.tillvaxtbohuslan.se\\\/bla-op\\\/\"},{\"@type\":\"ListItem\",\"position\":2,\"name\":\"Bl\u00e5 \u00d6versiktsplan\"}]},{\"@type\":\"WebSite\",\"@id\":\"https:\\\/\\\/www.tillvaxtbohuslan.se\\\/bla-op\\\/#website\",\"url\":\"https:\\\/\\\/www.tillvaxtbohuslan.se\\\/bla-op\\\/\",\"name\":\"Bl\u00e5 \u00d6versiktsplan\",\"description\":\"\",\"potentialAction\":[{\"@type\":\"SearchAction\",\"target\":{\"@type\":\"EntryPoint\",\"urlTemplate\":\"https:\\\/\\\/www.tillvaxtbohuslan.se\\\/bla-op\\\/?s={search_term_string}\"},\"query-input\":{\"@type\":\"PropertyValueSpecification\",\"valueRequired\":true,\"valueName\":\"search_term_string\"}}],\"inLanguage\":\"sv-SE\"}]}<\/script>\n<!-- \/ Yoast SEO plugin. -->","yoast_head_json":{"title":"Bl\u00e5 \u00d6versiktsplan - Bl\u00e5 \u00d6versiktsplan","robots":{"index":"index","follow":"follow","max-snippet":"max-snippet:-1","max-image-preview":"max-image-preview:large","max-video-preview":"max-video-preview:-1"},"canonical":"https:\/\/www.tillvaxtbohuslan.se\/bla-op\/dokument\/","twitter_misc":{"Ber\u00e4knad l\u00e4stid":"1 minut"},"schema":{"@context":"https:\/\/schema.org","@graph":[{"@type":"WebPage","@id":"https:\/\/www.tillvaxtbohuslan.se\/bla-op\/dokument\/","url":"https:\/\/www.tillvaxtbohuslan.se\/bla-op\/dokument\/","name":"Bl\u00e5 \u00d6versiktsplan - Bl\u00e5 \u00d6versiktsplan","isPartOf":{"@id":"https:\/\/www.tillvaxtbohuslan.se\/bla-op\/#website"},"primaryImageOfPage":{"@id":"https:\/\/www.tillvaxtbohuslan.se\/bla-op\/dokument\/#primaryimage"},"image":{"@id":"https:\/\/www.tillvaxtbohuslan.se\/bla-op\/dokument\/#primaryimage"},"thumbnailUrl":"https:\/\/www.tillvaxtbohuslan.se\/bla-op\/wp-content\/uploads\/sites\/4\/2018\/03\/webbkartan-bild-555x484.jpg","datePublished":"2018-06-13T14:20:03+00:00","dateModified":"2019-01-15T15:02:54+00:00","breadcrumb":{"@id":"https:\/\/www.tillvaxtbohuslan.se\/bla-op\/dokument\/#breadcrumb"},"inLanguage":"sv-SE","potentialAction":[{"@type":"ReadAction","target":["https:\/\/www.tillvaxtbohuslan.se\/bla-op\/dokument\/"]}]},{"@type":"ImageObject","inLanguage":"sv-SE","@id":"https:\/\/www.tillvaxtbohuslan.se\/bla-op\/dokument\/#primaryimage","url":"https:\/\/www.tillvaxtbohuslan.se\/bla-op\/wp-content\/uploads\/sites\/4\/2018\/03\/webbkartan-bild-555x484.jpg","contentUrl":"https:\/\/www.tillvaxtbohuslan.se\/bla-op\/wp-content\/uploads\/sites\/4\/2018\/03\/webbkartan-bild-555x484.jpg"},{"@type":"BreadcrumbList","@id":"https:\/\/www.tillvaxtbohuslan.se\/bla-op\/dokument\/#breadcrumb","itemListElement":[{"@type":"ListItem","position":1,"name":"Hem","item":"https:\/\/www.tillvaxtbohuslan.se\/bla-op\/"},{"@type":"ListItem","position":2,"name":"Bl\u00e5 \u00d6versiktsplan"}]},{"@type":"WebSite","@id":"https:\/\/www.tillvaxtbohuslan.se\/bla-op\/#website","url":"https:\/\/www.tillvaxtbohuslan.se\/bla-op\/","name":"Bl\u00e5 \u00d6versiktsplan","description":"","potentialAction":[{"@type":"SearchAction","target":{"@type":"EntryPoint","urlTemplate":"https:\/\/www.tillvaxtbohuslan.se\/bla-op\/?s={search_term_string}"},"query-input":{"@type":"PropertyValueSpecification","valueRequired":true,"valueName":"search_term_string"}}],"inLanguage":"sv-SE"}]}},"jetpack_sharing_enabled":true,"_links":{"self":[{"href":"https:\/\/www.tillvaxtbohuslan.se\/bla-op\/wp-json\/wp\/v2\/pages\/693","targetHints":{"allow":["GET"]}}],"collection":[{"href":"https:\/\/www.tillvaxtbohuslan.se\/bla-op\/wp-json\/wp\/v2\/pages"}],"about":[{"href":"https:\/\/www.tillvaxtbohuslan.se\/bla-op\/wp-json\/wp\/v2\/types\/page"}],"author":[{"embeddable":true,"href":"https:\/\/www.tillvaxtbohuslan.se\/bla-op\/wp-json\/wp\/v2\/users\/1"}],"replies":[{"embeddable":true,"href":"https:\/\/www.tillvaxtbohuslan.se\/bla-op\/wp-json\/wp\/v2\/comments?post=693"}],"version-history":[{"count":19,"href":"https:\/\/www.tillvaxtbohuslan.se\/bla-op\/wp-json\/wp\/v2\/pages\/693\/revisions"}],"predecessor-version":[{"id":770,"href":"https:\/\/www.tillvaxtbohuslan.se\/bla-op\/wp-json\/wp\/v2\/pages\/693\/revisions\/770"}],"wp:attachment":[{"href":"https:\/\/www.tillvaxtbohuslan.se\/bla-op\/wp-json\/wp\/v2\/media?parent=693"}],"curies":[{"name":"wp","href":"https:\/\/api.w.org\/{rel}","templated":true}]}}