{"id":22,"date":"2014-03-26T12:43:24","date_gmt":"2014-03-26T11:43:24","guid":{"rendered":"https:\/\/www.tillvaxtbohuslan.se\/bla-op\/?page_id=22"},"modified":"2018-09-24T12:38:57","modified_gmt":"2018-09-24T10:38:57","slug":"om-satsningen","status":"publish","type":"page","link":"https:\/\/www.tillvaxtbohuslan.se\/bla-op\/om-satsningen\/","title":{"rendered":"Om satsningen"},"content":{"rendered":"<p><a href=\"https:\/\/www.tillvaxtbohuslan.se\/bla-op\/wp-content\/uploads\/sites\/4\/2014\/03\/Bla-op.jpg\"><img loading=\"lazy\" decoding=\"async\" class=\"img-responsive img-responsive pull-right wp-image-173\" src=\"https:\/\/www.tillvaxtbohuslan.se\/bla-op\/wp-content\/uploads\/sites\/4\/2014\/03\/Bla-op.jpg\" alt=\"Bla-op\" width=\"393\" height=\"531\" srcset=\"https:\/\/www.tillvaxtbohuslan.se\/bla-op\/wp-content\/uploads\/sites\/4\/2014\/03\/Bla-op.jpg 415w, https:\/\/www.tillvaxtbohuslan.se\/bla-op\/wp-content\/uploads\/sites\/4\/2014\/03\/Bla-op-222x300.jpg 222w, https:\/\/www.tillvaxtbohuslan.se\/bla-op\/wp-content\/uploads\/sites\/4\/2014\/03\/Bla-op-411x555.jpg 411w\" sizes=\"auto, (max-width: 393px) 100vw, 393px\" \/><\/a>Den bild vi har framf\u00f6r \u00f6gonen n\u00e4r vi arbetar \u00e4r kustsamh\u00e4llen med en v\u00e4lm\u00e5ende och attraktiv kust som \u00e4r levande hela \u00e5ret. Ett robust, h\u00e5llbart n\u00e4ringsliv som hittat havets djupa m\u00f6jligheter. Ett n\u00e4ringsliv i symbios med rekreation och turism d\u00e4r tillst\u00e5ndsgivning \u00e4r ansvarsfull, v\u00e4l f\u00f6rberedd, rak och snabb. Samh\u00e4llen d\u00e4r kommunerna arbetar tillsammans med varandra och med n\u00e4ringslivet i en gemensam planering som v\u00e4rnar den unika milj\u00f6n och dess m\u00f6jligheter p\u00e5 ett sj\u00e4lvklart s\u00e4tt.<\/p>\n<p>Det \u00e4r m\u00e5nga intressen som konkurrerar om havet som resurs. D\u00e4rf\u00f6r beh\u00f6vs ett gemensamt f\u00f6rh\u00e5llningss\u00e4tt som l\u00e5ngsiktigt b\u00e5de skyddar och utvecklar livet p\u00e5, i och vid havet i norra Bohusl\u00e4n. Det \u00e4r anledningen till att kommunerna i norra Bohusl\u00e4n tar fram Bl\u00e5 \u00f6versiktsplan och Maritim n\u00e4ringslivsstrategi tillsammans.<\/p>\n<p>Att beskriva de olika intressenternas f\u00f6rv\u00e4ntningar med konsekvensanalyser baserade p\u00e5 god kunskap om havet \u00e4r en viktig del av arbetet.<\/p>\n<p>Arbetet hakar i nationella och regionala strategier bland annat V\u00e4stra G\u00f6talands strategi f\u00f6r maritima klustret.<\/p>\n<p><b>De fokusomr\u00e5den vi har valt \u00e4r:<\/b><\/p>\n<ul>\n<li>Marina livsmedel<\/li>\n<li>Maritim turism och rekreation<\/li>\n<li>Sj\u00f6fart och b\u00e5tn\u00e4ring<\/li>\n<li>Marin energi<\/li>\n<\/ul>\n<p>Arbetet drivs av arbetsgrupper, en med tj\u00e4nstem\u00e4n fr\u00e5n plan- och bygg, den andra med fokus p\u00e5 marin n\u00e4ringslivsutveckling. Dessutom medverkar tj\u00e4nstem\u00e4n fr\u00e5n L\u00e4nsstyrelsen och V\u00e4stra G\u00f6talandsregionen. Arbetet \u00e4r politiskt styrt och f\u00f6rankrat via referensgrupp och styrgrupp.<\/p>\n<p>Arbetet startade i juni 2013 och ska vara klart 2016.<\/p>\n<p><b>Gr\u00e4nser f\u00f6r Bl\u00e5 \u00f6versiktsplan<\/b><\/p>\n<p>Bl\u00e5 \u00f6versiktsplan behandlar b\u00e5de territorialplanen (m\u00f6rkbl\u00e5) och kustvattenplanen (ljusbl\u00e5).<\/p>\n<p><a href=\"https:\/\/www.tillvaxtbohuslan.se\/bla-op\/wp-content\/uploads\/sites\/4\/2014\/04\/kustvattenplanen.png\"><img loading=\"lazy\" decoding=\"async\" class=\"img-responsive img-responsive text-center wp-image-183\" src=\"https:\/\/www.tillvaxtbohuslan.se\/bla-op\/wp-content\/uploads\/sites\/4\/2014\/04\/kustvattenplanen.png\" alt=\"kustvattenplanen\" width=\"416\" height=\"652\" srcset=\"https:\/\/www.tillvaxtbohuslan.se\/bla-op\/wp-content\/uploads\/sites\/4\/2014\/04\/kustvattenplanen.png 800w, https:\/\/www.tillvaxtbohuslan.se\/bla-op\/wp-content\/uploads\/sites\/4\/2014\/04\/kustvattenplanen-191x300.png 191w, https:\/\/www.tillvaxtbohuslan.se\/bla-op\/wp-content\/uploads\/sites\/4\/2014\/04\/kustvattenplanen-653x1024.png 653w, https:\/\/www.tillvaxtbohuslan.se\/bla-op\/wp-content\/uploads\/sites\/4\/2014\/04\/kustvattenplanen-354x555.png 354w\" sizes=\"auto, (max-width: 416px) 100vw, 416px\" \/><\/a><\/p>\n<p><b>Vem ansvarar f\u00f6r vad?<\/b><\/p>\n<p>Kommunernas ansvar f\u00f6r \u00f6versiktsplanering omfattar all mark och vatten. Den kommunala Bl\u00e5 \u00f6versiktsplanen str\u00e4cker sig fr\u00e5n stranden ut till Sveriges gr\u00e4ns. Den innefattar territorialplanen (m\u00f6rkbl\u00e5) och kustvattenplanen\u00a0 (ljusbl\u00e5).<\/p>\n<p>Staten, genom Havs- och vattenmyndigheten, uppr\u00e4ttar V\u00e4sterhavsplanen vilken delvis \u00f6verlappar med den kommunala territorialplanen. L\u00e4nsstyrelsen samordnar den kommunala och statliga planeringen samt f\u00f6retr\u00e4der statens intressen och st\u00f6djer kommunerna i deras planering.<\/p>\n<p><img loading=\"lazy\" decoding=\"async\" class=\"alignnone wp-image-732\" src=\"https:\/\/www.tillvaxtbohuslan.se\/bla-op\/wp-content\/uploads\/sites\/4\/2018\/09\/figur-bl\u00e5-\u00f6p-ansvar.jpg\" alt=\"\" width=\"554\" height=\"554\" srcset=\"https:\/\/www.tillvaxtbohuslan.se\/bla-op\/wp-content\/uploads\/sites\/4\/2018\/09\/figur-bl\u00e5-\u00f6p-ansvar.jpg 567w, https:\/\/www.tillvaxtbohuslan.se\/bla-op\/wp-content\/uploads\/sites\/4\/2018\/09\/figur-bl\u00e5-\u00f6p-ansvar-150x150.jpg 150w, https:\/\/www.tillvaxtbohuslan.se\/bla-op\/wp-content\/uploads\/sites\/4\/2018\/09\/figur-bl\u00e5-\u00f6p-ansvar-300x300.jpg 300w, https:\/\/www.tillvaxtbohuslan.se\/bla-op\/wp-content\/uploads\/sites\/4\/2018\/09\/figur-bl\u00e5-\u00f6p-ansvar-555x555.jpg 555w\" sizes=\"auto, (max-width: 554px) 100vw, 554px\" \/><\/p>\n<p>&nbsp;<\/p>\n<p>&nbsp;<\/p>\n<p>&nbsp;<\/p>\n","protected":false},"excerpt":{"rendered":"<p>Den bild vi har framf\u00f6r \u00f6gonen n\u00e4r vi arbetar \u00e4r kustsamh\u00e4llen med en v\u00e4lm\u00e5ende och attraktiv kust som \u00e4r levande hela \u00e5ret. Ett robust, h\u00e5llbart n\u00e4ringsliv som hittat havets djupa m\u00f6jligheter. Ett n\u00e4ringsliv i symbios med rekreation och turism d\u00e4r &hellip; <a href=\"https:\/\/www.tillvaxtbohuslan.se\/bla-op\/om-satsningen\/\" title=\"Om satsningen\">Forts\u00e4tt l\u00e4sa <span class=\"meta-nav\"><i class=\"icon-long-arrow-right\"><\/i><\/span><\/a><\/p>\n","protected":false},"author":1,"featured_media":0,"parent":0,"menu_order":0,"comment_status":"closed","ping_status":"open","template":"","meta":{"_acf_changed":false,"jetpack_post_was_ever_published":false,"footnotes":""},"class_list":["post-22","page","type-page","status-publish","hentry"],"acf":[],"yoast_head":"<!-- This site is optimized with the Yoast SEO plugin v27.4 - https:\/\/yoast.com\/product\/yoast-seo-wordpress\/ -->\n<title>Om satsningen - Bl\u00e5 \u00d6versiktsplan<\/title>\n<meta name=\"robots\" content=\"index, follow, max-snippet:-1, max-image-preview:large, max-video-preview:-1\" \/>\n<link rel=\"canonical\" href=\"https:\/\/www.tillvaxtbohuslan.se\/bla-op\/om-satsningen\/\" \/>\n<meta name=\"twitter:label1\" content=\"Ber\u00e4knad l\u00e4stid\" \/>\n\t<meta name=\"twitter:data1\" content=\"2 minuter\" \/>\n<script type=\"application\/ld+json\" class=\"yoast-schema-graph\">{\"@context\":\"https:\\\/\\\/schema.org\",\"@graph\":[{\"@type\":\"WebPage\",\"@id\":\"https:\\\/\\\/www.tillvaxtbohuslan.se\\\/bla-op\\\/om-satsningen\\\/\",\"url\":\"https:\\\/\\\/www.tillvaxtbohuslan.se\\\/bla-op\\\/om-satsningen\\\/\",\"name\":\"Om satsningen - Bl\u00e5 \u00d6versiktsplan\",\"isPartOf\":{\"@id\":\"https:\\\/\\\/www.tillvaxtbohuslan.se\\\/bla-op\\\/#website\"},\"primaryImageOfPage\":{\"@id\":\"https:\\\/\\\/www.tillvaxtbohuslan.se\\\/bla-op\\\/om-satsningen\\\/#primaryimage\"},\"image\":{\"@id\":\"https:\\\/\\\/www.tillvaxtbohuslan.se\\\/bla-op\\\/om-satsningen\\\/#primaryimage\"},\"thumbnailUrl\":\"https:\\\/\\\/www.tillvaxtbohuslan.se\\\/bla-op\\\/wp-content\\\/uploads\\\/sites\\\/4\\\/2014\\\/03\\\/Bla-op.jpg\",\"datePublished\":\"2014-03-26T11:43:24+00:00\",\"dateModified\":\"2018-09-24T10:38:57+00:00\",\"breadcrumb\":{\"@id\":\"https:\\\/\\\/www.tillvaxtbohuslan.se\\\/bla-op\\\/om-satsningen\\\/#breadcrumb\"},\"inLanguage\":\"sv-SE\",\"potentialAction\":[{\"@type\":\"ReadAction\",\"target\":[\"https:\\\/\\\/www.tillvaxtbohuslan.se\\\/bla-op\\\/om-satsningen\\\/\"]}]},{\"@type\":\"ImageObject\",\"inLanguage\":\"sv-SE\",\"@id\":\"https:\\\/\\\/www.tillvaxtbohuslan.se\\\/bla-op\\\/om-satsningen\\\/#primaryimage\",\"url\":\"https:\\\/\\\/www.tillvaxtbohuslan.se\\\/bla-op\\\/wp-content\\\/uploads\\\/sites\\\/4\\\/2014\\\/03\\\/Bla-op.jpg\",\"contentUrl\":\"https:\\\/\\\/www.tillvaxtbohuslan.se\\\/bla-op\\\/wp-content\\\/uploads\\\/sites\\\/4\\\/2014\\\/03\\\/Bla-op.jpg\"},{\"@type\":\"BreadcrumbList\",\"@id\":\"https:\\\/\\\/www.tillvaxtbohuslan.se\\\/bla-op\\\/om-satsningen\\\/#breadcrumb\",\"itemListElement\":[{\"@type\":\"ListItem\",\"position\":1,\"name\":\"Hem\",\"item\":\"https:\\\/\\\/www.tillvaxtbohuslan.se\\\/bla-op\\\/\"},{\"@type\":\"ListItem\",\"position\":2,\"name\":\"Om satsningen\"}]},{\"@type\":\"WebSite\",\"@id\":\"https:\\\/\\\/www.tillvaxtbohuslan.se\\\/bla-op\\\/#website\",\"url\":\"https:\\\/\\\/www.tillvaxtbohuslan.se\\\/bla-op\\\/\",\"name\":\"Bl\u00e5 \u00d6versiktsplan\",\"description\":\"\",\"potentialAction\":[{\"@type\":\"SearchAction\",\"target\":{\"@type\":\"EntryPoint\",\"urlTemplate\":\"https:\\\/\\\/www.tillvaxtbohuslan.se\\\/bla-op\\\/?s={search_term_string}\"},\"query-input\":{\"@type\":\"PropertyValueSpecification\",\"valueRequired\":true,\"valueName\":\"search_term_string\"}}],\"inLanguage\":\"sv-SE\"}]}<\/script>\n<!-- \/ Yoast SEO plugin. -->","yoast_head_json":{"title":"Om satsningen - Bl\u00e5 \u00d6versiktsplan","robots":{"index":"index","follow":"follow","max-snippet":"max-snippet:-1","max-image-preview":"max-image-preview:large","max-video-preview":"max-video-preview:-1"},"canonical":"https:\/\/www.tillvaxtbohuslan.se\/bla-op\/om-satsningen\/","twitter_misc":{"Ber\u00e4knad l\u00e4stid":"2 minuter"},"schema":{"@context":"https:\/\/schema.org","@graph":[{"@type":"WebPage","@id":"https:\/\/www.tillvaxtbohuslan.se\/bla-op\/om-satsningen\/","url":"https:\/\/www.tillvaxtbohuslan.se\/bla-op\/om-satsningen\/","name":"Om satsningen - Bl\u00e5 \u00d6versiktsplan","isPartOf":{"@id":"https:\/\/www.tillvaxtbohuslan.se\/bla-op\/#website"},"primaryImageOfPage":{"@id":"https:\/\/www.tillvaxtbohuslan.se\/bla-op\/om-satsningen\/#primaryimage"},"image":{"@id":"https:\/\/www.tillvaxtbohuslan.se\/bla-op\/om-satsningen\/#primaryimage"},"thumbnailUrl":"https:\/\/www.tillvaxtbohuslan.se\/bla-op\/wp-content\/uploads\/sites\/4\/2014\/03\/Bla-op.jpg","datePublished":"2014-03-26T11:43:24+00:00","dateModified":"2018-09-24T10:38:57+00:00","breadcrumb":{"@id":"https:\/\/www.tillvaxtbohuslan.se\/bla-op\/om-satsningen\/#breadcrumb"},"inLanguage":"sv-SE","potentialAction":[{"@type":"ReadAction","target":["https:\/\/www.tillvaxtbohuslan.se\/bla-op\/om-satsningen\/"]}]},{"@type":"ImageObject","inLanguage":"sv-SE","@id":"https:\/\/www.tillvaxtbohuslan.se\/bla-op\/om-satsningen\/#primaryimage","url":"https:\/\/www.tillvaxtbohuslan.se\/bla-op\/wp-content\/uploads\/sites\/4\/2014\/03\/Bla-op.jpg","contentUrl":"https:\/\/www.tillvaxtbohuslan.se\/bla-op\/wp-content\/uploads\/sites\/4\/2014\/03\/Bla-op.jpg"},{"@type":"BreadcrumbList","@id":"https:\/\/www.tillvaxtbohuslan.se\/bla-op\/om-satsningen\/#breadcrumb","itemListElement":[{"@type":"ListItem","position":1,"name":"Hem","item":"https:\/\/www.tillvaxtbohuslan.se\/bla-op\/"},{"@type":"ListItem","position":2,"name":"Om satsningen"}]},{"@type":"WebSite","@id":"https:\/\/www.tillvaxtbohuslan.se\/bla-op\/#website","url":"https:\/\/www.tillvaxtbohuslan.se\/bla-op\/","name":"Bl\u00e5 \u00d6versiktsplan","description":"","potentialAction":[{"@type":"SearchAction","target":{"@type":"EntryPoint","urlTemplate":"https:\/\/www.tillvaxtbohuslan.se\/bla-op\/?s={search_term_string}"},"query-input":{"@type":"PropertyValueSpecification","valueRequired":true,"valueName":"search_term_string"}}],"inLanguage":"sv-SE"}]}},"jetpack_sharing_enabled":true,"_links":{"self":[{"href":"https:\/\/www.tillvaxtbohuslan.se\/bla-op\/wp-json\/wp\/v2\/pages\/22","targetHints":{"allow":["GET"]}}],"collection":[{"href":"https:\/\/www.tillvaxtbohuslan.se\/bla-op\/wp-json\/wp\/v2\/pages"}],"about":[{"href":"https:\/\/www.tillvaxtbohuslan.se\/bla-op\/wp-json\/wp\/v2\/types\/page"}],"author":[{"embeddable":true,"href":"https:\/\/www.tillvaxtbohuslan.se\/bla-op\/wp-json\/wp\/v2\/users\/1"}],"replies":[{"embeddable":true,"href":"https:\/\/www.tillvaxtbohuslan.se\/bla-op\/wp-json\/wp\/v2\/comments?post=22"}],"version-history":[{"count":16,"href":"https:\/\/www.tillvaxtbohuslan.se\/bla-op\/wp-json\/wp\/v2\/pages\/22\/revisions"}],"predecessor-version":[{"id":736,"href":"https:\/\/www.tillvaxtbohuslan.se\/bla-op\/wp-json\/wp\/v2\/pages\/22\/revisions\/736"}],"wp:attachment":[{"href":"https:\/\/www.tillvaxtbohuslan.se\/bla-op\/wp-json\/wp\/v2\/media?parent=22"}],"curies":[{"name":"wp","href":"https:\/\/api.w.org\/{rel}","templated":true}]}}