{"id":2,"date":"2014-02-19T15:33:41","date_gmt":"2014-02-19T14:33:41","guid":{"rendered":"https:\/\/www.tillvaxtbohuslan.se\/bla-op\/?page_id=2"},"modified":"2019-11-07T14:11:06","modified_gmt":"2019-11-07T13:11:06","slug":"vilket-bohuslan-vill-vi-lamna-over-till-vara-barn","status":"publish","type":"page","link":"https:\/\/www.tillvaxtbohuslan.se\/bla-op\/","title":{"rendered":"Vilket Bohusl\u00e4n vill vi l\u00e4mna \u00f6ver till v\u00e5ra barn?"},"content":{"rendered":"<p><a href=\"https:\/\/arcg.is\/qyuej\"><img loading=\"lazy\" decoding=\"async\" class=\"alignright wp-image-621\" src=\"https:\/\/www.tillvaxtbohuslan.se\/bla-op\/wp-content\/uploads\/sites\/4\/2016\/12\/webbkartan-bild.jpg\" alt=\"\" width=\"226\" height=\"197\" srcset=\"https:\/\/www.tillvaxtbohuslan.se\/bla-op\/wp-content\/uploads\/sites\/4\/2016\/12\/webbkartan-bild.jpg 737w, https:\/\/www.tillvaxtbohuslan.se\/bla-op\/wp-content\/uploads\/sites\/4\/2016\/12\/webbkartan-bild-300x262.jpg 300w, https:\/\/www.tillvaxtbohuslan.se\/bla-op\/wp-content\/uploads\/sites\/4\/2016\/12\/webbkartan-bild-555x484.jpg 555w\" sizes=\"auto, (max-width: 226px) 100vw, 226px\" \/><\/a>Det \u00e4r m\u00e5nga intressen som konkurrerar om havet som resurs. D\u00e4rf\u00f6r beh\u00f6vs ett gemensamt f\u00f6rh\u00e5llningss\u00e4tt som l\u00e5ngsiktigt b\u00e5de skyddar och utvecklar livet p\u00e5, i och vid havet i norra Bohusl\u00e4n. Det \u00e4r anledningen till att kommunerna i norra Bohusl\u00e4n har tagit fram Bl\u00e5 \u00f6versiktsplan och Maritim n\u00e4ringslivsstrategi tillsammans.<br \/>\nAtt beskriva de olika intressenternas f\u00f6rv\u00e4ntningar med konsekvensanalyser baserade p\u00e5 god kunskap om havet \u00e4r en har varit en viktig del i arbetet. Arbetet hakar i nationella och regionala strategier bland annat V\u00e4stra G\u00f6talands strategi f\u00f6r maritima klustret.<\/p>\n<p>Planen \u00e4r nu antagen i samtliga fyra kommuner. Du hittar planbeskrivningen och \u00f6vriga dokument under <a href=\"https:\/\/www.tillvaxtbohuslan.se\/bla-op\/antagandehandling\/\">denna sida<\/a>, webbkartan kan du kika p\u00e5 h\u00e4r: <a href=\"https:\/\/arcg.is\/qyuej\" target=\"_blank\" rel=\"noopener noreferrer\">Bl\u00e5 \u00f6versiktsplan webbkarta<\/a>.<\/p>\n<h3><strong>H\u00e4r kan du se filmen om den Bl\u00e5 \u00d6versiktsplanen:<\/strong><\/h3>\n<p><iframe loading=\"lazy\" title=\"Bl&amp;aring; &amp;Ouml;versiktsplan\" src=\"https:\/\/player.vimeo.com\/video\/264268088?dnt=1&amp;app_id=122963\" width=\"750\" height=\"422\" frameborder=\"0\" allow=\"autoplay; fullscreen\" allowfullscreen><\/iframe><\/p>\n<p><img loading=\"lazy\" decoding=\"async\" class=\"img-responsive alignnone wp-image-505 \" src=\"https:\/\/www.tillvaxtbohuslan.se\/bla-op\/wp-content\/uploads\/sites\/4\/2016\/09\/bild-loggor.png\" alt=\"bild-loggor\" width=\"722\" height=\"205\" srcset=\"https:\/\/www.tillvaxtbohuslan.se\/bla-op\/wp-content\/uploads\/sites\/4\/2016\/09\/bild-loggor.png 1200w, https:\/\/www.tillvaxtbohuslan.se\/bla-op\/wp-content\/uploads\/sites\/4\/2016\/09\/bild-loggor-300x85.png 300w, https:\/\/www.tillvaxtbohuslan.se\/bla-op\/wp-content\/uploads\/sites\/4\/2016\/09\/bild-loggor-768x218.png 768w, https:\/\/www.tillvaxtbohuslan.se\/bla-op\/wp-content\/uploads\/sites\/4\/2016\/09\/bild-loggor-1024x291.png 1024w, https:\/\/www.tillvaxtbohuslan.se\/bla-op\/wp-content\/uploads\/sites\/4\/2016\/09\/bild-loggor-555x158.png 555w\" sizes=\"auto, (max-width: 722px) 100vw, 722px\" \/><\/p>\n","protected":false},"excerpt":{"rendered":"<p>Det \u00e4r m\u00e5nga intressen som konkurrerar om havet som resurs. D\u00e4rf\u00f6r beh\u00f6vs ett gemensamt f\u00f6rh\u00e5llningss\u00e4tt som l\u00e5ngsiktigt b\u00e5de skyddar och utvecklar livet p\u00e5, i och vid havet i norra Bohusl\u00e4n. Det \u00e4r anledningen till att kommunerna i norra Bohusl\u00e4n har &hellip; <a href=\"https:\/\/www.tillvaxtbohuslan.se\/bla-op\/\" title=\"Vilket Bohusl\u00e4n vill vi l\u00e4mna \u00f6ver till v\u00e5ra barn?\">Forts\u00e4tt l\u00e4sa <span class=\"meta-nav\"><i class=\"icon-long-arrow-right\"><\/i><\/span><\/a><\/p>\n","protected":false},"author":1,"featured_media":0,"parent":0,"menu_order":0,"comment_status":"closed","ping_status":"closed","template":"","meta":{"_acf_changed":false,"jetpack_post_was_ever_published":false,"footnotes":""},"class_list":["post-2","page","type-page","status-publish","hentry"],"acf":[],"yoast_head":"<!-- This site is optimized with the Yoast SEO plugin v27.4 - https:\/\/yoast.com\/product\/yoast-seo-wordpress\/ -->\n<title>Vilket Bohusl\u00e4n vill vi l\u00e4mna \u00f6ver till v\u00e5ra barn? - Bl\u00e5 \u00d6versiktsplan<\/title>\n<meta name=\"robots\" content=\"index, follow, max-snippet:-1, max-image-preview:large, max-video-preview:-1\" \/>\n<link rel=\"canonical\" href=\"https:\/\/www.tillvaxtbohuslan.se\/bla-op\/\" \/>\n<meta name=\"twitter:label1\" content=\"Ber\u00e4knad l\u00e4stid\" \/>\n\t<meta name=\"twitter:data1\" content=\"1 minut\" \/>\n<script type=\"application\/ld+json\" class=\"yoast-schema-graph\">{\"@context\":\"https:\\\/\\\/schema.org\",\"@graph\":[{\"@type\":\"WebPage\",\"@id\":\"https:\\\/\\\/www.tillvaxtbohuslan.se\\\/bla-op\\\/\",\"url\":\"https:\\\/\\\/www.tillvaxtbohuslan.se\\\/bla-op\\\/\",\"name\":\"Vilket Bohusl\u00e4n vill vi l\u00e4mna \u00f6ver till v\u00e5ra barn? - Bl\u00e5 \u00d6versiktsplan\",\"isPartOf\":{\"@id\":\"https:\\\/\\\/www.tillvaxtbohuslan.se\\\/bla-op\\\/#website\"},\"primaryImageOfPage\":{\"@id\":\"https:\\\/\\\/www.tillvaxtbohuslan.se\\\/bla-op\\\/#primaryimage\"},\"image\":{\"@id\":\"https:\\\/\\\/www.tillvaxtbohuslan.se\\\/bla-op\\\/#primaryimage\"},\"thumbnailUrl\":\"https:\\\/\\\/www.tillvaxtbohuslan.se\\\/bla-op\\\/wp-content\\\/uploads\\\/sites\\\/4\\\/2016\\\/12\\\/webbkartan-bild.jpg\",\"datePublished\":\"2014-02-19T14:33:41+00:00\",\"dateModified\":\"2019-11-07T13:11:06+00:00\",\"breadcrumb\":{\"@id\":\"https:\\\/\\\/www.tillvaxtbohuslan.se\\\/bla-op\\\/#breadcrumb\"},\"inLanguage\":\"sv-SE\",\"potentialAction\":[{\"@type\":\"ReadAction\",\"target\":[\"https:\\\/\\\/www.tillvaxtbohuslan.se\\\/bla-op\\\/\"]}]},{\"@type\":\"ImageObject\",\"inLanguage\":\"sv-SE\",\"@id\":\"https:\\\/\\\/www.tillvaxtbohuslan.se\\\/bla-op\\\/#primaryimage\",\"url\":\"https:\\\/\\\/www.tillvaxtbohuslan.se\\\/bla-op\\\/wp-content\\\/uploads\\\/sites\\\/4\\\/2016\\\/12\\\/webbkartan-bild.jpg\",\"contentUrl\":\"https:\\\/\\\/www.tillvaxtbohuslan.se\\\/bla-op\\\/wp-content\\\/uploads\\\/sites\\\/4\\\/2016\\\/12\\\/webbkartan-bild.jpg\",\"width\":737,\"height\":643},{\"@type\":\"BreadcrumbList\",\"@id\":\"https:\\\/\\\/www.tillvaxtbohuslan.se\\\/bla-op\\\/#breadcrumb\",\"itemListElement\":[{\"@type\":\"ListItem\",\"position\":1,\"name\":\"Hem\",\"item\":\"https:\\\/\\\/www.tillvaxtbohuslan.se\\\/bla-op\\\/\"},{\"@type\":\"ListItem\",\"position\":2,\"name\":\"Vilket Bohusl\u00e4n vill vi l\u00e4mna \u00f6ver till v\u00e5ra barn?\"}]},{\"@type\":\"WebSite\",\"@id\":\"https:\\\/\\\/www.tillvaxtbohuslan.se\\\/bla-op\\\/#website\",\"url\":\"https:\\\/\\\/www.tillvaxtbohuslan.se\\\/bla-op\\\/\",\"name\":\"Bl\u00e5 \u00d6versiktsplan\",\"description\":\"\",\"potentialAction\":[{\"@type\":\"SearchAction\",\"target\":{\"@type\":\"EntryPoint\",\"urlTemplate\":\"https:\\\/\\\/www.tillvaxtbohuslan.se\\\/bla-op\\\/?s={search_term_string}\"},\"query-input\":{\"@type\":\"PropertyValueSpecification\",\"valueRequired\":true,\"valueName\":\"search_term_string\"}}],\"inLanguage\":\"sv-SE\"}]}<\/script>\n<!-- \/ Yoast SEO plugin. -->","yoast_head_json":{"title":"Vilket Bohusl\u00e4n vill vi l\u00e4mna \u00f6ver till v\u00e5ra barn? - Bl\u00e5 \u00d6versiktsplan","robots":{"index":"index","follow":"follow","max-snippet":"max-snippet:-1","max-image-preview":"max-image-preview:large","max-video-preview":"max-video-preview:-1"},"canonical":"https:\/\/www.tillvaxtbohuslan.se\/bla-op\/","twitter_misc":{"Ber\u00e4knad l\u00e4stid":"1 minut"},"schema":{"@context":"https:\/\/schema.org","@graph":[{"@type":"WebPage","@id":"https:\/\/www.tillvaxtbohuslan.se\/bla-op\/","url":"https:\/\/www.tillvaxtbohuslan.se\/bla-op\/","name":"Vilket Bohusl\u00e4n vill vi l\u00e4mna \u00f6ver till v\u00e5ra barn? - Bl\u00e5 \u00d6versiktsplan","isPartOf":{"@id":"https:\/\/www.tillvaxtbohuslan.se\/bla-op\/#website"},"primaryImageOfPage":{"@id":"https:\/\/www.tillvaxtbohuslan.se\/bla-op\/#primaryimage"},"image":{"@id":"https:\/\/www.tillvaxtbohuslan.se\/bla-op\/#primaryimage"},"thumbnailUrl":"https:\/\/www.tillvaxtbohuslan.se\/bla-op\/wp-content\/uploads\/sites\/4\/2016\/12\/webbkartan-bild.jpg","datePublished":"2014-02-19T14:33:41+00:00","dateModified":"2019-11-07T13:11:06+00:00","breadcrumb":{"@id":"https:\/\/www.tillvaxtbohuslan.se\/bla-op\/#breadcrumb"},"inLanguage":"sv-SE","potentialAction":[{"@type":"ReadAction","target":["https:\/\/www.tillvaxtbohuslan.se\/bla-op\/"]}]},{"@type":"ImageObject","inLanguage":"sv-SE","@id":"https:\/\/www.tillvaxtbohuslan.se\/bla-op\/#primaryimage","url":"https:\/\/www.tillvaxtbohuslan.se\/bla-op\/wp-content\/uploads\/sites\/4\/2016\/12\/webbkartan-bild.jpg","contentUrl":"https:\/\/www.tillvaxtbohuslan.se\/bla-op\/wp-content\/uploads\/sites\/4\/2016\/12\/webbkartan-bild.jpg","width":737,"height":643},{"@type":"BreadcrumbList","@id":"https:\/\/www.tillvaxtbohuslan.se\/bla-op\/#breadcrumb","itemListElement":[{"@type":"ListItem","position":1,"name":"Hem","item":"https:\/\/www.tillvaxtbohuslan.se\/bla-op\/"},{"@type":"ListItem","position":2,"name":"Vilket Bohusl\u00e4n vill vi l\u00e4mna \u00f6ver till v\u00e5ra barn?"}]},{"@type":"WebSite","@id":"https:\/\/www.tillvaxtbohuslan.se\/bla-op\/#website","url":"https:\/\/www.tillvaxtbohuslan.se\/bla-op\/","name":"Bl\u00e5 \u00d6versiktsplan","description":"","potentialAction":[{"@type":"SearchAction","target":{"@type":"EntryPoint","urlTemplate":"https:\/\/www.tillvaxtbohuslan.se\/bla-op\/?s={search_term_string}"},"query-input":{"@type":"PropertyValueSpecification","valueRequired":true,"valueName":"search_term_string"}}],"inLanguage":"sv-SE"}]}},"jetpack_sharing_enabled":true,"_links":{"self":[{"href":"https:\/\/www.tillvaxtbohuslan.se\/bla-op\/wp-json\/wp\/v2\/pages\/2","targetHints":{"allow":["GET"]}}],"collection":[{"href":"https:\/\/www.tillvaxtbohuslan.se\/bla-op\/wp-json\/wp\/v2\/pages"}],"about":[{"href":"https:\/\/www.tillvaxtbohuslan.se\/bla-op\/wp-json\/wp\/v2\/types\/page"}],"author":[{"embeddable":true,"href":"https:\/\/www.tillvaxtbohuslan.se\/bla-op\/wp-json\/wp\/v2\/users\/1"}],"replies":[{"embeddable":true,"href":"https:\/\/www.tillvaxtbohuslan.se\/bla-op\/wp-json\/wp\/v2\/comments?post=2"}],"version-history":[{"count":77,"href":"https:\/\/www.tillvaxtbohuslan.se\/bla-op\/wp-json\/wp\/v2\/pages\/2\/revisions"}],"predecessor-version":[{"id":772,"href":"https:\/\/www.tillvaxtbohuslan.se\/bla-op\/wp-json\/wp\/v2\/pages\/2\/revisions\/772"}],"wp:attachment":[{"href":"https:\/\/www.tillvaxtbohuslan.se\/bla-op\/wp-json\/wp\/v2\/media?parent=2"}],"curies":[{"name":"wp","href":"https:\/\/api.w.org\/{rel}","templated":true}]}}

Vilket Bohuslän vill vi lämna över till våra barn?

<p><a href="https://arcg.is/qyuej"><img loading="lazy" decoding="async" class="alignright wp-image-621" src="https://www.tillvaxtbohuslan.se/bla-op/wp-content/uploads/sites/4/2016/12/webbkartan-bild.jpg" alt="" width="226" height="197" srcset="https://www.tillvaxtbohuslan.se/bla-op/wp-content/uploads/sites/4/2016/12/webbkartan-bild.jpg 737w, https://www.tillvaxtbohuslan.se/bla-op/wp-content/uploads/sites/4/2016/12/webbkartan-bild-300x262.jpg 300w, https://www.tillvaxtbohuslan.se/bla-op/wp-content/uploads/sites/4/2016/12/webbkartan-bild-555x484.jpg 555w" sizes="auto, (max-width: 226px) 100vw, 226px" /></a>Det är många intressen som konkurrerar om havet som resurs. Därför behövs ett gemensamt förhållningssätt som långsiktigt både skyddar och utvecklar livet på, i och vid havet i norra Bohuslän. Det är anledningen till att kommunerna i norra Bohuslän har tagit fram Blå översiktsplan och Maritim näringslivsstrategi tillsammans.<br />
Att beskriva de olika intressenternas förväntningar med konsekvensanalyser baserade på god kunskap om havet är en har varit en viktig del i arbetet. Arbetet hakar i nationella och regionala strategier bland annat Västra Götalands strategi för maritima klustret.</p>
<p>Planen är nu antagen i samtliga fyra kommuner. Du hittar planbeskrivningen och övriga dokument under <a href="https://www.tillvaxtbohuslan.se/bla-op/antagandehandling/">denna sida</a>, webbkartan kan du kika på här: <a href="https://arcg.is/qyuej" target="_blank" rel="noopener noreferrer">Blå översiktsplan webbkarta</a>.</p>
<h3><strong>Här kan du se filmen om den Blå Översiktsplanen:</strong></h3>
<p><iframe loading="lazy" title="Bl&amp;aring; &amp;Ouml;versiktsplan" src="https://player.vimeo.com/video/264268088?dnt=1&amp;app_id=122963" width="750" height="422" frameborder="0" allow="autoplay; fullscreen" allowfullscreen></iframe></p>
<p><img loading="lazy" decoding="async" class="img-responsive alignnone wp-image-505 " src="https://www.tillvaxtbohuslan.se/bla-op/wp-content/uploads/sites/4/2016/09/bild-loggor.png" alt="bild-loggor" width="722" height="205" srcset="https://www.tillvaxtbohuslan.se/bla-op/wp-content/uploads/sites/4/2016/09/bild-loggor.png 1200w, https://www.tillvaxtbohuslan.se/bla-op/wp-content/uploads/sites/4/2016/09/bild-loggor-300x85.png 300w, https://www.tillvaxtbohuslan.se/bla-op/wp-content/uploads/sites/4/2016/09/bild-loggor-768x218.png 768w, https://www.tillvaxtbohuslan.se/bla-op/wp-content/uploads/sites/4/2016/09/bild-loggor-1024x291.png 1024w, https://www.tillvaxtbohuslan.se/bla-op/wp-content/uploads/sites/4/2016/09/bild-loggor-555x158.png 555w" sizes="auto, (max-width: 722px) 100vw, 722px" /></p>

<p>Det är många intressen som konkurrerar om havet som resurs. Därför behövs ett gemensamt förhållningssätt som långsiktigt både skyddar och utvecklar livet på, i och vid havet i norra Bohuslän. Det är anledningen till att kommunerna i norra Bohuslän har &hellip; <a href="https://www.tillvaxtbohuslan.se/bla-op/" title="Vilket Bohuslän vill vi lämna över till våra barn?">Fortsätt läsa <span class="meta-nav"><i class="icon-long-arrow-right"></i></span></a></p>

<!-- This site is optimized with the Yoast SEO plugin v27.4 - https://yoast.com/product/yoast-seo-wordpress/ -->
<title>Vilket Bohuslän vill vi lämna över till våra barn? - Blå Översiktsplan</title>
<meta name="robots" content="index, follow, max-snippet:-1, max-image-preview:large, max-video-preview:-1" />
<link rel="canonical" href="https://www.tillvaxtbohuslan.se/bla-op/" />
<meta name="twitter:label1" content="Beräknad lästid" />
	<meta name="twitter:data1" content="1 minut" />
<script type="application/ld+json" class="yoast-schema-graph">{"@context":"https:\/\/schema.org","@graph":[{"@type":"WebPage","@id":"https:\/\/www.tillvaxtbohuslan.se\/bla-op\/","url":"https:\/\/www.tillvaxtbohuslan.se\/bla-op\/","name":"Vilket Bohuslän vill vi lämna över till våra barn? - Blå Översiktsplan","isPartOf":{"@id":"https:\/\/www.tillvaxtbohuslan.se\/bla-op\/#website"},"primaryImageOfPage":{"@id":"https:\/\/www.tillvaxtbohuslan.se\/bla-op\/#primaryimage"},"image":{"@id":"https:\/\/www.tillvaxtbohuslan.se\/bla-op\/#primaryimage"},"thumbnailUrl":"https:\/\/www.tillvaxtbohuslan.se\/bla-op\/wp-content\/uploads\/sites\/4\/2016\/12\/webbkartan-bild.jpg","datePublished":"2014-02-19T14:33:41+00:00","dateModified":"2019-11-07T13:11:06+00:00","breadcrumb":{"@id":"https:\/\/www.tillvaxtbohuslan.se\/bla-op\/#breadcrumb"},"inLanguage":"sv-SE","potentialAction":[{"@type":"ReadAction","target":["https:\/\/www.tillvaxtbohuslan.se\/bla-op\/"]}]},{"@type":"ImageObject","inLanguage":"sv-SE","@id":"https:\/\/www.tillvaxtbohuslan.se\/bla-op\/#primaryimage","url":"https:\/\/www.tillvaxtbohuslan.se\/bla-op\/wp-content\/uploads\/sites\/4\/2016\/12\/webbkartan-bild.jpg","contentUrl":"https:\/\/www.tillvaxtbohuslan.se\/bla-op\/wp-content\/uploads\/sites\/4\/2016\/12\/webbkartan-bild.jpg","width":737,"height":643},{"@type":"BreadcrumbList","@id":"https:\/\/www.tillvaxtbohuslan.se\/bla-op\/#breadcrumb","itemListElement":[{"@type":"ListItem","position":1,"name":"Hem","item":"https:\/\/www.tillvaxtbohuslan.se\/bla-op\/"},{"@type":"ListItem","position":2,"name":"Vilket Bohuslän vill vi lämna över till våra barn?"}]},{"@type":"WebSite","@id":"https:\/\/www.tillvaxtbohuslan.se\/bla-op\/#website","url":"https:\/\/www.tillvaxtbohuslan.se\/bla-op\/","name":"Blå Översiktsplan","description":"","potentialAction":[{"@type":"SearchAction","target":{"@type":"EntryPoint","urlTemplate":"https:\/\/www.tillvaxtbohuslan.se\/bla-op\/?s={search_term_string}"},"query-input":{"@type":"PropertyValueSpecification","valueRequired":true,"valueName":"search_term_string"}}],"inLanguage":"sv-SE"}]}</script>
<!-- / Yoast SEO plugin. -->

Vilket Bohuslän vill vi lämna över till våra barn? - Blå Översiktsplan

Blå Översiktsplan
