{"id":25,"date":"2014-02-19T16:38:39","date_gmt":"2014-02-19T15:38:39","guid":{"rendered":"https:\/\/www.tillvaxtbohuslan.se\/attraktiv-kust\/?page_id=25"},"modified":"2014-09-09T15:49:16","modified_gmt":"2014-09-09T13:49:16","slug":"lankar","status":"publish","type":"page","link":"https:\/\/www.tillvaxtbohuslan.se\/attraktiv-kust\/lankar\/","title":{"rendered":"L\u00e4nkar"},"content":{"rendered":"<div>\n<p><a title=\" (l\u00e4nk till annan webbplats)\" href=\"http:\/\/www.boverket.se\/\">Boverket<br \/>\n<\/a><a title=\"H\u00e5ll Norge rent\" href=\"http:\/\/holdnorgerent.no\/\" target=\"_blank\">H\u00e5ll Norge rent<br \/>\n<\/a><a title=\" (l\u00e4nk till annan webbplats)\" href=\"http:\/\/www.hsr.se\/sa\/node.asp?node=1\">H\u00e5ll Sverige rent<br \/>\n<\/a><a title=\"KIMO Sweden\" href=\"http:\/\/www.kimointernational.org\/Sweden.aspx\" target=\"_blank\">Kimo Sweden<br \/>\n<\/a><a title=\" (l\u00e4nk till annan webbplats, \u00f6ppnas i nytt f\u00f6nster)\" href=\"http:\/\/www.lansstyrelsen.se\/vastragotaland\/\" target=\"_blank\" rel=\"external\">L\u00e4nsstyrelsen<br \/>\nV\u00e4stra G\u00f6taland<br \/>\n<\/a><a title=\" (l\u00e4nk till annan webbplats)\" href=\"http:\/\/www.naturvardsverket.se\/\">Naturv\u00e5rdsverket<br \/>\n<\/a><a title=\"Swedish Maritime Day\" href=\"http:\/\/swedishmaritimeday.se\/\" target=\"_blank\">Marina direktivet<br \/>\nSwedish Maritime Day<br \/>\n<\/a><a title=\"OSPAR COMMISSION\" href=\"http:\/\/www.ospar.org\/\" target=\"_blank\">Ospar.org<br \/>\n<\/a><a title=\" (l\u00e4nk till annan webbplats)\" href=\"http:\/\/www.idrottisamverkan.se\/Stada_Sverige\/content\/\">St\u00e4da Sverige AB<br \/>\n<\/a><a title=\" (l\u00e4nk till annan webbplats)\" href=\"http:\/\/www.tillvaxtverket.se\/\">Tillv\u00e4xtverket<br \/>\n<\/a><a title=\" (l\u00e4nk till annan webbplats)\" href=\"http:\/\/www.vastkustensvanner.se\/\">V\u00e4stkustens v\u00e4nner<br \/>\n<\/a><a title=\" (l\u00e4nk till annan webbplats)\" href=\"http:\/\/www.vastkuststiftelsen.se\/\">V\u00e4stkuststiftelsen<br \/>\n<\/a><a title=\" (l\u00e4nk till annan webbplats)\" href=\"http:\/\/www.vgregion.se\/sv\/Vastra-Gotalandsregionen\/startsida\/Regionutveckling\/\">V\u00e4stra G\u00f6talandsregionen<br \/>\n<\/a><a title=\" (l\u00e4nk till annan webbplats)\" href=\"http:\/\/www.vastsverige.com\/\">V\u00e4stsvenska Turistr\u00e5det<br \/>\n<\/a><a title=\" (l\u00e4nk till annan webbplats)\" href=\"http:\/\/www.westsweden.se\/\">West Sweden<\/a><\/p>\n<h2>Fler rapporter<\/h2>\n<p><a href=\"http:\/\/www.havet.nu\/  \" target=\"_blank\">Fler rapporter <\/a><\/p>\n<p>&nbsp;<\/p>\n<h2 id=\"h-Kommuner\">Kommuner<\/h2>\n<p><a title=\" (l\u00e4nk till annan webbplats)\" href=\"http:\/\/www.lysekil.se\/\">Lysekils Kommun<\/a><br \/>\n<a title=\" (l\u00e4nk till annan webbplats)\" href=\"http:\/\/www.munkedal.se\/\">Munkedals Kommun<\/a><br \/>\n<a title=\" (l\u00e4nk till annan webbplats)\" href=\"http:\/\/www.sotenas.se\/\">Soten\u00e4s Kommun<\/a><br \/>\n<a title=\" (l\u00e4nk till annan webbplats)\" href=\"http:\/\/www.stromstad.se\/\">Str\u00f6mstads Kommun<\/a><br \/>\n<a title=\" (l\u00e4nk till annan webbplats)\" href=\"http:\/\/www.tanum.se\/\">Tanums Kommun<\/a><\/p>\n<\/div>\n<p><!-- Page content stops here --><\/p>\n<div id=\"svid10_240dcc081394443568f21cd\">\n<p><!-- Page content starts here --><\/p>\n<div id=\"svid94_1c91d39013a541f47521b9a\">\n<div id=\"Hogerspalt\"><!-- H\u00f6gerspalt --><\/div>\n<\/div>\n<p><!-- Page content stops here --><\/p>\n<\/div>\n","protected":false},"excerpt":{"rendered":"<p>Boverket H\u00e5ll Norge rent H\u00e5ll Sverige rent Kimo Sweden L\u00e4nsstyrelsen V\u00e4stra G\u00f6taland Naturv\u00e5rdsverket Marina direktivet Swedish Maritime Day Ospar.org St\u00e4da Sverige AB Tillv\u00e4xtverket V\u00e4stkustens v\u00e4nner V\u00e4stkuststiftelsen V\u00e4stra G\u00f6talandsregionen V\u00e4stsvenska Turistr\u00e5det West Sweden Fler rapporter Fler rapporter &nbsp; Kommuner Lysekils Kommun &hellip; <a href=\"https:\/\/www.tillvaxtbohuslan.se\/attraktiv-kust\/lankar\/\" title=\"L\u00e4nkar\">Forts\u00e4tt l\u00e4sa <span class=\"meta-nav\"><i class=\"icon-long-arrow-right\"><\/i><\/span><\/a><\/p>\n","protected":false},"author":1,"featured_media":0,"parent":0,"menu_order":0,"comment_status":"closed","ping_status":"open","template":"","meta":{"_acf_changed":false,"footnotes":""},"class_list":["post-25","page","type-page","status-publish","hentry"],"acf":[],"yoast_head":"<!-- This site is optimized with the Yoast SEO plugin v27.4 - https:\/\/yoast.com\/product\/yoast-seo-wordpress\/ -->\n<title>L\u00e4nkar - Attraktiv kust<\/title>\n<meta name=\"robots\" content=\"index, follow, max-snippet:-1, max-image-preview:large, max-video-preview:-1\" \/>\n<link rel=\"canonical\" href=\"https:\/\/www.tillvaxtbohuslan.se\/attraktiv-kust\/lankar\/\" \/>\n<script type=\"application\/ld+json\" class=\"yoast-schema-graph\">{\"@context\":\"https:\\\/\\\/schema.org\",\"@graph\":[{\"@type\":\"WebPage\",\"@id\":\"https:\\\/\\\/www.tillvaxtbohuslan.se\\\/attraktiv-kust\\\/lankar\\\/\",\"url\":\"https:\\\/\\\/www.tillvaxtbohuslan.se\\\/attraktiv-kust\\\/lankar\\\/\",\"name\":\"L\u00e4nkar - Attraktiv kust\",\"isPartOf\":{\"@id\":\"https:\\\/\\\/www.tillvaxtbohuslan.se\\\/attraktiv-kust\\\/#website\"},\"datePublished\":\"2014-02-19T15:38:39+00:00\",\"dateModified\":\"2014-09-09T13:49:16+00:00\",\"breadcrumb\":{\"@id\":\"https:\\\/\\\/www.tillvaxtbohuslan.se\\\/attraktiv-kust\\\/lankar\\\/#breadcrumb\"},\"inLanguage\":\"sv-SE\",\"potentialAction\":[{\"@type\":\"ReadAction\",\"target\":[\"https:\\\/\\\/www.tillvaxtbohuslan.se\\\/attraktiv-kust\\\/lankar\\\/\"]}]},{\"@type\":\"BreadcrumbList\",\"@id\":\"https:\\\/\\\/www.tillvaxtbohuslan.se\\\/attraktiv-kust\\\/lankar\\\/#breadcrumb\",\"itemListElement\":[{\"@type\":\"ListItem\",\"position\":1,\"name\":\"Hem\",\"item\":\"https:\\\/\\\/www.tillvaxtbohuslan.se\\\/attraktiv-kust\\\/\"},{\"@type\":\"ListItem\",\"position\":2,\"name\":\"L\u00e4nkar\"}]},{\"@type\":\"WebSite\",\"@id\":\"https:\\\/\\\/www.tillvaxtbohuslan.se\\\/attraktiv-kust\\\/#website\",\"url\":\"https:\\\/\\\/www.tillvaxtbohuslan.se\\\/attraktiv-kust\\\/\",\"name\":\"Attraktiv kust\",\"description\":\"\",\"potentialAction\":[{\"@type\":\"SearchAction\",\"target\":{\"@type\":\"EntryPoint\",\"urlTemplate\":\"https:\\\/\\\/www.tillvaxtbohuslan.se\\\/attraktiv-kust\\\/?s={search_term_string}\"},\"query-input\":{\"@type\":\"PropertyValueSpecification\",\"valueRequired\":true,\"valueName\":\"search_term_string\"}}],\"inLanguage\":\"sv-SE\"}]}<\/script>\n<!-- \/ Yoast SEO plugin. -->","yoast_head_json":{"title":"L\u00e4nkar - Attraktiv kust","robots":{"index":"index","follow":"follow","max-snippet":"max-snippet:-1","max-image-preview":"max-image-preview:large","max-video-preview":"max-video-preview:-1"},"canonical":"https:\/\/www.tillvaxtbohuslan.se\/attraktiv-kust\/lankar\/","schema":{"@context":"https:\/\/schema.org","@graph":[{"@type":"WebPage","@id":"https:\/\/www.tillvaxtbohuslan.se\/attraktiv-kust\/lankar\/","url":"https:\/\/www.tillvaxtbohuslan.se\/attraktiv-kust\/lankar\/","name":"L\u00e4nkar - Attraktiv kust","isPartOf":{"@id":"https:\/\/www.tillvaxtbohuslan.se\/attraktiv-kust\/#website"},"datePublished":"2014-02-19T15:38:39+00:00","dateModified":"2014-09-09T13:49:16+00:00","breadcrumb":{"@id":"https:\/\/www.tillvaxtbohuslan.se\/attraktiv-kust\/lankar\/#breadcrumb"},"inLanguage":"sv-SE","potentialAction":[{"@type":"ReadAction","target":["https:\/\/www.tillvaxtbohuslan.se\/attraktiv-kust\/lankar\/"]}]},{"@type":"BreadcrumbList","@id":"https:\/\/www.tillvaxtbohuslan.se\/attraktiv-kust\/lankar\/#breadcrumb","itemListElement":[{"@type":"ListItem","position":1,"name":"Hem","item":"https:\/\/www.tillvaxtbohuslan.se\/attraktiv-kust\/"},{"@type":"ListItem","position":2,"name":"L\u00e4nkar"}]},{"@type":"WebSite","@id":"https:\/\/www.tillvaxtbohuslan.se\/attraktiv-kust\/#website","url":"https:\/\/www.tillvaxtbohuslan.se\/attraktiv-kust\/","name":"Attraktiv kust","description":"","potentialAction":[{"@type":"SearchAction","target":{"@type":"EntryPoint","urlTemplate":"https:\/\/www.tillvaxtbohuslan.se\/attraktiv-kust\/?s={search_term_string}"},"query-input":{"@type":"PropertyValueSpecification","valueRequired":true,"valueName":"search_term_string"}}],"inLanguage":"sv-SE"}]}},"_links":{"self":[{"href":"https:\/\/www.tillvaxtbohuslan.se\/attraktiv-kust\/wp-json\/wp\/v2\/pages\/25","targetHints":{"allow":["GET"]}}],"collection":[{"href":"https:\/\/www.tillvaxtbohuslan.se\/attraktiv-kust\/wp-json\/wp\/v2\/pages"}],"about":[{"href":"https:\/\/www.tillvaxtbohuslan.se\/attraktiv-kust\/wp-json\/wp\/v2\/types\/page"}],"author":[{"embeddable":true,"href":"https:\/\/www.tillvaxtbohuslan.se\/attraktiv-kust\/wp-json\/wp\/v2\/users\/1"}],"replies":[{"embeddable":true,"href":"https:\/\/www.tillvaxtbohuslan.se\/attraktiv-kust\/wp-json\/wp\/v2\/comments?post=25"}],"version-history":[{"count":9,"href":"https:\/\/www.tillvaxtbohuslan.se\/attraktiv-kust\/wp-json\/wp\/v2\/pages\/25\/revisions"}],"predecessor-version":[{"id":200,"href":"https:\/\/www.tillvaxtbohuslan.se\/attraktiv-kust\/wp-json\/wp\/v2\/pages\/25\/revisions\/200"}],"wp:attachment":[{"href":"https:\/\/www.tillvaxtbohuslan.se\/attraktiv-kust\/wp-json\/wp\/v2\/media?parent=25"}],"curies":[{"name":"wp","href":"https:\/\/api.w.org\/{rel}","templated":true}]}}